									
{"id":222,"date":"2023-07-04T11:04:45","date_gmt":"2023-07-04T11:04:45","guid":{"rendered":"https:\/\/nuevaweb.elcineenelcine.com\/?page_id=222"},"modified":"2025-07-10T08:56:21","modified_gmt":"2025-07-10T08:56:21","slug":"terminos-y-condiciones","status":"publish","type":"page","link":"https:\/\/cineslys.com\/val\/terminos-y-condiciones\/","title":{"rendered":"T\u00e9rminos y condiciones"},"content":{"rendered":"<div data-elementor-type=\"wp-page\" data-elementor-id=\"222\" class=\"elementor elementor-222\" data-elementor-post-type=\"page\">\n\t\t\t\t\t\t<section class=\"elementor-section elementor-top-section elementor-element elementor-element-a40e2e7 elementor-section-boxed elementor-section-height-default elementor-section-height-default\" data-id=\"a40e2e7\" data-element_type=\"section\">\n\t\t\t\t\t\t<div class=\"elementor-container elementor-column-gap-default\">\n\t\t\t\t\t<div class=\"elementor-column elementor-col-100 elementor-top-column elementor-element elementor-element-f194be5\" data-id=\"f194be5\" data-element_type=\"column\">\n\t\t\t<div class=\"elementor-widget-wrap elementor-element-populated\">\n\t\t\t\t\t\t<div class=\"elementor-element elementor-element-9f48d60 elementor-widget elementor-widget-text-editor\" data-id=\"9f48d60\" data-element_type=\"widget\" data-widget_type=\"text-editor.default\">\n\t\t\t\t<div class=\"elementor-widget-container\">\n\t\t\t\t\t\t\t\t\t<p>T\u00c9RMINOS Y CONDICIONES VENTA CINESLYS.COM Y APPS<\/p>\t\t\t\t\t\t\t\t<\/div>\n\t\t\t\t<\/div>\n\t\t\t\t<div class=\"elementor-element elementor-element-85d6ab4 elementor-widget elementor-widget-text-editor\" data-id=\"85d6ab4\" data-element_type=\"widget\" data-widget_type=\"text-editor.default\">\n\t\t\t\t<div class=\"elementor-widget-container\">\n\t\t\t\t\t\t\t\t\tI. Informaci\u00f3n en cumplimiento de lo establecido en la ley 34\/2002, de 11 de julio, de servicios de la sociedad de la informaci\u00f3n y de comercio electr\u00f3nico\t\t\t\t\t\t\t\t<\/div>\n\t\t\t\t<\/div>\n\t\t\t\t\t<\/div>\n\t\t<\/div>\n\t\t\t\t\t<\/div>\n\t\t<\/section>\n\t\t\t\t<section class=\"elementor-section elementor-top-section elementor-element elementor-element-1030ef3 elementor-section-boxed elementor-section-height-default elementor-section-height-default\" data-id=\"1030ef3\" data-element_type=\"section\">\n\t\t\t\t\t\t<div class=\"elementor-container elementor-column-gap-default\">\n\t\t\t\t\t<div class=\"elementor-column elementor-col-100 elementor-top-column elementor-element elementor-element-7f6df98\" data-id=\"7f6df98\" data-element_type=\"column\">\n\t\t\t<div class=\"elementor-widget-wrap elementor-element-populated\">\n\t\t\t\t\t\t<div class=\"elementor-element elementor-element-92ab950 elementor-widget elementor-widget-text-editor\" data-id=\"92ab950\" data-element_type=\"widget\" data-widget_type=\"text-editor.default\">\n\t\t\t\t<div class=\"elementor-widget-container\">\n\t\t\t\t\t\t\t\t\t<p><span style=\"color: var( --e-global-color-text ); font-family: var( --e-global-typography-text-font-family ), Sans-serif; font-weight: var( --e-global-typography-text-font-weight ); font-size: var(--global--font-size-base);\">En cumplimiento de lo establecido en el art\u00edculo 10 de la Ley 34\/2002, de 11 de julio, de Servicios de la Sociedad de la Informaci\u00f3n y de Comercio Electr\u00f3nico (en adelante, LSSI-CE), se informa de modo expreso, preciso e inequ\u00edvoco, tanto a los destinatarios del servicio como a los \u00f3rganos competentes, de los siguientes aspectos relativos al prestador de servicios de la sociedad de la informaci\u00f3n:&nbsp;<\/span><\/p>\n<p>Denominaci\u00f3n social: Lys Cines S.L.U. (en adelante <b>Empresa Exhibidora<\/b>)<br>CIF: B-97401632<br>Direcci\u00f3n f\u00edsica: Paseo Ruzafa 3, 46002. Valencia.<br>Mail: infolys@lyscines.com<\/p>\n<p>Datos de inscripci\u00f3n en el registro Mercantil de Valencia T7681, L4980, F142, S8, H V 94223, I\/A 1 (4.02.04)<\/p>\n<h2>II. Propiedad intelectual e industrial<\/h2>\n<p>ReservaEntradas es propiedad de ICENTER TORRENT, S.L, (en adelante ReservaEntradas) con CIF B96788393 y domicilio en C\/ de la Cruz Roja, 1, Bloque 1, 1\u00ba, 12. C.P. 46014 Valencia (Valencia). M\u00e1s info: http:\/\/www.icentersl.es\/<\/p>\n<p>ReservaEntradas es un software de venta de entradas especializado en cines, teatros y salas multiusos. www.reservaentradas.com (en adelante Sitio Web) es propiedad de ICENTER TORRENT, S.L, y un portal que engloba todos los recintos que usan nuestro software para facilitar al cliente final (en adelante El Usuario), acceder a la web de compra de entradas en el recinto que desee.<\/p>\n<p>Los textos, im\u00e1genes, logos, signos distintivos, sonidos, animaciones, videos, c\u00f3digo fuente y resto de contenidos incluidos en este sitio Web son propiedad de ICENTER TORRENT SL, o este dispone en su caso del derecho de uso y explotaci\u00f3n de los mismos, y en tal sentido se erigen como obras protegidas por la legislaci\u00f3n de propiedad intelectual e industrial vigentes.<\/p>\n<p>Cualquier transmisi\u00f3n, distribuci\u00f3n, reproducci\u00f3n o almacenamiento, total o parcial, realizados con \u00e1nimo de lucro o fines comerciales, de los contenidos almacenados en este sitio Web, queda expresamente prohibido, salvo previo y expreso consentimiento del titular de los derechos.<\/p>\n<p>Cuando se adquieren entradas el cobro se realiza directamente desde el recinto para el que se han adquirido las entradas. Por tanto, el vendedor siempre es la empresa exhibidora.<\/p>\n<p>Sus datos ser\u00e1n tratados por la Empresa Exhibidora. ICENTER TORRENT SL, (ReservaEntradas ) no trata sus datos.<\/p>\n<p>A los efectos de preservar los posibles derechos de propiedad intelectual o industrial, en el caso de que cualquier usuario o un tercero considere que se ha producido una violaci\u00f3n de sus derechos leg\u00edtimos por introducci\u00f3n de un determinado contenido en el sitio Web, deber\u00e1 notificar dicha circunstancia a ICENTER TORRENT SL, mediante correo electr\u00f3nico a la direcci\u00f3n comercial@icentersl.es, indicando:<\/p>\n<ul>\n<li>Datos personales del interesado titular de los derechos presuntamente infringidos. Si la reclamaci\u00f3n la presenta un tercero distinto del interesado, deber\u00e1 indicar la representaci\u00f3n con la que act\u00faa.<\/li>\n<li>Indicaci\u00f3n de los contenidos protegidos por los derechos de propiedad intelectual o industrial, y su ubicaci\u00f3n en el sitio Web.<\/li>\n<li>Acreditaci\u00f3n de los citados derechos de propiedad intelectual o industrial.<\/li>\n<li>Declaraci\u00f3n expresa en la que el interesado se responsabiliza de la veracidad de las informaciones facilitadas en la notificaci\u00f3n.<\/li>\n<\/ul>\n<p>El acceso a este sitio Web no otorga al usuario ning\u00fan derecho, ni titularidad sobre los derechos de propiedad intelectual e industrial de los elementos corporativos.<\/p>\n<h2>III. T\u00e9rminos y Condiciones de Venta<\/h2>\n<ul>\n<li>1. Disposiciones generalesLos siguientes t\u00e9rminos y condiciones de venta (\u201cT\u00e9rminos y Condiciones de Venta\u201d) son de aplicaci\u00f3n a la oferta y venta de productos a trav\u00e9s del sitio web www.reservaentradas.com (en adelante Sitio Web).Para poder comprar productos en el Sitio Web los clientes deben: (a) tener al menos 18 a\u00f1os o, si son menores de edad, estar debidamente autorizados por su tutor legal, (b) ser consumidores, entendiendo como tales personas f\u00edsicas que act\u00faan con fines ajenos a su industria, oficio, negocio y profesi\u00f3n y (c) tener una tarjeta de cr\u00e9dito\/d\u00e9bito en vigor.<\/li>\n<li>2. ProductosAdoptaremos cuantas precauciones sean razonables para asegurar que todos los detalles, descripciones e im\u00e1genes de productos que aparecen en el Sitio Web sean correctos en el momento de introducirse la informaci\u00f3n pertinente en el sistema; no obstante, en la medida en que lo permita la legislaci\u00f3n aplicable, no garantizamos que dichos detalles, descripciones e im\u00e1genes de productos sean exactos, completos, fiables, actualizados o libres de errores.La Empresa Exhibidora se reserva el derecho de modificar el programa del evento.\n<p>Es condici\u00f3n de admisi\u00f3n conservar la entrada completa y en buen estado.<\/p>\n<p>La Empresa Exhibidora se reserva el derecho de admisi\u00f3n y podr\u00e1 registrar al p\u00fablico en la entrada.<\/p>\n<p>No se permite la entrada de ning\u00fan objeto que la Empresa Exhibidora considere peligroso.<\/p>\n<p>La Empresa Exhibidora se reserva todos los derechos de imagen y de propiedad intelectual del espect\u00e1culo. Se proh\u00edbe grabar o utilizar flash en el acto.<\/p>\n<p>En las sesiones numeradas, los planos indican \u00fanicamente la ubicaci\u00f3n de las butacas respecto a la pantalla, pero en ning\u00fan caso refleja la geometr\u00eda real de la sala ni contempla ninguno de sus elementos, incluyendo paredes, columnas, escaleras, pasillos laterales ni ning\u00fan otro.<\/p>\n<\/li>\n<li>3. PreciosTodos los precios indicados para los productos que est\u00e1n disponibles a trav\u00e9s del Sitio Web incluyen el IVA a los tipos vigentes y est\u00e1n denominados en euros (\u20ac).<\/li>\n<li>4. Dudas o problemas en el proceso de compraSi tienes alguna duda o problema durante el proceso de compra, contacta directamente con el recinto por medio de nuestro canal web, Facebook o mandando un mail a infolys@lyscines.com.<\/li>\n<li>5. Opciones de PagoEl cliente puede pagar los productos mediante tarjeta de cr\u00e9dito y d\u00e9bito a trav\u00e9s de la pasarela de pago. Se aceptan a tal efecto las siguientes tarjetas de cr\u00e9dito: Visa, Mastercard y Maestro<\/li>\n<li>Recogida de entradasLas entradas online tendr\u00e1n un c\u00f3digo QR que ser\u00e1 enviado al cliente, siempre y cuando pongan el correo durante el proceso de venta, o en el caso de la app se almacenar\u00e1n tambi\u00e9n en el apartado \u00abMis Entradas\u00bb.<\/li>\n<li>7. DevolucionesUna vez adquirida la entrada, no se cambiar\u00e1 ni se devolver\u00e1 su importe, salvo por causas previstas en la legislaci\u00f3n vigente. Para cualquier consulta env\u00eda un mail a infolys@lyscines.comNo poder asistir al espect\u00e1culo o cometer un error al adquirir las entradas no son motivos que permitan su devoluci\u00f3n. S\u00f3lo podr\u00e1n anularse entradas por posibles incidencias t\u00e9cnicas u operativas, imputables a la Empresa Exhibidora.<\/li>\n<\/ul>\n<h2>IV. Condiciones de Compra:<\/h2>\n<h3>Entradas:<\/h3>\n<ul>\n<li>Una vez adquirida la entrada por parte del Usuario, no se cambiar\u00e1 ni se devolver\u00e1 su importe, salvo por causas previstas en la legislaci\u00f3n vigente.<\/li>\n<li>ReservaEntradas, no se hace responsable de posibles diferencias de precios con otros medios o canales de venta.<\/li>\n<li>ReservaEntradas y la Empresa Exhibidora declinan toda responsabilidad respecto de las entradas adquiridas en puntos de venta no oficiales.<\/li>\n<li>La entrada deber\u00e1 conservarse en lugar seco, alejado del calor, sin contacto alguno con pl\u00e1sticos ni campos magn\u00e9ticos.<\/li>\n<\/ul>\n<h3>Espect\u00e1culos:<\/h3>\n<ul>\n<li>La Empresa Exhibidora se reserva el derecho de modificar el programa del acto.<\/li>\n<li>Es condici\u00f3n de admisi\u00f3n conservar la entrada completa y en buen estado.<br>La Empresa Exhibidora se reserva el derecho de admisi\u00f3n y podr\u00e1 registrar al p\u00fablico en la entrada.<\/li>\n<li>No se permite la entrada de ning\u00fan objeto que la Empresa Exhibidora considere peligroso.<\/li>\n<li>La Empresa Exhibidora se reserva todos los derechos de imagen y de propiedad intelectual del espect\u00e1culo. Se proh\u00edbe grabar o utilizar flash en el acto.<\/li>\n<\/ul>\n<h3>Reclamaciones:<\/h3>\n<ul>\n<li>Toda reclamaci\u00f3n sobre la realizaci\u00f3n, suspensi\u00f3n, modificaci\u00f3n o anulaci\u00f3n del espect\u00e1culo debe dirigirse a la Empresa Exhibidora, con la presentaci\u00f3n de la entrada.<\/li>\n<li>ReservaEntradas pone a disposici\u00f3n de la Empresa Exhibidora los canales de venta de entradas. La entidad financiera y ReservaEntradas declinan toda responsabilidad y obligaciones que competen a la Empresa Exhibidora.<\/li>\n<li>En caso de anulaci\u00f3n del acto, la Empresa Exhibidora devolver\u00e1 el importe de la entrada.<\/li>\n<li>No poder asistir al espect\u00e1culo o cometer un error al adquirir las entradas no son motivos que permitan su devoluci\u00f3n. S\u00f3lo podr\u00e1n anularse entradas por posibles incidencias t\u00e9cnicas u operativas, imputables a la Empresa Exhibidora.<\/li>\n<\/ul>\n<h3>Informaci\u00f3n legal:<\/h3>\n<p>Los datos inherentes a la operaci\u00f3n de compraventa ser\u00e1n conservados por un periodo de tres meses desde la fecha de celebraci\u00f3n del evento, con el objeto de poder atender posibles incidencias, reclamaciones o aclaraciones respeto del mismo. Transcurridos estos tres meses, los datos ser\u00e1n destruidos.<\/p>\n<p>La Empresa Exhibidora declina toda responsabilidad respecto de las entradas adquiridas en puntos de venta no oficiales.<\/p>\n<p>El Usuario reconoce y acepta que el acceso y uso del Sitio web www.reservaentradas.com y de los contenidos incluidos en el mismo tiene lugar de forma libre y conscientemente, bajo su exclusiva responsabilidad. El Usuario se compromete a hacer un uso adecuado no lesivo y l\u00edcito del Sitio Web y de los contenidos, de conformidad con la legislaci\u00f3n aplicable, las buenas costumbres generalmente aceptadas y el orden p\u00fablico.<\/p>\n<p>Mediante la marcaci\u00f3n de la casilla correspondiente y ubicada en los procedimientos de compra, El Usuario acepta expresamente las presentes Condiciones de Compra, Venta y Uso, aqu\u00ed expuestas.<\/p>\n<h2>V. Condiciones Generales de Uso:<\/h2>\n<h3>1. Usuarios<\/h3>\n<p>El acceso al Sitio Web, atribuye a quien lo realiza, la condici\u00f3n de usuario, aceptando, desde ese mismo momento, plenamente y sin reserva alguna, las presentes Condiciones Generales.<\/p>\n<h3>2. Uso del Sitio Web<\/h3>\n<p>El usuario se compromete a utilizar el sitio Web y sus servicios y contenidos sin contravenir la legislaci\u00f3n vigente, la buena fe, los usos generalmente aceptados y el orden p\u00fablico. As\u00ed mismo queda prohibido el uso del sitio Web con fines il\u00edcitos o lesivos contra ReservaEntradas o terceros, o que pudieran causar perjuicio o impedir el normal funcionamiento del sitio WEB.<\/p>\n<h3>3. Responsabilidad del Usuario<\/h3>\n<p>El uso de www.reservaentradas.com se realiza bajo la \u00fanica y exclusiva responsabilidad del Usuario. Dicha responsabilidad se extender\u00e1 al uso, por parte de este o de cualquier tercero, de contrase\u00f1as o similares asignadas para el acceso al sitio Web, as\u00ed como cualquiera de sus servicios. Sin perjuicio de lo anterior, ReservaEntradas se reserva el derecho a denegar en cualquier momento y sin necesidad de aviso previo, el acceso al sitio Web a aquellos usuarios que incumplan estas condiciones generales.<\/p>\n<h3>4. Reserva de Derechos<\/h3>\n<p>ReservaEntradas se reserva la facultad de modificar unilateralmente y sin previo aviso, siempre que lo considere oportuno, la estructura y el dise\u00f1o de su Sitio Web, as\u00ed como de modificar o eliminar los servicios, los contenidos y las condiciones de acceso y\/o uso al Sitio Web. La Empresa se reserva el derecho para interrumpir, suspender o terminar la presentaci\u00f3n del servicio de la Web o de cualquiera de los servicios que la integran.<\/p>\n<h3>5. Exclusi\u00f3n de garant\u00edas y responsabilidad<\/h3>\n<p>ReservaEntradas no otorga ninguna garant\u00eda ni se hace responsable en ning\u00fan caso, de los da\u00f1os y perjuicios de cualquier naturaleza que pudieran surgir a causa de:<\/p>\n<ul>\n<li>La falta de disponibilidad, mantenimiento y efectivo funcionamiento del Sitio Web y\/o de sus servicios o contenidos.<\/li>\n<li>La falta de utilidad, adecuaci\u00f3n o validez del Sitio Web y\/o de sus servicios o contenidos para satisfacer necesidades, actividades o resultados concretos o expectativas del Usuario.<\/li>\n<li>El uso il\u00edcito, negligente, fraudulento, contrario a las presentes Condiciones Generales, a la buena Fe, a los usos generalmente aceptados o al orden p\u00fablico, del Sitio Web, sus servicios o contenidos, por parte del usuario.<\/li>\n<li>El incumplimiento por parte de Empresa Exhibidora o de terceros de sus obligaciones legales o compromisos en relaci\u00f3n con los servicios prestados al Usuario a trav\u00e9s del Sitio Web.<\/li>\n<\/ul>\n<h3>6. Pol\u00edtica de enlaces<\/h3>\n<p>Las personas o entidades que pretendan realizar o realicen un hiperenlace desde una p\u00e1gina Web de otro portal de Internet a cualquiera de las p\u00e1ginas Web de ICENTER TORRENT SL (reservaentradas.com) deber\u00e1n someterse a las siguientes condiciones:<\/p>\n<ul>\n<li>No se permite la reproducci\u00f3n total o parcial de ninguno de los servicios ni contenidos del sitio Web sin la previa autorizaci\u00f3n expresa de ICENTER TORRENT SL.<\/li>\n<li>No se establecer\u00e1n deep-links, ni enlaces IMG o de imagen, ni frames con las p\u00e1ginas de reservaentradas.com sin la previa autorizaci\u00f3n expresa de la empresa.<\/li>\n<li>No se incluir\u00e1 ninguna manifestaci\u00f3n falsa, inexacta o incorrecta sobre las p\u00e1ginas de www.reservaentradas.com, ni sobre los servicios o contenidos del mismo. Salvo aquellos signos que formen parte del hiperv\u00ednculo, la p\u00e1gina Web en la que se establezca no contendr\u00e1 ninguna marca, nombre comercial, r\u00f3tulo de establecimiento, denominaci\u00f3n logotipo, eslogan u otros signos distintos pertenecientes a ICENTER TORRENT SL, de los servicios y contenidos ofrecidos en dicha p\u00e1gina Web o portal.<\/li>\n<li>El establecimiento del hiperv\u00ednculo no implicar\u00e1 la existencia de relaciones entre la empresa y el titular de la p\u00e1gina Web o portal desde el cual se realice, ni el conocimiento y aceptaci\u00f3n de la empresa de los servicios y contenidos en dicha p\u00e1gina Web o portal.<\/li>\n<li>ICENTER TORRENT SL. No ser\u00e1 responsable de los contenidos o servicios puestos a disposici\u00f3n del p\u00fablico en la p\u00e1gina Web o portal desde el cual se realice el hiperv\u00ednculo, ni de las informaciones y manifestaciones incluidas en los mismos.<\/li>\n<\/ul>\n<p>La Web www.reservaentradas.com pone a disposici\u00f3n del usuario conexiones y enlaces a otros sitios Web gestionados y controlados por terceros. Dichos enlaces tienen como exclusiva funci\u00f3n la de facilitar a los usuarios la b\u00fasqueda de informaci\u00f3n, contenidos y servicios en Internet, sin que en ning\u00fan caso pueda considerarse una sugerencia, recomendaci\u00f3n o invitaci\u00f3n para la vista de los mismos.<\/p>\n<p>ICENTER TORRENT SL, no comercializa, ni dirige, ni controla previamente, ni hace propios los contenidos, servicios, informaciones y manifestaciones disponibles en dichos sitios Web.<\/p>\n<p>ICENTER TORRENT SL, no asume ning\u00fan tipo de responsabilidad, ni siquiera de forma indirecta o subsidiaria, por los da\u00f1os y perjuicios de toda clase que pudieran derivarse del acceso, mantenimiento, uso, calidad, licitud, fiabilidad y utilidad de los contenidos, informaciones, comunicaciones, opiniones, manifestaciones, productos y servicios existentes u ofrecidos en los sitios Web no gestionados por la empresa y que resulten accesibles a trav\u00e9s del Sitio Web www.reservaentradas.com.<\/p>\n<h2>Condiciones y uso Tarjeta Socio<\/h2>\n<h3>I.-<\/h3>\n<p>Las tarjetas de fidelizaci\u00f3n son propiedad de la entidad emisora, por ese motivo se reserva el derecho a modificar los descuentos, la pol\u00edtica de puntuaci\u00f3n e incluso a la cancelaci\u00f3n total de la tarjeta, tanto global como individual, si as\u00ed lo considera oportuno y sin previo aviso. Toda informaci\u00f3n sobre estos procesos siempre se efectuar\u00e1n desde los medios propios del Cine Lys, dejando a manos del Socio la posibilidad de informarse o no de dichos cambios.<\/p>\n<p>Durante fechas concretas, tales como la <b>Fiesta del Cine<\/b>, no se acumular\u00e1n puntos.<\/p>\n<h3>2.-<\/h3>\n<p>Si el usuario fuera menor de edad, se requiere que cuente con el previo consentimiento de sus padres o tutores antes de proceder a la inclusi\u00f3n de sus datos personales en el formulario de registro. Cines Lys se exime de cualquier responsabilidad por el incumplimiento de este requisito.<\/p>\n<h3>3.-<\/h3>\n<p>Los puntos obtenidos a trav\u00e9s de cualquier canal de compras (en taquilla, cajeros, web o app) estar\u00e1n disponibles 24 h&nbsp; tras la sesi\u00f3n comprada para su consulta y uso. En el momento de la generaci\u00f3n de saldo en puntos dispondr\u00e1 como m\u00e1ximo de <b>90 d\u00edas para el canjeo de los puntos<\/b>.<\/p>\n<h3>4.-<\/h3>\n<p>En caso de p\u00e9rdida, robo o deterioro de la tarjeta el usuario deber\u00e1 comunicar lo antes posible esta situaci\u00f3n a la entidad emisora con el fin de subsanar el problema. En el caso de aquellos usuarios que dispongan de tarjeta online podr\u00e1n recuperar toda su informaci\u00f3n desde el apartado <b>Socio<\/b> de la web de <b>Cines Lys<\/b>.<\/p>\n<h3>5.-<\/h3>\n<p>El uso de la tarjeta supone la expresa aceptaci\u00f3n de estas condiciones, as\u00ed como las bases de las promociones y sorteos que se desarrollen en funci\u00f3n de la misma. Igualmente supone la autorizaci\u00f3n para el uso de la base de datos generada y el env\u00edo de informaci\u00f3n comercial complementaria.<\/p>\n<h3>6.-<\/h3>\n<p>La cantidad de compras con descuento y puntos acumulados ser\u00e1n diferentes seg\u00fan el medio. Desde taquilla se podr\u00e1 comprar 1 entrada por tarjeta y acumular\u00e1 2 puntos. En el caso de la venta por medio de los ATM, web y app se podr\u00e1n comprar hasta 4 entradas pudiendo acumular los puntos de estas duplicando el valor que en taquilla.<\/p>\n<h2>LOPD:<\/h2>\n<p>De conformidad con lo establecido en la Ley Org\u00e1nica de 15\/1999, del 13 de diciembre, de Protecci\u00f3n de Datos de Car\u00e1cter Personal, el cliente queda informado que los datos personales que recogen por el presente documento ser\u00e1n objeto de tratamiento automatizado y ser\u00e1n incorporados a ficheros de responsabilidad de la entidad emisora de las tarjetas.<\/p>\n<p>La entidad emisora se compromete a guarda el secreto respecto a los datos contenidos en los ficheros automatizado, para lo que ha adoptado medidas de seguridad legalmente exigibles, destinadas a evitar la perdida, el mal uso, alteraci\u00f3n, acceso no autorizado y sustracci\u00f3n a los datos contenidos.<\/p>\n<p>Ud. tiene derecho a ejercitar los derechos de acceso, rectificaci\u00f3n, cancelaci\u00f3n, y en su caso, oposici\u00f3n, enviando una solicitud por escrito, acompa\u00f1ada de una fotocopia de su D.N.I. a la siguiente direcci\u00f3n: Paseo Ruzafa, 3. 46002. Valencia.<\/p>\t\t\t\t\t\t\t\t<\/div>\n\t\t\t\t<\/div>\n\t\t\t\t\t<\/div>\n\t\t<\/div>\n\t\t\t\t\t<\/div>\n\t\t<\/section>\n\t\t\t\t<\/div>","protected":false},"excerpt":{"rendered":"<p>T\u00c9RMINOS Y CONDICIONES VENTA CINESLYS.COM Y APPS I. Informaci\u00f3n en cumplimiento de lo establecido en la ley 34\/2002, de 11 de julio, de servicios de la sociedad de la informaci\u00f3n&hellip; <a class=\"more-link\" href=\"https:\/\/cineslys.com\/val\/terminos-y-condiciones\/\">Continue reading <span class=\"screen-reader-text\">T\u00e9rminos y condiciones<\/span><\/a><\/p>","protected":false},"author":1,"featured_media":0,"parent":0,"menu_order":0,"comment_status":"closed","ping_status":"closed","template":"elementor_header_footer","meta":{"footnotes":""},"class_list":["post-222","page","type-page","status-publish","hentry","entry"],"_links":{"self":[{"href":"https:\/\/cineslys.com\/val\/wp-json\/wp\/v2\/pages\/222","targetHints":{"allow":["GET"]}}],"collection":[{"href":"https:\/\/cineslys.com\/val\/wp-json\/wp\/v2\/pages"}],"about":[{"href":"https:\/\/cineslys.com\/val\/wp-json\/wp\/v2\/types\/page"}],"author":[{"embeddable":true,"href":"https:\/\/cineslys.com\/val\/wp-json\/wp\/v2\/users\/1"}],"replies":[{"embeddable":true,"href":"https:\/\/cineslys.com\/val\/wp-json\/wp\/v2\/comments?post=222"}],"version-history":[{"count":0,"href":"https:\/\/cineslys.com\/val\/wp-json\/wp\/v2\/pages\/222\/revisions"}],"wp:attachment":[{"href":"https:\/\/cineslys.com\/val\/wp-json\/wp\/v2\/media?parent=222"}],"curies":[{"name":"wp","href":"https:\/\/api.w.org\/{rel}","templated":true}]}}