									
{"id":10130,"date":"2025-10-14T14:00:52","date_gmt":"2025-10-14T14:00:52","guid":{"rendered":"https:\/\/cineslys.com\/?post_type=tribe_events&#038;p=10130"},"modified":"2025-10-14T14:00:53","modified_gmt":"2025-10-14T14:00:53","slug":"pase-la-danza-de-la-polvora-en-cines-lys","status":"publish","type":"tribe_events","link":"https:\/\/cineslys.com\/val\/calendario\/pase-la-danza-de-la-polvora-en-cines-lys\/","title":{"rendered":"Pase \u00abLa Danza de la P\u00f3lvora\u00bb en Cines Lys"},"content":{"rendered":"<h3><strong>Documental La Danza de la P\u00f3lvora<\/strong><br \/>\nJueves 30 de octubre 19:30h.<\/h3>\n<p>Ven a Cines Lys a disfrutar del documental de \u00abLa Danza de la P\u00f3lvora\u00bb de Pablo Zan\u00f3n, ganador del Premio del P\u00fablico Jameson en Docs Valencia. <\/p>\n<p><strong>Sinopsis<\/strong>: La Danza de la P\u00f3lvora invita al espectador a vivir las Fallas de Valencia desde dentro, como un aut\u00e9ntico fallero. La pel\u00edcula sigue las historias de cinco figuras clave: la pirot\u00e9cnica Reyes Mart\u00ed, el artista fallero Josu\u00e9 Beitia, la Fallera Mayor de la falla Ciscar-Burriana, Carla Ruiz, el director de una banda musical, Manuel Baixauli, y el dise\u00f1ador del manto de la Virgen, Rafa Chord\u00e1. Con acceso exclusivo a momentos nunca antes vistos, como los preparativos del Manto de la Virgen o el dise\u00f1o de una masclet\u00e0, la pel\u00edcula combina un enfoque visual meticuloso con una narrativa que celebra la riqueza humana, art\u00edstica y cultural de esta tradici\u00f3n valenciana.<\/p>\n<p><a href=\"https:\/\/www.reservaentradas.com\/entrada\/valencia\/cineslys\/la-danza-de-la-polvora\/372177\/?step=2\" rel=\"nofollow noopener\" target=\"_blank\"><button>Reserva tu entrada<\/button><\/a><\/p>\n<p><iframe title=\"Tr\u00e1iler La danza de la p\u00f3lvora\" width=\"750\" height=\"422\" src=\"https:\/\/www.youtube.com\/embed\/GeUZAA8ppH8?feature=oembed\" frameborder=\"0\" allow=\"accelerometer; autoplay; clipboard-write; encrypted-media; gyroscope; picture-in-picture; web-share\" referrerpolicy=\"strict-origin-when-cross-origin\" allowfullscreen><\/iframe><\/p>","protected":false},"excerpt":{"rendered":"<p>Documental La Danza de la P\u00f3lvora Jueves 30 de octubre 19:30h. Ven a Cines Lys a disfrutar del documental de \u00abLa Danza de la P\u00f3lvora\u00bb de Pablo Zan\u00f3n, ganador del&hellip; <a class=\"more-link\" href=\"https:\/\/cineslys.com\/val\/calendario\/pase-la-danza-de-la-polvora-en-cines-lys\/\">Continue reading <span class=\"screen-reader-text\">Pase \u00abLa Danza de la P\u00f3lvora\u00bb en Cines Lys<\/span><\/a><\/p>","protected":false},"author":1,"featured_media":10132,"template":"","meta":{"_tribe_events_status":"","_tribe_events_status_reason":"","footnotes":""},"tags":[],"tribe_events_cat":[19],"class_list":["post-10130","tribe_events","type-tribe_events","status-publish","has-post-thumbnail","hentry","tribe_events_cat-visita-de-directores","cat_visita-de-directores","entry"],"_links":{"self":[{"href":"https:\/\/cineslys.com\/val\/wp-json\/wp\/v2\/tribe_events\/10130","targetHints":{"allow":["GET"]}}],"collection":[{"href":"https:\/\/cineslys.com\/val\/wp-json\/wp\/v2\/tribe_events"}],"about":[{"href":"https:\/\/cineslys.com\/val\/wp-json\/wp\/v2\/types\/tribe_events"}],"author":[{"embeddable":true,"href":"https:\/\/cineslys.com\/val\/wp-json\/wp\/v2\/users\/1"}],"version-history":[{"count":0,"href":"https:\/\/cineslys.com\/val\/wp-json\/wp\/v2\/tribe_events\/10130\/revisions"}],"wp:featuredmedia":[{"embeddable":true,"href":"https:\/\/cineslys.com\/val\/wp-json\/wp\/v2\/media\/10132"}],"wp:attachment":[{"href":"https:\/\/cineslys.com\/val\/wp-json\/wp\/v2\/media?parent=10130"}],"wp:term":[{"taxonomy":"post_tag","embeddable":true,"href":"https:\/\/cineslys.com\/val\/wp-json\/wp\/v2\/tags?post=10130"},{"taxonomy":"tribe_events_cat","embeddable":true,"href":"https:\/\/cineslys.com\/val\/wp-json\/wp\/v2\/tribe_events_cat?post=10130"}],"curies":[{"name":"wp","href":"https:\/\/api.w.org\/{rel}","templated":true}]}}

Pase «La Danza de la Pólvora» en Cines Lys

<h3><strong>Documental La Danza de la Pólvora</strong><br />
Jueves 30 de octubre 19:30h.</h3>
<p>Ven a Cines Lys a disfrutar del documental de «La Danza de la Pólvora» de Pablo Zanón, ganador del Premio del Público Jameson en Docs Valencia. </p>
<p><strong>Sinopsis</strong>: La Danza de la Pólvora invita al espectador a vivir las Fallas de Valencia desde dentro, como un auténtico fallero. La película sigue las historias de cinco figuras clave: la pirotécnica Reyes Martí, el artista fallero Josué Beitia, la Fallera Mayor de la falla Ciscar-Burriana, Carla Ruiz, el director de una banda musical, Manuel Baixauli, y el diseñador del manto de la Virgen, Rafa Chordá. Con acceso exclusivo a momentos nunca antes vistos, como los preparativos del Manto de la Virgen o el diseño de una mascletà, la película combina un enfoque visual meticuloso con una narrativa que celebra la riqueza humana, artística y cultural de esta tradición valenciana.</p>
<p><a href="https://www.reservaentradas.com/entrada/valencia/cineslys/la-danza-de-la-polvora/372177/?step=2" rel="nofollow noopener" target="_blank"><button>Reserva tu entrada</button></a></p>
<p><iframe title="Tráiler La danza de la pólvora" width="750" height="422" src="https://www.youtube.com/embed/GeUZAA8ppH8?feature=oembed" frameborder="0" allow="accelerometer; autoplay; clipboard-write; encrypted-media; gyroscope; picture-in-picture; web-share" referrerpolicy="strict-origin-when-cross-origin" allowfullscreen></iframe></p>

<p>Documental La Danza de la Pólvora Jueves 30 de octubre 19:30h. Ven a Cines Lys a disfrutar del documental de «La Danza de la Pólvora» de Pablo Zanón, ganador del&hellip; <a class="more-link" href="https://cineslys.com/val/calendario/pase-la-danza-de-la-polvora-en-cines-lys/">Continue reading <span class="screen-reader-text">Pase «La Danza de la Pólvora» en Cines Lys</span></a></p>
