									
{"id":10210,"date":"2025-10-27T14:59:56","date_gmt":"2025-10-27T14:59:56","guid":{"rendered":"https:\/\/cineslys.com\/?post_type=tribe_events&#038;p=10210"},"modified":"2025-10-28T17:13:01","modified_gmt":"2025-10-28T17:13:01","slug":"cine-coloquio-la-deuda-con-daniel-guzman","status":"publish","type":"tribe_events","link":"https:\/\/cineslys.com\/val\/calendario\/cine-coloquio-la-deuda-con-daniel-guzman\/","title":{"rendered":"Cine + Coloquio: \u00abLa Deuda\u00bb con Daniel Guzm\u00e1n"},"content":{"rendered":"<h3><strong>\u00abLa Deuda\u00bb con coloquio de Daniel Guzm\u00e1n<\/strong><br \/>\nJueves 30 de octubre 18:30h.<\/h3>\n<p>Daniel Guzm\u00e1n estar\u00e1 presente el jueves 30 de octubre a las 18:30h en un pase especial organizado junto a Associaci\u00f3 C\u00edvica Res P\u00fablica de la pel\u00edcula \u00abLa Deuda\u00bb. Tendremos presentaci\u00f3n y posterior coloquio junto al director. Este pase est\u00e1 abierto a todo el p\u00fablico. <\/p>\n<p><strong>Sinopsis<\/strong>: Lucas, un hombre de 47 a\u00f1os y Antonia, una anciana, conviven en un piso c\u00e9ntrico de la ciudad. A pesar de sus dificultades econ\u00f3micas, Lucas y Antonia, viven con afecto, ilusi\u00f3n y sentido del humor. Su vida transcurre de forma cotidiana hasta que un fondo de inversi\u00f3n adquiere el edificio para convertirlo en pisos tur\u00edsticos. Lucas intenta conseguir el dinero necesario para evitar la p\u00e9rdida de la casa, pero una decisi\u00f3n err\u00f3nea cambiar\u00e1 el resto de sus vidas.<\/p>\n<p><a href=\"https:\/\/www.reservaentradas.com\/sesiones\/valencia\/cineslys\/la-deuda\/6897?proximamente=true&#038;\" rel=\"nofollow noopener\" target=\"_blank\"><button>Reserva tu entrada<\/button><\/a><\/p>\n<p><iframe title=\"Cine Club Lys: La Deuda con Daniel Guzm\u00e1n\" width=\"750\" height=\"422\" src=\"https:\/\/www.youtube.com\/embed\/jp80FFQAZq0?feature=oembed\" frameborder=\"0\" allow=\"accelerometer; autoplay; clipboard-write; encrypted-media; gyroscope; picture-in-picture; web-share\" referrerpolicy=\"strict-origin-when-cross-origin\" allowfullscreen><\/iframe><\/p>","protected":false},"excerpt":{"rendered":"<p>\u00abLa Deuda\u00bb con coloquio de Daniel Guzm\u00e1n Jueves 30 de octubre 18:30h. Daniel Guzm\u00e1n estar\u00e1 presente el jueves 30 de octubre a las 18:30h en un pase especial organizado junto&hellip; <a class=\"more-link\" href=\"https:\/\/cineslys.com\/val\/calendario\/cine-coloquio-la-deuda-con-daniel-guzman\/\">Continue reading <span class=\"screen-reader-text\">Cine + Coloquio: \u00abLa Deuda\u00bb con Daniel Guzm\u00e1n<\/span><\/a><\/p>","protected":false},"author":1,"featured_media":10215,"template":"","meta":{"_tribe_events_status":"","_tribe_events_status_reason":"","footnotes":""},"tags":[],"tribe_events_cat":[19],"class_list":["post-10210","tribe_events","type-tribe_events","status-publish","has-post-thumbnail","hentry","tribe_events_cat-visita-de-directores","cat_visita-de-directores","entry"],"_links":{"self":[{"href":"https:\/\/cineslys.com\/val\/wp-json\/wp\/v2\/tribe_events\/10210","targetHints":{"allow":["GET"]}}],"collection":[{"href":"https:\/\/cineslys.com\/val\/wp-json\/wp\/v2\/tribe_events"}],"about":[{"href":"https:\/\/cineslys.com\/val\/wp-json\/wp\/v2\/types\/tribe_events"}],"author":[{"embeddable":true,"href":"https:\/\/cineslys.com\/val\/wp-json\/wp\/v2\/users\/1"}],"version-history":[{"count":0,"href":"https:\/\/cineslys.com\/val\/wp-json\/wp\/v2\/tribe_events\/10210\/revisions"}],"wp:featuredmedia":[{"embeddable":true,"href":"https:\/\/cineslys.com\/val\/wp-json\/wp\/v2\/media\/10215"}],"wp:attachment":[{"href":"https:\/\/cineslys.com\/val\/wp-json\/wp\/v2\/media?parent=10210"}],"wp:term":[{"taxonomy":"post_tag","embeddable":true,"href":"https:\/\/cineslys.com\/val\/wp-json\/wp\/v2\/tags?post=10210"},{"taxonomy":"tribe_events_cat","embeddable":true,"href":"https:\/\/cineslys.com\/val\/wp-json\/wp\/v2\/tribe_events_cat?post=10210"}],"curies":[{"name":"wp","href":"https:\/\/api.w.org\/{rel}","templated":true}]}}

Cine + Coloquio: «La Deuda» con Daniel Guzmán

<h3><strong>«La Deuda» con coloquio de Daniel Guzmán</strong><br />
Jueves 30 de octubre 18:30h.</h3>
<p>Daniel Guzmán estará presente el jueves 30 de octubre a las 18:30h en un pase especial organizado junto a Associació Cívica Res Pública de la película «La Deuda». Tendremos presentación y posterior coloquio junto al director. Este pase está abierto a todo el público. </p>
<p><strong>Sinopsis</strong>: Lucas, un hombre de 47 años y Antonia, una anciana, conviven en un piso céntrico de la ciudad. A pesar de sus dificultades económicas, Lucas y Antonia, viven con afecto, ilusión y sentido del humor. Su vida transcurre de forma cotidiana hasta que un fondo de inversión adquiere el edificio para convertirlo en pisos turísticos. Lucas intenta conseguir el dinero necesario para evitar la pérdida de la casa, pero una decisión errónea cambiará el resto de sus vidas.</p>
<p><a href="https://www.reservaentradas.com/sesiones/valencia/cineslys/la-deuda/6897?proximamente=true&#038;" rel="nofollow noopener" target="_blank"><button>Reserva tu entrada</button></a></p>
<p><iframe title="Cine Club Lys: La Deuda con Daniel Guzmán" width="750" height="422" src="https://www.youtube.com/embed/jp80FFQAZq0?feature=oembed" frameborder="0" allow="accelerometer; autoplay; clipboard-write; encrypted-media; gyroscope; picture-in-picture; web-share" referrerpolicy="strict-origin-when-cross-origin" allowfullscreen></iframe></p>

<p>«La Deuda» con coloquio de Daniel Guzmán Jueves 30 de octubre 18:30h. Daniel Guzmán estará presente el jueves 30 de octubre a las 18:30h en un pase especial organizado junto&hellip; <a class="more-link" href="https://cineslys.com/val/calendario/cine-coloquio-la-deuda-con-daniel-guzman/">Continue reading <span class="screen-reader-text">Cine + Coloquio: «La Deuda» con Daniel Guzmán</span></a></p>
