									
{"id":10218,"date":"2025-10-29T09:31:17","date_gmt":"2025-10-29T09:31:17","guid":{"rendered":"https:\/\/cineslys.com\/?post_type=tribe_events&#038;p=10218"},"modified":"2025-10-31T09:32:11","modified_gmt":"2025-10-31T09:32:11","slug":"cine-club-lys-la-cena","status":"publish","type":"tribe_events","link":"https:\/\/cineslys.com\/val\/calendario\/cine-club-lys-la-cena\/","title":{"rendered":"Cine Club Lys: La Cena"},"content":{"rendered":"<h3><b>Cine Club Lys: La Cena<\/b><\/h3>\n<h3>Lunes, 17 de noviembre 16:30h, 18:00h y 19:30h<\/h3>\n<h6><a href=\"https:\/\/cineclublys.com\/matricula\/\" rel=\"nofollow noopener\" target=\"_blank\"><span style=\"color: #de0000;\">Matr\u00edcula abierta Cine Club Lys 2025-2026<\/span><\/a><\/h6>\n<p>El pr\u00f3ximo lunes 17 de noviembre, contaremos con un pase con <strong>Manuel G\u00f3mez Pereira,<\/strong> que presentar\u00e1 y dar\u00e1 coloquio de su \u00faltima pel\u00edcula <strong>La cena.<\/strong><\/p>\n<p><strong>Sinopsis:<\/strong> Dos semanas despu\u00e9s de acabar la Guerra Civil, Franco solicita una cena de celebraci\u00f3n en el Hotel Palace. Un joven teniente, un ma\u00eetre meticuloso y un grupo de prisioneros republicanos expertos en cocina, deben preparar un banquete impecable en tiempo r\u00e9cord. Todo parece ir sobre ruedas, pero en la cocina se trama algo m\u00e1s que un men\u00fa. Adaptaci\u00f3n de la obra de Jos\u00e9 Luis Alonso de Santos.<\/p>\n<p><a href=\"https:\/\/www.reservaentradas.com\/sesiones\/valencia\/cineslys\/cine-club-lys-la-cena\/6910?proximamente=true&#038;\" rel=\"nofollow noopener\" target=\"_blank\"> <button>Reserva tu entrada<\/button> <\/a><\/p>\n<p><iframe title=\"LA CENA - Tr\u00e1iler Oficial\" width=\"750\" height=\"422\" src=\"https:\/\/www.youtube.com\/embed\/x_rRg-TB2f4?feature=oembed\" frameborder=\"0\" allow=\"accelerometer; autoplay; clipboard-write; encrypted-media; gyroscope; picture-in-picture; web-share\" referrerpolicy=\"strict-origin-when-cross-origin\" allowfullscreen><\/iframe><\/p>","protected":false},"excerpt":{"rendered":"<p>Cine Club Lys: La Cena Lunes, 17 de noviembre 16:30h, 18:00h y 19:30h Matr\u00edcula abierta Cine Club Lys 2025-2026 El pr\u00f3ximo lunes 17 de noviembre, contaremos con un pase con&hellip; <a class=\"more-link\" href=\"https:\/\/cineslys.com\/val\/calendario\/cine-club-lys-la-cena\/\">Continue reading <span class=\"screen-reader-text\">Cine Club Lys: La Cena<\/span><\/a><\/p>","protected":false},"author":1,"featured_media":10254,"template":"","meta":{"_tribe_events_status":"","_tribe_events_status_reason":"","footnotes":""},"tags":[],"tribe_events_cat":[18],"class_list":["post-10218","tribe_events","type-tribe_events","status-publish","has-post-thumbnail","hentry","tribe_events_cat-cine-club","cat_cine-club","entry"],"_links":{"self":[{"href":"https:\/\/cineslys.com\/val\/wp-json\/wp\/v2\/tribe_events\/10218","targetHints":{"allow":["GET"]}}],"collection":[{"href":"https:\/\/cineslys.com\/val\/wp-json\/wp\/v2\/tribe_events"}],"about":[{"href":"https:\/\/cineslys.com\/val\/wp-json\/wp\/v2\/types\/tribe_events"}],"author":[{"embeddable":true,"href":"https:\/\/cineslys.com\/val\/wp-json\/wp\/v2\/users\/1"}],"version-history":[{"count":0,"href":"https:\/\/cineslys.com\/val\/wp-json\/wp\/v2\/tribe_events\/10218\/revisions"}],"wp:featuredmedia":[{"embeddable":true,"href":"https:\/\/cineslys.com\/val\/wp-json\/wp\/v2\/media\/10254"}],"wp:attachment":[{"href":"https:\/\/cineslys.com\/val\/wp-json\/wp\/v2\/media?parent=10218"}],"wp:term":[{"taxonomy":"post_tag","embeddable":true,"href":"https:\/\/cineslys.com\/val\/wp-json\/wp\/v2\/tags?post=10218"},{"taxonomy":"tribe_events_cat","embeddable":true,"href":"https:\/\/cineslys.com\/val\/wp-json\/wp\/v2\/tribe_events_cat?post=10218"}],"curies":[{"name":"wp","href":"https:\/\/api.w.org\/{rel}","templated":true}]}}

<h3><b>Cine Club Lys: La Cena</b></h3>
<h3>Lunes, 17 de noviembre 16:30h, 18:00h y 19:30h</h3>
<h6><a href="https://cineclublys.com/matricula/" rel="nofollow noopener" target="_blank"><span style="color: #de0000;">Matrícula abierta Cine Club Lys 2025-2026</span></a></h6>
<p>El próximo lunes 17 de noviembre, contaremos con un pase con <strong>Manuel Gómez Pereira,</strong> que presentará y dará coloquio de su última película <strong>La cena.</strong></p>
<p><strong>Sinopsis:</strong> Dos semanas después de acabar la Guerra Civil, Franco solicita una cena de celebración en el Hotel Palace. Un joven teniente, un maître meticuloso y un grupo de prisioneros republicanos expertos en cocina, deben preparar un banquete impecable en tiempo récord. Todo parece ir sobre ruedas, pero en la cocina se trama algo más que un menú. Adaptación de la obra de José Luis Alonso de Santos.</p>
<p><a href="https://www.reservaentradas.com/sesiones/valencia/cineslys/cine-club-lys-la-cena/6910?proximamente=true&#038;" rel="nofollow noopener" target="_blank"> <button>Reserva tu entrada</button> </a></p>
<p><iframe title="LA CENA - Tráiler Oficial" width="750" height="422" src="https://www.youtube.com/embed/x_rRg-TB2f4?feature=oembed" frameborder="0" allow="accelerometer; autoplay; clipboard-write; encrypted-media; gyroscope; picture-in-picture; web-share" referrerpolicy="strict-origin-when-cross-origin" allowfullscreen></iframe></p>

<p>Cine Club Lys: La Cena Lunes, 17 de noviembre 16:30h, 18:00h y 19:30h Matrícula abierta Cine Club Lys 2025-2026 El próximo lunes 17 de noviembre, contaremos con un pase con&hellip; <a class="more-link" href="https://cineslys.com/val/calendario/cine-club-lys-la-cena/">Continue reading <span class="screen-reader-text">Cine Club Lys: La Cena</span></a></p>
