									
{"id":10223,"date":"2025-10-29T09:33:20","date_gmt":"2025-10-29T09:33:20","guid":{"rendered":"https:\/\/cineslys.com\/?post_type=tribe_events&#038;p=10223"},"modified":"2025-10-31T09:33:07","modified_gmt":"2025-10-31T09:33:07","slug":"cine-club-lys-siempre-es-invierno","status":"publish","type":"tribe_events","link":"https:\/\/cineslys.com\/val\/calendario\/cine-club-lys-siempre-es-invierno\/","title":{"rendered":"Cine Club Lys: Siempre es invierno"},"content":{"rendered":"<h3><b>Cine Club Lys: Siempre es invierno<\/b><\/h3>\n<h3>Lunes, 24 de noviembre 16:30h, 18:00h y 19:30h<\/h3>\n<h6><a href=\"https:\/\/cineclublys.com\/matricula\/\" rel=\"nofollow noopener\" target=\"_blank\"><span style=\"color: #de0000;\">Matr\u00edcula abierta Cine Club Lys 2025-2026<\/span><\/a><\/h6>\n<p>El pr\u00f3ximo lunes 24 de noviembre, contaremos con un pase con <strong>David Trueba,<\/strong> que presentar\u00e1 y dar\u00e1 coloquio de su \u00faltima pel\u00edcula <strong>Siempre es invierno.<\/strong><\/p>\n<p><strong>Sinopsis:<\/strong> Miguel (David Verdaguer), arquitecto paisajista, viaja a B\u00e9lgica con su novia Marta (Amaia Salamanca) para participar en un congreso. All\u00ed se precipita el final de su relaci\u00f3n y tras la ruptura con su pareja decide quedarse a solas unos d\u00edas m\u00e1s para tratar de recomponer su futuro. Roto y desubicado, Miguel conoce a Olga (Isabelle Renauld), una mujer que trabaja como voluntaria en el congreso de arquitectura. A su lado comenzar\u00e1 a reconstruirse y a entender en qu\u00e9 consiste su nuevo proyecto de vida. Adaptaci\u00f3n de la novela \u00abBlitz\u00bb del propio David Trueba.<\/p>\n<p><a href=\"https:\/\/www.reservaentradas.com\/sesiones\/valencia\/cineslys\/cine-club-lys-siempre-es-invierno\/6911?proximamente=true&#038;\" rel=\"nofollow noopener\" target=\"_blank\"> <button>Reserva tu entrada<\/button> <\/a><\/p>\n<p><iframe title=\"SIEMPRE ES INVIERNO | Tr\u00e1iler oficial HD | 7 noviembre en cines\" width=\"750\" height=\"422\" src=\"https:\/\/www.youtube.com\/embed\/1m8Z9gBB8Yw?feature=oembed\" frameborder=\"0\" allow=\"accelerometer; autoplay; clipboard-write; encrypted-media; gyroscope; picture-in-picture; web-share\" referrerpolicy=\"strict-origin-when-cross-origin\" allowfullscreen><\/iframe><\/p>","protected":false},"excerpt":{"rendered":"<p>Cine Club Lys: Siempre es invierno Lunes, 24 de noviembre 16:30h, 18:00h y 19:30h Matr\u00edcula abierta Cine Club Lys 2025-2026 El pr\u00f3ximo lunes 24 de noviembre, contaremos con un pase&hellip; <a class=\"more-link\" href=\"https:\/\/cineslys.com\/val\/calendario\/cine-club-lys-siempre-es-invierno\/\">Continue reading <span class=\"screen-reader-text\">Cine Club Lys: Siempre es invierno<\/span><\/a><\/p>","protected":false},"author":1,"featured_media":10256,"template":"","meta":{"_tribe_events_status":"","_tribe_events_status_reason":"","footnotes":""},"tags":[],"tribe_events_cat":[18],"class_list":["post-10223","tribe_events","type-tribe_events","status-publish","has-post-thumbnail","hentry","tribe_events_cat-cine-club","cat_cine-club","entry"],"_links":{"self":[{"href":"https:\/\/cineslys.com\/val\/wp-json\/wp\/v2\/tribe_events\/10223","targetHints":{"allow":["GET"]}}],"collection":[{"href":"https:\/\/cineslys.com\/val\/wp-json\/wp\/v2\/tribe_events"}],"about":[{"href":"https:\/\/cineslys.com\/val\/wp-json\/wp\/v2\/types\/tribe_events"}],"author":[{"embeddable":true,"href":"https:\/\/cineslys.com\/val\/wp-json\/wp\/v2\/users\/1"}],"version-history":[{"count":0,"href":"https:\/\/cineslys.com\/val\/wp-json\/wp\/v2\/tribe_events\/10223\/revisions"}],"wp:featuredmedia":[{"embeddable":true,"href":"https:\/\/cineslys.com\/val\/wp-json\/wp\/v2\/media\/10256"}],"wp:attachment":[{"href":"https:\/\/cineslys.com\/val\/wp-json\/wp\/v2\/media?parent=10223"}],"wp:term":[{"taxonomy":"post_tag","embeddable":true,"href":"https:\/\/cineslys.com\/val\/wp-json\/wp\/v2\/tags?post=10223"},{"taxonomy":"tribe_events_cat","embeddable":true,"href":"https:\/\/cineslys.com\/val\/wp-json\/wp\/v2\/tribe_events_cat?post=10223"}],"curies":[{"name":"wp","href":"https:\/\/api.w.org\/{rel}","templated":true}]}}

<h3><b>Cine Club Lys: Siempre es invierno</b></h3>
<h3>Lunes, 24 de noviembre 16:30h, 18:00h y 19:30h</h3>
<h6><a href="https://cineclublys.com/matricula/" rel="nofollow noopener" target="_blank"><span style="color: #de0000;">Matrícula abierta Cine Club Lys 2025-2026</span></a></h6>
<p>El próximo lunes 24 de noviembre, contaremos con un pase con <strong>David Trueba,</strong> que presentará y dará coloquio de su última película <strong>Siempre es invierno.</strong></p>
<p><strong>Sinopsis:</strong> Miguel (David Verdaguer), arquitecto paisajista, viaja a Bélgica con su novia Marta (Amaia Salamanca) para participar en un congreso. Allí se precipita el final de su relación y tras la ruptura con su pareja decide quedarse a solas unos días más para tratar de recomponer su futuro. Roto y desubicado, Miguel conoce a Olga (Isabelle Renauld), una mujer que trabaja como voluntaria en el congreso de arquitectura. A su lado comenzará a reconstruirse y a entender en qué consiste su nuevo proyecto de vida. Adaptación de la novela «Blitz» del propio David Trueba.</p>
<p><a href="https://www.reservaentradas.com/sesiones/valencia/cineslys/cine-club-lys-siempre-es-invierno/6911?proximamente=true&#038;" rel="nofollow noopener" target="_blank"> <button>Reserva tu entrada</button> </a></p>
<p><iframe title="SIEMPRE ES INVIERNO | Tráiler oficial HD | 7 noviembre en cines" width="750" height="422" src="https://www.youtube.com/embed/1m8Z9gBB8Yw?feature=oembed" frameborder="0" allow="accelerometer; autoplay; clipboard-write; encrypted-media; gyroscope; picture-in-picture; web-share" referrerpolicy="strict-origin-when-cross-origin" allowfullscreen></iframe></p>

<p>Cine Club Lys: Siempre es invierno Lunes, 24 de noviembre 16:30h, 18:00h y 19:30h Matrícula abierta Cine Club Lys 2025-2026 El próximo lunes 24 de noviembre, contaremos con un pase&hellip; <a class="more-link" href="https://cineslys.com/val/calendario/cine-club-lys-siempre-es-invierno/">Continue reading <span class="screen-reader-text">Cine Club Lys: Siempre es invierno</span></a></p>
