									
{"id":10366,"date":"2025-11-07T08:47:26","date_gmt":"2025-11-07T08:47:26","guid":{"rendered":"https:\/\/cineslys.com\/?post_type=tribe_events&#038;p=10366"},"modified":"2025-11-07T08:59:37","modified_gmt":"2025-11-07T08:59:37","slug":"proyecto-viridiana-siempre-es-invierno","status":"publish","type":"tribe_events","link":"https:\/\/cineslys.com\/val\/calendario\/proyecto-viridiana-siempre-es-invierno\/","title":{"rendered":"Proyecto Viridiana: Siempre es invierno"},"content":{"rendered":"<h3 data-start=\"388\" data-end=\"704\"><strong>Proyecto Viridiana: Siempre es invierno<\/strong><\/h3>\n<p data-start=\"388\" data-end=\"704\">Vuelve Proyecto Viridiana con <strong>Siempre es invierno<\/strong>, con la presencia online del director David Trueba desde Cines Embajadores Foncalada, Oviedo.<\/p>\n<p data-start=\"388\" data-end=\"704\"><strong>Se mostrar\u00e1 un QR en pantalla donde podr\u00e9is hacerle vuestras preguntas al director.<\/strong><\/p>\n<p data-start=\"729\" data-end=\"1054\"><strong>Sinopsis:<\/strong> Miguel (David Verdaguer), arquitecto paisajista, viaja a B\u00e9lgica con su novia Marta (Amaia Salamanca) para participar en un congreso. All\u00ed se precipita el final de su relaci\u00f3n y tras la ruptura con su pareja decide quedarse a solas unos d\u00edas m\u00e1s para tratar de recomponer su futuro. Roto y desubicado, Miguel conoce a Olga (Isabelle Renauld), una mujer que trabaja como voluntaria en el congreso de arquitectura. A su lado comenzar\u00e1 a reconstruirse y a entender en qu\u00e9 consiste su nuevo proyecto de vida. Adaptaci\u00f3n de la novela \u00abBlitz\u00bb del propio David Trueba.<\/p>\n<p data-start=\"388\" data-end=\"704\"><a href=\"https:\/\/www.reservaentradas.com\/cine\/valencia\/cineslys?#registro\" rel=\"nofollow noopener\" target=\"_blank\"><span style=\"color: #ff0000;\"><strong>Hazte socio de Cines Lys\u00a0<\/strong><\/span><\/a><\/p>\n<p><a href=\"https:\/\/www.reservaentradas.com\/entrada\/valencia\/cineslys\/proyecto-viridiana-siempre-es-invierno\/373210\/?step=2\" rel=\"nofollow noopener\" target=\"_blank\"><button>Reserva tu entrada<\/button><\/a><\/p>","protected":false},"excerpt":{"rendered":"<p>Proyecto Viridiana: Siempre es invierno Vuelve Proyecto Viridiana con Siempre es invierno, con la presencia online del director David Trueba desde Cines Embajadores Foncalada, Oviedo. Se mostrar\u00e1 un QR en&hellip; <a class=\"more-link\" href=\"https:\/\/cineslys.com\/val\/calendario\/proyecto-viridiana-siempre-es-invierno\/\">Continue reading <span class=\"screen-reader-text\">Proyecto Viridiana: Siempre es invierno<\/span><\/a><\/p>","protected":false},"author":1,"featured_media":10367,"template":"","meta":{"_tribe_events_status":"","_tribe_events_status_reason":"","footnotes":""},"tags":[],"tribe_events_cat":[32],"class_list":["post-10366","tribe_events","type-tribe_events","status-publish","has-post-thumbnail","hentry","tribe_events_cat-proyecto-viridiana","cat_proyecto-viridiana","entry"],"_links":{"self":[{"href":"https:\/\/cineslys.com\/val\/wp-json\/wp\/v2\/tribe_events\/10366","targetHints":{"allow":["GET"]}}],"collection":[{"href":"https:\/\/cineslys.com\/val\/wp-json\/wp\/v2\/tribe_events"}],"about":[{"href":"https:\/\/cineslys.com\/val\/wp-json\/wp\/v2\/types\/tribe_events"}],"author":[{"embeddable":true,"href":"https:\/\/cineslys.com\/val\/wp-json\/wp\/v2\/users\/1"}],"version-history":[{"count":0,"href":"https:\/\/cineslys.com\/val\/wp-json\/wp\/v2\/tribe_events\/10366\/revisions"}],"wp:featuredmedia":[{"embeddable":true,"href":"https:\/\/cineslys.com\/val\/wp-json\/wp\/v2\/media\/10367"}],"wp:attachment":[{"href":"https:\/\/cineslys.com\/val\/wp-json\/wp\/v2\/media?parent=10366"}],"wp:term":[{"taxonomy":"post_tag","embeddable":true,"href":"https:\/\/cineslys.com\/val\/wp-json\/wp\/v2\/tags?post=10366"},{"taxonomy":"tribe_events_cat","embeddable":true,"href":"https:\/\/cineslys.com\/val\/wp-json\/wp\/v2\/tribe_events_cat?post=10366"}],"curies":[{"name":"wp","href":"https:\/\/api.w.org\/{rel}","templated":true}]}}

<h3 data-start="388" data-end="704"><strong>Proyecto Viridiana: Siempre es invierno</strong></h3>
<p data-start="388" data-end="704">Vuelve Proyecto Viridiana con <strong>Siempre es invierno</strong>, con la presencia online del director David Trueba desde Cines Embajadores Foncalada, Oviedo.</p>
<p data-start="388" data-end="704"><strong>Se mostrará un QR en pantalla donde podréis hacerle vuestras preguntas al director.</strong></p>
<p data-start="729" data-end="1054"><strong>Sinopsis:</strong> Miguel (David Verdaguer), arquitecto paisajista, viaja a Bélgica con su novia Marta (Amaia Salamanca) para participar en un congreso. Allí se precipita el final de su relación y tras la ruptura con su pareja decide quedarse a solas unos días más para tratar de recomponer su futuro. Roto y desubicado, Miguel conoce a Olga (Isabelle Renauld), una mujer que trabaja como voluntaria en el congreso de arquitectura. A su lado comenzará a reconstruirse y a entender en qué consiste su nuevo proyecto de vida. Adaptación de la novela «Blitz» del propio David Trueba.</p>
<p data-start="388" data-end="704"><a href="https://www.reservaentradas.com/cine/valencia/cineslys?#registro" rel="nofollow noopener" target="_blank"><span style="color: #ff0000;"><strong>Hazte socio de Cines Lys </strong></span></a></p>
<p><a href="https://www.reservaentradas.com/entrada/valencia/cineslys/proyecto-viridiana-siempre-es-invierno/373210/?step=2" rel="nofollow noopener" target="_blank"><button>Reserva tu entrada</button></a></p>

<p>Proyecto Viridiana: Siempre es invierno Vuelve Proyecto Viridiana con Siempre es invierno, con la presencia online del director David Trueba desde Cines Embajadores Foncalada, Oviedo. Se mostrará un QR en&hellip; <a class="more-link" href="https://cineslys.com/val/calendario/proyecto-viridiana-siempre-es-invierno/">Continue reading <span class="screen-reader-text">Proyecto Viridiana: Siempre es invierno</span></a></p>
