									
{"id":10370,"date":"2025-11-07T08:50:13","date_gmt":"2025-11-07T08:50:13","guid":{"rendered":"https:\/\/cineslys.com\/?post_type=tribe_events&#038;p=10370"},"modified":"2025-11-07T08:50:14","modified_gmt":"2025-11-07T08:50:14","slug":"proyecto-viridiana-flores-para-antonio","status":"publish","type":"tribe_events","link":"https:\/\/cineslys.com\/val\/calendario\/proyecto-viridiana-flores-para-antonio\/","title":{"rendered":"Proyecto Viridiana: Flores para Antonio"},"content":{"rendered":"<h3 data-start=\"388\" data-end=\"704\"><strong>Proyecto Viridiana: Flores para Antonio<\/strong><\/h3>\n<p data-start=\"388\" data-end=\"704\">Vuelve Proyecto Viridiana con <strong>Flores para Antonio<\/strong>, con la presencia online de los directores Elena Molina e Isaki Lacuesta y la actriz Alba Flores desde Cines Verdi, Madrid.<\/p>\n<p data-start=\"388\" data-end=\"704\"><strong>Se mostrar\u00e1 un QR en pantalla donde podr\u00e9is hacerle vuestras preguntas al director.<\/strong><\/p>\n<p data-start=\"729\" data-end=\"1054\"><strong>Sinopsis:<\/strong> Una hija se dispone a buscar la verdad sobre qui\u00e9n fue su padre, un m\u00fasico legendario, fallecido cuando ella ten\u00eda 8 a\u00f1os. \u00c9l es Antonio Flores, ella la tambi\u00e9n c\u00e9lebre actriz Alba Flores. Alba dej\u00f3 de cantar al perder a Antonio y ahora se dispone a recuperar su voz y su historia, preguntando por primera vez a sus familiares y amigos.<\/p>\n<p data-start=\"388\" data-end=\"704\"><a href=\"https:\/\/www.reservaentradas.com\/cine\/valencia\/cineslys?#registro\" rel=\"nofollow noopener\" target=\"_blank\"><span style=\"color: #ff0000;\"><strong>Hazte socio de Cines Lys\u00a0<\/strong><\/span><\/a><\/p>\n<p><a href=\"https:\/\/www.reservaentradas.com\/entrada\/valencia\/cineslys\/proyecto-viridiana-flores-para-antonio\/372818\/?step=2\" rel=\"nofollow noopener\" target=\"_blank\"><button>Reserva tu entrada<\/button><\/a><\/p>","protected":false},"excerpt":{"rendered":"<p>Proyecto Viridiana: Flores para Antonio Vuelve Proyecto Viridiana con Flores para Antonio, con la presencia online de los directores Elena Molina e Isaki Lacuesta y la actriz Alba Flores desde&hellip; <a class=\"more-link\" href=\"https:\/\/cineslys.com\/val\/calendario\/proyecto-viridiana-flores-para-antonio\/\">Continue reading <span class=\"screen-reader-text\">Proyecto Viridiana: Flores para Antonio<\/span><\/a><\/p>","protected":false},"author":1,"featured_media":10371,"template":"","meta":{"_tribe_events_status":"","_tribe_events_status_reason":"","footnotes":""},"tags":[],"tribe_events_cat":[32],"class_list":["post-10370","tribe_events","type-tribe_events","status-publish","has-post-thumbnail","hentry","tribe_events_cat-proyecto-viridiana","cat_proyecto-viridiana","entry"],"_links":{"self":[{"href":"https:\/\/cineslys.com\/val\/wp-json\/wp\/v2\/tribe_events\/10370","targetHints":{"allow":["GET"]}}],"collection":[{"href":"https:\/\/cineslys.com\/val\/wp-json\/wp\/v2\/tribe_events"}],"about":[{"href":"https:\/\/cineslys.com\/val\/wp-json\/wp\/v2\/types\/tribe_events"}],"author":[{"embeddable":true,"href":"https:\/\/cineslys.com\/val\/wp-json\/wp\/v2\/users\/1"}],"version-history":[{"count":0,"href":"https:\/\/cineslys.com\/val\/wp-json\/wp\/v2\/tribe_events\/10370\/revisions"}],"wp:featuredmedia":[{"embeddable":true,"href":"https:\/\/cineslys.com\/val\/wp-json\/wp\/v2\/media\/10371"}],"wp:attachment":[{"href":"https:\/\/cineslys.com\/val\/wp-json\/wp\/v2\/media?parent=10370"}],"wp:term":[{"taxonomy":"post_tag","embeddable":true,"href":"https:\/\/cineslys.com\/val\/wp-json\/wp\/v2\/tags?post=10370"},{"taxonomy":"tribe_events_cat","embeddable":true,"href":"https:\/\/cineslys.com\/val\/wp-json\/wp\/v2\/tribe_events_cat?post=10370"}],"curies":[{"name":"wp","href":"https:\/\/api.w.org\/{rel}","templated":true}]}}

<h3 data-start="388" data-end="704"><strong>Proyecto Viridiana: Flores para Antonio</strong></h3>
<p data-start="388" data-end="704">Vuelve Proyecto Viridiana con <strong>Flores para Antonio</strong>, con la presencia online de los directores Elena Molina e Isaki Lacuesta y la actriz Alba Flores desde Cines Verdi, Madrid.</p>
<p data-start="388" data-end="704"><strong>Se mostrará un QR en pantalla donde podréis hacerle vuestras preguntas al director.</strong></p>
<p data-start="729" data-end="1054"><strong>Sinopsis:</strong> Una hija se dispone a buscar la verdad sobre quién fue su padre, un músico legendario, fallecido cuando ella tenía 8 años. Él es Antonio Flores, ella la también célebre actriz Alba Flores. Alba dejó de cantar al perder a Antonio y ahora se dispone a recuperar su voz y su historia, preguntando por primera vez a sus familiares y amigos.</p>
<p data-start="388" data-end="704"><a href="https://www.reservaentradas.com/cine/valencia/cineslys?#registro" rel="nofollow noopener" target="_blank"><span style="color: #ff0000;"><strong>Hazte socio de Cines Lys </strong></span></a></p>
<p><a href="https://www.reservaentradas.com/entrada/valencia/cineslys/proyecto-viridiana-flores-para-antonio/372818/?step=2" rel="nofollow noopener" target="_blank"><button>Reserva tu entrada</button></a></p>
