									
{"id":10435,"date":"2025-11-13T16:48:27","date_gmt":"2025-11-13T16:48:27","guid":{"rendered":"https:\/\/cineslys.com\/?post_type=tribe_events&#038;p=10435"},"modified":"2025-11-13T16:54:11","modified_gmt":"2025-11-13T16:54:11","slug":"la-danza-de-la-polvora-pase-especial","status":"publish","type":"tribe_events","link":"https:\/\/cineslys.com\/val\/calendario\/la-danza-de-la-polvora-pase-especial\/","title":{"rendered":"La Danza de la P\u00f3lvora &#8211; Pase Especial"},"content":{"rendered":"<p>Prep\u00e1rate para adentrarte en el coraz\u00f3n de las Fallas de Val\u00e8ncia como nunca antes. Los pr\u00f3ximos 20 y 27 de noviembre, a las 20:30h, podr\u00e1s disfrutar de dos pases especiales de La danza de la p\u00f3lvora, el nuevo documental dirigido por Pablo Zan\u00f3.<\/p>\n<p>Esta pel\u00edcula invita a vivir las Fallas desde dentro, respirando su emoci\u00f3n y su ritmo como lo har\u00eda un aut\u00e9ntico fallero. A trav\u00e9s de un acceso privilegiado, seguimos las historias de cinco figuras esenciales que mantienen viva esta tradici\u00f3n:<\/p>\n<p><strong>Reyes Mart\u00ed<\/strong>, la primera mujer pirot\u00e9cnica<br \/>\n<strong>Josu\u00e9 Beitia<\/strong>, artista fallero<br \/>\n<strong>Carla Ruiz<\/strong>, Fallera Mayor de la Falla Ciscar-Burriana<br \/>\n<strong>Manuel Baixauli<\/strong>, director de banda<br \/>\n<strong>Rafa Chord\u00e1<\/strong>, dise\u00f1ador del Manto de la Virgen<\/p>\n<p>El documental nos abre las puertas a momentos \u00fanicos y poco conocidos: los preparativos del manto, el dise\u00f1o de una masclet\u00e0, la dedicaci\u00f3n de los talleres, la m\u00fasica que lo envuelve todo y ese sentimiento fallero que se transmite de generaci\u00f3n en generaci\u00f3n.<\/p>\n<p>La danza de la p\u00f3lvora combina una mirada visualmente cuidada con una narrativa que celebra la humanidad, el arte y la cultura que hacen de las Fallas una fiesta irrepetible.<\/p>\n<p>Una experiencia para emocionarse, descubrir y reenamorarse de Val\u00e8ncia.<br \/>\nTe esperamos.<\/p>\n<p><a href=\"https:\/\/www.reservaentradas.com\/sesiones\/valencia\/cineslys\/la-danza-de-la-polvora\/6859?proximamente=true&#038;\" rel=\"nofollow noopener\" target=\"_blank\"><button>Reserva tu entrada<\/button><\/a><\/p>\n<p><iframe title=\"Tr\u00e1iler La danza de la p\u00f3lvora\" width=\"750\" height=\"422\" src=\"https:\/\/www.youtube.com\/embed\/GeUZAA8ppH8?feature=oembed\" frameborder=\"0\" allow=\"accelerometer; autoplay; clipboard-write; encrypted-media; gyroscope; picture-in-picture; web-share\" referrerpolicy=\"strict-origin-when-cross-origin\" allowfullscreen><\/iframe><\/p>","protected":false},"excerpt":{"rendered":"<p>Prep\u00e1rate para adentrarte en el coraz\u00f3n de las Fallas de Val\u00e8ncia como nunca antes. Los pr\u00f3ximos 20 y 27 de noviembre, a las 20:30h, podr\u00e1s disfrutar de dos pases especiales&hellip; <a class=\"more-link\" href=\"https:\/\/cineslys.com\/val\/calendario\/la-danza-de-la-polvora-pase-especial\/\">Continue reading <span class=\"screen-reader-text\">La Danza de la P\u00f3lvora &#8211; Pase Especial<\/span><\/a><\/p>","protected":false},"author":1,"featured_media":10436,"template":"","meta":{"_tribe_events_status":"","_tribe_events_status_reason":"","footnotes":""},"tags":[],"tribe_events_cat":[30,19],"class_list":["post-10435","tribe_events","type-tribe_events","status-publish","has-post-thumbnail","hentry","tribe_events_cat-documentales","tribe_events_cat-visita-de-directores","cat_documentales","cat_visita-de-directores","entry"],"_links":{"self":[{"href":"https:\/\/cineslys.com\/val\/wp-json\/wp\/v2\/tribe_events\/10435","targetHints":{"allow":["GET"]}}],"collection":[{"href":"https:\/\/cineslys.com\/val\/wp-json\/wp\/v2\/tribe_events"}],"about":[{"href":"https:\/\/cineslys.com\/val\/wp-json\/wp\/v2\/types\/tribe_events"}],"author":[{"embeddable":true,"href":"https:\/\/cineslys.com\/val\/wp-json\/wp\/v2\/users\/1"}],"version-history":[{"count":0,"href":"https:\/\/cineslys.com\/val\/wp-json\/wp\/v2\/tribe_events\/10435\/revisions"}],"wp:featuredmedia":[{"embeddable":true,"href":"https:\/\/cineslys.com\/val\/wp-json\/wp\/v2\/media\/10436"}],"wp:attachment":[{"href":"https:\/\/cineslys.com\/val\/wp-json\/wp\/v2\/media?parent=10435"}],"wp:term":[{"taxonomy":"post_tag","embeddable":true,"href":"https:\/\/cineslys.com\/val\/wp-json\/wp\/v2\/tags?post=10435"},{"taxonomy":"tribe_events_cat","embeddable":true,"href":"https:\/\/cineslys.com\/val\/wp-json\/wp\/v2\/tribe_events_cat?post=10435"}],"curies":[{"name":"wp","href":"https:\/\/api.w.org\/{rel}","templated":true}]}}

La Danza de la Pólvora &#8211; Pase Especial

<p>Prepárate para adentrarte en el corazón de las Fallas de València como nunca antes. Los próximos 20 y 27 de noviembre, a las 20:30h, podrás disfrutar de dos pases especiales de La danza de la pólvora, el nuevo documental dirigido por Pablo Zanó.</p>
<p>Esta película invita a vivir las Fallas desde dentro, respirando su emoción y su ritmo como lo haría un auténtico fallero. A través de un acceso privilegiado, seguimos las historias de cinco figuras esenciales que mantienen viva esta tradición:</p>
<p><strong>Reyes Martí</strong>, la primera mujer pirotécnica<br />
<strong>Josué Beitia</strong>, artista fallero<br />
<strong>Carla Ruiz</strong>, Fallera Mayor de la Falla Ciscar-Burriana<br />
<strong>Manuel Baixauli</strong>, director de banda<br />
<strong>Rafa Chordá</strong>, diseñador del Manto de la Virgen</p>
<p>El documental nos abre las puertas a momentos únicos y poco conocidos: los preparativos del manto, el diseño de una mascletà, la dedicación de los talleres, la música que lo envuelve todo y ese sentimiento fallero que se transmite de generación en generación.</p>
<p>La danza de la pólvora combina una mirada visualmente cuidada con una narrativa que celebra la humanidad, el arte y la cultura que hacen de las Fallas una fiesta irrepetible.</p>
<p>Una experiencia para emocionarse, descubrir y reenamorarse de València.<br />
Te esperamos.</p>
<p><a href="https://www.reservaentradas.com/sesiones/valencia/cineslys/la-danza-de-la-polvora/6859?proximamente=true&#038;" rel="nofollow noopener" target="_blank"><button>Reserva tu entrada</button></a></p>
<p><iframe title="Tráiler La danza de la pólvora" width="750" height="422" src="https://www.youtube.com/embed/GeUZAA8ppH8?feature=oembed" frameborder="0" allow="accelerometer; autoplay; clipboard-write; encrypted-media; gyroscope; picture-in-picture; web-share" referrerpolicy="strict-origin-when-cross-origin" allowfullscreen></iframe></p>

<p>Prepárate para adentrarte en el corazón de las Fallas de València como nunca antes. Los próximos 20 y 27 de noviembre, a las 20:30h, podrás disfrutar de dos pases especiales&hellip; <a class="more-link" href="https://cineslys.com/val/calendario/la-danza-de-la-polvora-pase-especial/">Continue reading <span class="screen-reader-text">La Danza de la Pólvora &#8211; Pase Especial</span></a></p>
