									
{"id":10461,"date":"2025-11-19T11:42:24","date_gmt":"2025-11-19T11:42:24","guid":{"rendered":"https:\/\/cineslys.com\/?post_type=tribe_events&#038;p=10461"},"modified":"2025-11-19T11:42:25","modified_gmt":"2025-11-19T11:42:25","slug":"proyecto-viridiana-la-voz-de-hind","status":"publish","type":"tribe_events","link":"https:\/\/cineslys.com\/val\/calendario\/proyecto-viridiana-la-voz-de-hind\/","title":{"rendered":"Proyecto Viridiana: La voz de Hind"},"content":{"rendered":"<h3 data-start=\"388\" data-end=\"704\"><strong>Proyecto Viridiana: La voz de Hind<\/strong><\/h3>\n<p data-start=\"388\" data-end=\"704\">Vuelve Proyecto Viridiana con <strong>La voz de Hind<\/strong>, con la presencia online de la directora Kaouther Ben Hania.<\/p>\n<p data-start=\"388\" data-end=\"704\"><strong>Se mostrar\u00e1 un QR en pantalla donde podr\u00e9is hacerle vuestras preguntas al director.<\/strong><\/p>\n<p data-start=\"729\" data-end=\"1054\"><strong>Sinopsis:<\/strong> 29 de enero de 2024. Los voluntarios de la Media Luna Roja reciben una llamada de emergencia. Una ni\u00f1a de 6 a\u00f1os est\u00e1 atrapada en un coche bajo fuego en Gaza, suplicando ser rescatada. Mientras intentan mantener el contacto telef\u00f3nico con ella, hacen todo lo posible para enviarle una ambulancia. Su nombre: Hind Rajab.<\/p>\n<p data-start=\"388\" data-end=\"704\"><a href=\"https:\/\/www.reservaentradas.com\/cine\/valencia\/cineslys?#registro\" rel=\"nofollow noopener\" target=\"_blank\"><span style=\"color: #ff0000;\"><strong>Hazte socio de Cines Lys\u00a0<\/strong><\/span><\/a><\/p>\n<p><a href=\"https:\/\/www.reservaentradas.com\/entrada\/valencia\/cineslys\/proyecto-viridiana-la-voz-de-hind\/373211\/?step=2\" rel=\"nofollow noopener\" target=\"_blank\"><button>Reserva tu entrada<\/button><\/a><\/p>","protected":false},"excerpt":{"rendered":"<p>Proyecto Viridiana: La voz de Hind Vuelve Proyecto Viridiana con La voz de Hind, con la presencia online de la directora Kaouther Ben Hania. Se mostrar\u00e1 un QR en pantalla&hellip; <a class=\"more-link\" href=\"https:\/\/cineslys.com\/val\/calendario\/proyecto-viridiana-la-voz-de-hind\/\">Continue reading <span class=\"screen-reader-text\">Proyecto Viridiana: La voz de Hind<\/span><\/a><\/p>","protected":false},"author":1,"featured_media":10462,"template":"","meta":{"_tribe_events_status":"","_tribe_events_status_reason":"","footnotes":""},"tags":[],"tribe_events_cat":[32],"class_list":["post-10461","tribe_events","type-tribe_events","status-publish","has-post-thumbnail","hentry","tribe_events_cat-proyecto-viridiana","cat_proyecto-viridiana","entry"],"_links":{"self":[{"href":"https:\/\/cineslys.com\/val\/wp-json\/wp\/v2\/tribe_events\/10461","targetHints":{"allow":["GET"]}}],"collection":[{"href":"https:\/\/cineslys.com\/val\/wp-json\/wp\/v2\/tribe_events"}],"about":[{"href":"https:\/\/cineslys.com\/val\/wp-json\/wp\/v2\/types\/tribe_events"}],"author":[{"embeddable":true,"href":"https:\/\/cineslys.com\/val\/wp-json\/wp\/v2\/users\/1"}],"version-history":[{"count":0,"href":"https:\/\/cineslys.com\/val\/wp-json\/wp\/v2\/tribe_events\/10461\/revisions"}],"wp:featuredmedia":[{"embeddable":true,"href":"https:\/\/cineslys.com\/val\/wp-json\/wp\/v2\/media\/10462"}],"wp:attachment":[{"href":"https:\/\/cineslys.com\/val\/wp-json\/wp\/v2\/media?parent=10461"}],"wp:term":[{"taxonomy":"post_tag","embeddable":true,"href":"https:\/\/cineslys.com\/val\/wp-json\/wp\/v2\/tags?post=10461"},{"taxonomy":"tribe_events_cat","embeddable":true,"href":"https:\/\/cineslys.com\/val\/wp-json\/wp\/v2\/tribe_events_cat?post=10461"}],"curies":[{"name":"wp","href":"https:\/\/api.w.org\/{rel}","templated":true}]}}

<h3 data-start="388" data-end="704"><strong>Proyecto Viridiana: La voz de Hind</strong></h3>
<p data-start="388" data-end="704">Vuelve Proyecto Viridiana con <strong>La voz de Hind</strong>, con la presencia online de la directora Kaouther Ben Hania.</p>
<p data-start="388" data-end="704"><strong>Se mostrará un QR en pantalla donde podréis hacerle vuestras preguntas al director.</strong></p>
<p data-start="729" data-end="1054"><strong>Sinopsis:</strong> 29 de enero de 2024. Los voluntarios de la Media Luna Roja reciben una llamada de emergencia. Una niña de 6 años está atrapada en un coche bajo fuego en Gaza, suplicando ser rescatada. Mientras intentan mantener el contacto telefónico con ella, hacen todo lo posible para enviarle una ambulancia. Su nombre: Hind Rajab.</p>
<p data-start="388" data-end="704"><a href="https://www.reservaentradas.com/cine/valencia/cineslys?#registro" rel="nofollow noopener" target="_blank"><span style="color: #ff0000;"><strong>Hazte socio de Cines Lys </strong></span></a></p>
<p><a href="https://www.reservaentradas.com/entrada/valencia/cineslys/proyecto-viridiana-la-voz-de-hind/373211/?step=2" rel="nofollow noopener" target="_blank"><button>Reserva tu entrada</button></a></p>

<p>Proyecto Viridiana: La voz de Hind Vuelve Proyecto Viridiana con La voz de Hind, con la presencia online de la directora Kaouther Ben Hania. Se mostrará un QR en pantalla&hellip; <a class="more-link" href="https://cineslys.com/val/calendario/proyecto-viridiana-la-voz-de-hind/">Continue reading <span class="screen-reader-text">Proyecto Viridiana: La voz de Hind</span></a></p>
