									
{"id":10492,"date":"2025-11-20T15:37:43","date_gmt":"2025-11-20T15:37:43","guid":{"rendered":"https:\/\/cineslys.com\/?post_type=tribe_events&#038;p=10492"},"modified":"2025-11-20T15:37:43","modified_gmt":"2025-11-20T15:37:43","slug":"cine-club-lys-frontera-con-judith-colell","status":"publish","type":"tribe_events","link":"https:\/\/cineslys.com\/val\/calendario\/cine-club-lys-frontera-con-judith-colell\/","title":{"rendered":"Cine Club Lys: Frontera con Judith Colell"},"content":{"rendered":"<h3><b>Cine Club Lys: Frontera con Judith Colell<\/b><\/h3>\n<h3>Lunes, 01 de diciembre 16:30h, 18:00h y 19:30h<\/h3>\n<h6><a href=\"https:\/\/cineclublys.com\/matricula\/\" rel=\"nofollow noopener\" target=\"_blank\"><span style=\"color: #de0000;\">Matr\u00edcula abierta Cine Club Lys 2025-2026<\/span><\/a><\/h6>\n<p>Empezamos el mes de diciembre con la visita de Judith Colell quien nos viene a presentar su nueva pel\u00edcula \u00abFrontera\u00bb. Protagonizada por Miki Esparb\u00e9 (Perdiendo el Norte) y Bruna Cus\u00ed (Verano 1993)<\/p>\n<p><strong>Sinopsis:<\/strong> A\u00f1o 1943, plena guerra en Europa. Franco ha bloqueado el paso de jud\u00edos que huyen de la represi\u00f3n nazi por los Pirineos. En la aduana de un pueblo fronterizo, Manel Grau, un funcionario con pasado republicano, decide contravenir las \u00f3rdenes ayudado por Juliana, una vecina del pueblo, y Jer\u00f4me, un pasador franc\u00e9s. Entre todos inician una cruzada para ayudar a huir a tantos jud\u00edos como sea posible. Es entonces cuando Manel se ver\u00e1 atrapado en una peligrosa odisea que despertar\u00e1 en \u00e9l y en su mujer Merc\u00e9 viejos fantasmas de la todav\u00eda reciente guerra civil espa\u00f1ola.<\/p>\n<p><a href=\"https:\/\/www.reservaentradas.com\/sesiones\/valencia\/cineslys\/cine-club-lys-frontera\/6934\" rel=\"nofollow noopener\" target=\"_blank\"> <button>Reserva tu entrada<\/button> <\/a><\/p>\n<p><iframe title=\"FRONTERA. Tr\u00e1iler oficial. 12 de diciembre en cines.\" width=\"750\" height=\"422\" src=\"https:\/\/www.youtube.com\/embed\/vChxxo3yBOo?feature=oembed\" frameborder=\"0\" allow=\"accelerometer; autoplay; clipboard-write; encrypted-media; gyroscope; picture-in-picture; web-share\" referrerpolicy=\"strict-origin-when-cross-origin\" allowfullscreen><\/iframe><\/p>","protected":false},"excerpt":{"rendered":"<p>Cine Club Lys: Frontera con Judith Colell Lunes, 01 de diciembre 16:30h, 18:00h y 19:30h Matr\u00edcula abierta Cine Club Lys 2025-2026 Empezamos el mes de diciembre con la visita de&hellip; <a class=\"more-link\" href=\"https:\/\/cineslys.com\/val\/calendario\/cine-club-lys-frontera-con-judith-colell\/\">Continue reading <span class=\"screen-reader-text\">Cine Club Lys: Frontera con Judith Colell<\/span><\/a><\/p>","protected":false},"author":1,"featured_media":10493,"template":"","meta":{"_tribe_events_status":"","_tribe_events_status_reason":"","footnotes":""},"tags":[],"tribe_events_cat":[18,19],"class_list":["post-10492","tribe_events","type-tribe_events","status-publish","has-post-thumbnail","hentry","tribe_events_cat-cine-club","tribe_events_cat-visita-de-directores","cat_cine-club","cat_visita-de-directores","entry"],"_links":{"self":[{"href":"https:\/\/cineslys.com\/val\/wp-json\/wp\/v2\/tribe_events\/10492","targetHints":{"allow":["GET"]}}],"collection":[{"href":"https:\/\/cineslys.com\/val\/wp-json\/wp\/v2\/tribe_events"}],"about":[{"href":"https:\/\/cineslys.com\/val\/wp-json\/wp\/v2\/types\/tribe_events"}],"author":[{"embeddable":true,"href":"https:\/\/cineslys.com\/val\/wp-json\/wp\/v2\/users\/1"}],"version-history":[{"count":0,"href":"https:\/\/cineslys.com\/val\/wp-json\/wp\/v2\/tribe_events\/10492\/revisions"}],"wp:featuredmedia":[{"embeddable":true,"href":"https:\/\/cineslys.com\/val\/wp-json\/wp\/v2\/media\/10493"}],"wp:attachment":[{"href":"https:\/\/cineslys.com\/val\/wp-json\/wp\/v2\/media?parent=10492"}],"wp:term":[{"taxonomy":"post_tag","embeddable":true,"href":"https:\/\/cineslys.com\/val\/wp-json\/wp\/v2\/tags?post=10492"},{"taxonomy":"tribe_events_cat","embeddable":true,"href":"https:\/\/cineslys.com\/val\/wp-json\/wp\/v2\/tribe_events_cat?post=10492"}],"curies":[{"name":"wp","href":"https:\/\/api.w.org\/{rel}","templated":true}]}}

<h3><b>Cine Club Lys: Frontera con Judith Colell</b></h3>
<h3>Lunes, 01 de diciembre 16:30h, 18:00h y 19:30h</h3>
<h6><a href="https://cineclublys.com/matricula/" rel="nofollow noopener" target="_blank"><span style="color: #de0000;">Matrícula abierta Cine Club Lys 2025-2026</span></a></h6>
<p>Empezamos el mes de diciembre con la visita de Judith Colell quien nos viene a presentar su nueva película «Frontera». Protagonizada por Miki Esparbé (Perdiendo el Norte) y Bruna Cusí (Verano 1993)</p>
<p><strong>Sinopsis:</strong> Año 1943, plena guerra en Europa. Franco ha bloqueado el paso de judíos que huyen de la represión nazi por los Pirineos. En la aduana de un pueblo fronterizo, Manel Grau, un funcionario con pasado republicano, decide contravenir las órdenes ayudado por Juliana, una vecina del pueblo, y Jerôme, un pasador francés. Entre todos inician una cruzada para ayudar a huir a tantos judíos como sea posible. Es entonces cuando Manel se verá atrapado en una peligrosa odisea que despertará en él y en su mujer Mercé viejos fantasmas de la todavía reciente guerra civil española.</p>
<p><a href="https://www.reservaentradas.com/sesiones/valencia/cineslys/cine-club-lys-frontera/6934" rel="nofollow noopener" target="_blank"> <button>Reserva tu entrada</button> </a></p>
<p><iframe title="FRONTERA. Tráiler oficial. 12 de diciembre en cines." width="750" height="422" src="https://www.youtube.com/embed/vChxxo3yBOo?feature=oembed" frameborder="0" allow="accelerometer; autoplay; clipboard-write; encrypted-media; gyroscope; picture-in-picture; web-share" referrerpolicy="strict-origin-when-cross-origin" allowfullscreen></iframe></p>

<p>Cine Club Lys: Frontera con Judith Colell Lunes, 01 de diciembre 16:30h, 18:00h y 19:30h Matrícula abierta Cine Club Lys 2025-2026 Empezamos el mes de diciembre con la visita de&hellip; <a class="more-link" href="https://cineslys.com/val/calendario/cine-club-lys-frontera-con-judith-colell/">Continue reading <span class="screen-reader-text">Cine Club Lys: Frontera con Judith Colell</span></a></p>
