									
{"id":10574,"date":"2025-11-27T10:48:34","date_gmt":"2025-11-27T10:48:34","guid":{"rendered":"https:\/\/cineslys.com\/?post_type=tribe_events&#038;p=10574"},"modified":"2025-11-29T13:20:25","modified_gmt":"2025-11-29T13:20:25","slug":"documental-la-danza-de-la-polvora","status":"publish","type":"tribe_events","link":"https:\/\/cineslys.com\/val\/calendario\/documental-la-danza-de-la-polvora\/","title":{"rendered":"Documental \u00abLa danza de la p\u00f3lvora\u00bb"},"content":{"rendered":"<p>Sigue en cartel el documental \u00abLa Danza de la P\u00f3lvora\u00bb en los Cines Lys de Valencia. Un documental lleno de emoci\u00f3n e historia de las Fallas. \u00bfConoc\u00edas la labor de los Vestidores de la Virgen? \u00bfSab\u00edas de la primer mujer pirot\u00e9cnica? Acomp\u00e1\u00f1anos a este viaje, corto pero intenso, para conocer m\u00e1s sobre nuestras Fallas, y vivir la emoci\u00f3n fallera desde dentro.<\/p>\n<p><a href=\"https:\/\/www.reservaentradas.com\/entrada\/valencia\/cineslys\/la-danza-de-la-polvora\/374195\/?step=2\" rel=\"nofollow noopener\" target=\"_blank\"><button>Reserva tu entrada<\/button><\/a><\/p>\n<p><iframe title=\"Los Vestidores de la Virgen en Fallas - Documental La Danza de la P\u00f3lvora\" width=\"750\" height=\"422\" src=\"https:\/\/www.youtube.com\/embed\/ZUb5cjni0I8?feature=oembed\" frameborder=\"0\" allow=\"accelerometer; autoplay; clipboard-write; encrypted-media; gyroscope; picture-in-picture; web-share\" referrerpolicy=\"strict-origin-when-cross-origin\" allowfullscreen><\/iframe><\/p>","protected":false},"excerpt":{"rendered":"<p>Sigue en cartel el documental \u00abLa Danza de la P\u00f3lvora\u00bb en los Cines Lys de Valencia. Un documental lleno de emoci\u00f3n e historia de las Fallas. \u00bfConoc\u00edas la labor de&hellip; <a class=\"more-link\" href=\"https:\/\/cineslys.com\/val\/calendario\/documental-la-danza-de-la-polvora\/\">Continue reading <span class=\"screen-reader-text\">Documental \u00abLa danza de la p\u00f3lvora\u00bb<\/span><\/a><\/p>","protected":false},"author":1,"featured_media":10591,"template":"","meta":{"_tribe_events_status":"","_tribe_events_status_reason":"","footnotes":""},"tags":[],"tribe_events_cat":[30,24,19],"class_list":["post-10574","tribe_events","type-tribe_events","status-publish","has-post-thumbnail","hentry","tribe_events_cat-documentales","tribe_events_cat-eventos","tribe_events_cat-visita-de-directores","cat_documentales","cat_eventos","cat_visita-de-directores","entry"],"_links":{"self":[{"href":"https:\/\/cineslys.com\/val\/wp-json\/wp\/v2\/tribe_events\/10574","targetHints":{"allow":["GET"]}}],"collection":[{"href":"https:\/\/cineslys.com\/val\/wp-json\/wp\/v2\/tribe_events"}],"about":[{"href":"https:\/\/cineslys.com\/val\/wp-json\/wp\/v2\/types\/tribe_events"}],"author":[{"embeddable":true,"href":"https:\/\/cineslys.com\/val\/wp-json\/wp\/v2\/users\/1"}],"version-history":[{"count":0,"href":"https:\/\/cineslys.com\/val\/wp-json\/wp\/v2\/tribe_events\/10574\/revisions"}],"wp:featuredmedia":[{"embeddable":true,"href":"https:\/\/cineslys.com\/val\/wp-json\/wp\/v2\/media\/10591"}],"wp:attachment":[{"href":"https:\/\/cineslys.com\/val\/wp-json\/wp\/v2\/media?parent=10574"}],"wp:term":[{"taxonomy":"post_tag","embeddable":true,"href":"https:\/\/cineslys.com\/val\/wp-json\/wp\/v2\/tags?post=10574"},{"taxonomy":"tribe_events_cat","embeddable":true,"href":"https:\/\/cineslys.com\/val\/wp-json\/wp\/v2\/tribe_events_cat?post=10574"}],"curies":[{"name":"wp","href":"https:\/\/api.w.org\/{rel}","templated":true}]}}

Documental «La danza de la pólvora»

<p>Sigue en cartel el documental «La Danza de la Pólvora» en los Cines Lys de Valencia. Un documental lleno de emoción e historia de las Fallas. ¿Conocías la labor de los Vestidores de la Virgen? ¿Sabías de la primer mujer pirotécnica? Acompáñanos a este viaje, corto pero intenso, para conocer más sobre nuestras Fallas, y vivir la emoción fallera desde dentro.</p>
<p><a href="https://www.reservaentradas.com/entrada/valencia/cineslys/la-danza-de-la-polvora/374195/?step=2" rel="nofollow noopener" target="_blank"><button>Reserva tu entrada</button></a></p>
<p><iframe title="Los Vestidores de la Virgen en Fallas - Documental La Danza de la Pólvora" width="750" height="422" src="https://www.youtube.com/embed/ZUb5cjni0I8?feature=oembed" frameborder="0" allow="accelerometer; autoplay; clipboard-write; encrypted-media; gyroscope; picture-in-picture; web-share" referrerpolicy="strict-origin-when-cross-origin" allowfullscreen></iframe></p>

<p>Sigue en cartel el documental «La Danza de la Pólvora» en los Cines Lys de Valencia. Un documental lleno de emoción e historia de las Fallas. ¿Conocías la labor de&hellip; <a class="more-link" href="https://cineslys.com/val/calendario/documental-la-danza-de-la-polvora/">Continue reading <span class="screen-reader-text">Documental «La danza de la pólvora»</span></a></p>
