									
{"id":10611,"date":"2025-12-02T17:18:44","date_gmt":"2025-12-02T17:18:44","guid":{"rendered":"https:\/\/cineslys.com\/?post_type=tribe_events&#038;p=10611"},"modified":"2025-12-02T17:20:30","modified_gmt":"2025-12-02T17:20:30","slug":"cine-club-lys-alba-flores-flores-para-antonio","status":"publish","type":"tribe_events","link":"https:\/\/cineslys.com\/val\/calendario\/cine-club-lys-alba-flores-flores-para-antonio\/","title":{"rendered":"Cine Club Lys: Flores para Antonio con Alba Flores"},"content":{"rendered":"<h3><b>Cine Club Lys: Flores para Antonio con Alba Flores<\/b><\/h3>\n<h3><span style=\"color: #ff0000;\">Lunes<\/span>\u00a015 de diciembre 16:30h, 18:00h y 19:30h<\/h3>\n<h6><a href=\"https:\/\/cineclublys.com\/matricula\/\" rel=\"nofollow noopener\" target=\"_blank\"><span style=\"color: #de0000;\">Matr\u00edcula abierta Cine Club Lys 2025-2026. No matriculados precio 20\u20ac<\/span><\/a><\/h6>\n<p>El lunes 15 de diciembre tenemos un pase muy especial e \u00edntimo. Podremos ver el documental de \u00abFlores para Antonio\u00bb junto a Alba Flores. Un homenaje al legendario cantautor Antonio Flores. <\/p>\n<p><strong>Sinopsis:<\/strong>Una hija se dispone a buscar la verdad sobre qui\u00e9n fue su padre, un m\u00fasico legendario, fallecido cuando ella ten\u00eda 8 a\u00f1os. \u00c9l es Antonio Flores, ella la tambi\u00e9n c\u00e9lebre actriz Alba Flores. Alba dej\u00f3 de cantar al perder a Antonio y ahora se dispone a recuperar su voz y su historia, preguntando por primera vez a sus familiares y amigos.<\/p>\n<p><a href=\"https:\/\/www.reservaentradas.com\/sesiones\/valencia\/cineslys\/cine-club-lys-flores-para-antonio\/6950\" rel=\"nofollow noopener\" target=\"_blank\"> <button>Reserva tu entrada<\/button> <\/a><\/p>\n<p><iframe title=\"FLORES PARA ANTONIO - Tr\u00e1iler Oficial\" width=\"750\" height=\"422\" src=\"https:\/\/www.youtube.com\/embed\/ryGeYp6wcws?feature=oembed\" frameborder=\"0\" allow=\"accelerometer; autoplay; clipboard-write; encrypted-media; gyroscope; picture-in-picture; web-share\" referrerpolicy=\"strict-origin-when-cross-origin\" allowfullscreen><\/iframe><\/p>","protected":false},"excerpt":{"rendered":"<p>Cine Club Lys: Flores para Antonio con Alba Flores Lunes\u00a015 de diciembre 16:30h, 18:00h y 19:30h Matr\u00edcula abierta Cine Club Lys 2025-2026. No matriculados precio 20\u20ac El lunes 15 de&hellip; <a class=\"more-link\" href=\"https:\/\/cineslys.com\/val\/calendario\/cine-club-lys-alba-flores-flores-para-antonio\/\">Continue reading <span class=\"screen-reader-text\">Cine Club Lys: Flores para Antonio con Alba Flores<\/span><\/a><\/p>","protected":false},"author":1,"featured_media":10612,"template":"","meta":{"_tribe_events_status":"","_tribe_events_status_reason":"","footnotes":""},"tags":[],"tribe_events_cat":[18,19],"class_list":["post-10611","tribe_events","type-tribe_events","status-publish","has-post-thumbnail","hentry","tribe_events_cat-cine-club","tribe_events_cat-visita-de-directores","cat_cine-club","cat_visita-de-directores","entry"],"_links":{"self":[{"href":"https:\/\/cineslys.com\/val\/wp-json\/wp\/v2\/tribe_events\/10611","targetHints":{"allow":["GET"]}}],"collection":[{"href":"https:\/\/cineslys.com\/val\/wp-json\/wp\/v2\/tribe_events"}],"about":[{"href":"https:\/\/cineslys.com\/val\/wp-json\/wp\/v2\/types\/tribe_events"}],"author":[{"embeddable":true,"href":"https:\/\/cineslys.com\/val\/wp-json\/wp\/v2\/users\/1"}],"version-history":[{"count":0,"href":"https:\/\/cineslys.com\/val\/wp-json\/wp\/v2\/tribe_events\/10611\/revisions"}],"wp:featuredmedia":[{"embeddable":true,"href":"https:\/\/cineslys.com\/val\/wp-json\/wp\/v2\/media\/10612"}],"wp:attachment":[{"href":"https:\/\/cineslys.com\/val\/wp-json\/wp\/v2\/media?parent=10611"}],"wp:term":[{"taxonomy":"post_tag","embeddable":true,"href":"https:\/\/cineslys.com\/val\/wp-json\/wp\/v2\/tags?post=10611"},{"taxonomy":"tribe_events_cat","embeddable":true,"href":"https:\/\/cineslys.com\/val\/wp-json\/wp\/v2\/tribe_events_cat?post=10611"}],"curies":[{"name":"wp","href":"https:\/\/api.w.org\/{rel}","templated":true}]}}

<h3><b>Cine Club Lys: Flores para Antonio con Alba Flores</b></h3>
<h3><span style="color: #ff0000;">Lunes</span> 15 de diciembre 16:30h, 18:00h y 19:30h</h3>
<h6><a href="https://cineclublys.com/matricula/" rel="nofollow noopener" target="_blank"><span style="color: #de0000;">Matrícula abierta Cine Club Lys 2025-2026. No matriculados precio 20€</span></a></h6>
<p>El lunes 15 de diciembre tenemos un pase muy especial e íntimo. Podremos ver el documental de «Flores para Antonio» junto a Alba Flores. Un homenaje al legendario cantautor Antonio Flores. </p>
<p><strong>Sinopsis:</strong>Una hija se dispone a buscar la verdad sobre quién fue su padre, un músico legendario, fallecido cuando ella tenía 8 años. Él es Antonio Flores, ella la también célebre actriz Alba Flores. Alba dejó de cantar al perder a Antonio y ahora se dispone a recuperar su voz y su historia, preguntando por primera vez a sus familiares y amigos.</p>
<p><a href="https://www.reservaentradas.com/sesiones/valencia/cineslys/cine-club-lys-flores-para-antonio/6950" rel="nofollow noopener" target="_blank"> <button>Reserva tu entrada</button> </a></p>
<p><iframe title="FLORES PARA ANTONIO - Tráiler Oficial" width="750" height="422" src="https://www.youtube.com/embed/ryGeYp6wcws?feature=oembed" frameborder="0" allow="accelerometer; autoplay; clipboard-write; encrypted-media; gyroscope; picture-in-picture; web-share" referrerpolicy="strict-origin-when-cross-origin" allowfullscreen></iframe></p>

<p>Cine Club Lys: Flores para Antonio con Alba Flores Lunes 15 de diciembre 16:30h, 18:00h y 19:30h Matrícula abierta Cine Club Lys 2025-2026. No matriculados precio 20€ El lunes 15 de&hellip; <a class="more-link" href="https://cineslys.com/val/calendario/cine-club-lys-alba-flores-flores-para-antonio/">Continue reading <span class="screen-reader-text">Cine Club Lys: Flores para Antonio con Alba Flores</span></a></p>
