									
{"id":10660,"date":"2025-12-09T19:14:23","date_gmt":"2025-12-09T19:14:23","guid":{"rendered":"https:\/\/cineslys.com\/?post_type=tribe_events&#038;p=10660"},"modified":"2025-12-09T19:14:24","modified_gmt":"2025-12-09T19:14:24","slug":"rolando-diaz-presenta-adios-cuba","status":"publish","type":"tribe_events","link":"https:\/\/cineslys.com\/val\/calendario\/rolando-diaz-presenta-adios-cuba\/","title":{"rendered":"Rolando D\u00edaz presenta Adi\u00f3s Cuba"},"content":{"rendered":"<h3><b>Cine + Coloquio: Adi\u00f3s Cuba con Rolando D\u00edaz<\/b><\/h3>\n<p>Este viernes contaremos con la presencia del director cubano Rolando D\u00edaz qui\u00e9n nos presentar\u00e1 su \u00faltimo proyecto rodado en Valencia. <\/p>\n<p><strong>Sinopsis:<\/strong>: Caridad, una directora de teatro cubana exiliada en Valencia, Espa\u00f1a, se empe\u00f1a en montar una Obra sobre el \u00e9xodo de cubanos de la Isla. Para llevar adelante dicho sue\u00f1o Caridad cuenta con amigos entra\u00f1ables, aunque en ocasiones surjan conflictos entre ellos; L\u00e1zaro, Regla y F\u00e1tima, la ayudar\u00e1n a buscar casos de fugas espectaculares (testimonios reales obtenidos en Estados Unidos y Espa\u00f1a) y a montar un escenario ins\u00f3lito en medio de una perdida Nave Industrial que le permita a trav\u00e9s de la m\u00fasica, la palabra, la danza y una imaginativa  escenograf\u00eda, expresar con fuerza su profunda mirada sobre el desarraigo, la nostalgia y la p\u00e9rdida de una Naci\u00f3n que se rompe .<\/p>\n<p><a href=\"https:\/\/www.reservaentradas.com\/entrada\/valencia\/cineslys\/adios-cuba\/372178\/?step=2\" rel=\"nofollow noopener\" target=\"_blank\"> <button>Reserva tu entrada<\/button> <\/a><\/p>\n<p><iframe title=\"ADI\u00d3S CUBA TRAILER OFICIAL\" width=\"750\" height=\"422\" src=\"https:\/\/www.youtube.com\/embed\/zDE7hD7a2HI?feature=oembed\" frameborder=\"0\" allow=\"accelerometer; autoplay; clipboard-write; encrypted-media; gyroscope; picture-in-picture; web-share\" referrerpolicy=\"strict-origin-when-cross-origin\" allowfullscreen><\/iframe><\/p>","protected":false},"excerpt":{"rendered":"<p>Cine + Coloquio: Adi\u00f3s Cuba con Rolando D\u00edaz Este viernes contaremos con la presencia del director cubano Rolando D\u00edaz qui\u00e9n nos presentar\u00e1 su \u00faltimo proyecto rodado en Valencia. Sinopsis:: Caridad,&hellip; <a class=\"more-link\" href=\"https:\/\/cineslys.com\/val\/calendario\/rolando-diaz-presenta-adios-cuba\/\">Continue reading <span class=\"screen-reader-text\">Rolando D\u00edaz presenta Adi\u00f3s Cuba<\/span><\/a><\/p>","protected":false},"author":1,"featured_media":10661,"template":"","meta":{"_tribe_events_status":"","_tribe_events_status_reason":"","footnotes":""},"tags":[],"tribe_events_cat":[26,24,19],"class_list":["post-10660","tribe_events","type-tribe_events","status-publish","has-post-thumbnail","hentry","tribe_events_cat-estrenos","tribe_events_cat-eventos","tribe_events_cat-visita-de-directores","cat_estrenos","cat_eventos","cat_visita-de-directores","entry"],"_links":{"self":[{"href":"https:\/\/cineslys.com\/val\/wp-json\/wp\/v2\/tribe_events\/10660","targetHints":{"allow":["GET"]}}],"collection":[{"href":"https:\/\/cineslys.com\/val\/wp-json\/wp\/v2\/tribe_events"}],"about":[{"href":"https:\/\/cineslys.com\/val\/wp-json\/wp\/v2\/types\/tribe_events"}],"author":[{"embeddable":true,"href":"https:\/\/cineslys.com\/val\/wp-json\/wp\/v2\/users\/1"}],"version-history":[{"count":0,"href":"https:\/\/cineslys.com\/val\/wp-json\/wp\/v2\/tribe_events\/10660\/revisions"}],"wp:featuredmedia":[{"embeddable":true,"href":"https:\/\/cineslys.com\/val\/wp-json\/wp\/v2\/media\/10661"}],"wp:attachment":[{"href":"https:\/\/cineslys.com\/val\/wp-json\/wp\/v2\/media?parent=10660"}],"wp:term":[{"taxonomy":"post_tag","embeddable":true,"href":"https:\/\/cineslys.com\/val\/wp-json\/wp\/v2\/tags?post=10660"},{"taxonomy":"tribe_events_cat","embeddable":true,"href":"https:\/\/cineslys.com\/val\/wp-json\/wp\/v2\/tribe_events_cat?post=10660"}],"curies":[{"name":"wp","href":"https:\/\/api.w.org\/{rel}","templated":true}]}}

Rolando Díaz presenta Adiós Cuba

<h3><b>Cine + Coloquio: Adiós Cuba con Rolando Díaz</b></h3>
<p>Este viernes contaremos con la presencia del director cubano Rolando Díaz quién nos presentará su último proyecto rodado en Valencia. </p>
<p><strong>Sinopsis:</strong>: Caridad, una directora de teatro cubana exiliada en Valencia, España, se empeña en montar una Obra sobre el éxodo de cubanos de la Isla. Para llevar adelante dicho sueño Caridad cuenta con amigos entrañables, aunque en ocasiones surjan conflictos entre ellos; Lázaro, Regla y Fátima, la ayudarán a buscar casos de fugas espectaculares (testimonios reales obtenidos en Estados Unidos y España) y a montar un escenario insólito en medio de una perdida Nave Industrial que le permita a través de la música, la palabra, la danza y una imaginativa  escenografía, expresar con fuerza su profunda mirada sobre el desarraigo, la nostalgia y la pérdida de una Nación que se rompe .</p>
<p><a href="https://www.reservaentradas.com/entrada/valencia/cineslys/adios-cuba/372178/?step=2" rel="nofollow noopener" target="_blank"> <button>Reserva tu entrada</button> </a></p>
<p><iframe title="ADIÓS CUBA TRAILER OFICIAL" width="750" height="422" src="https://www.youtube.com/embed/zDE7hD7a2HI?feature=oembed" frameborder="0" allow="accelerometer; autoplay; clipboard-write; encrypted-media; gyroscope; picture-in-picture; web-share" referrerpolicy="strict-origin-when-cross-origin" allowfullscreen></iframe></p>

<p>Cine + Coloquio: Adiós Cuba con Rolando Díaz Este viernes contaremos con la presencia del director cubano Rolando Díaz quién nos presentará su último proyecto rodado en Valencia. Sinopsis:: Caridad,&hellip; <a class="more-link" href="https://cineslys.com/val/calendario/rolando-diaz-presenta-adios-cuba/">Continue reading <span class="screen-reader-text">Rolando Díaz presenta Adiós Cuba</span></a></p>
