									
{"id":10665,"date":"2025-12-09T19:59:00","date_gmt":"2025-12-09T19:59:00","guid":{"rendered":"https:\/\/cineslys.com\/?post_type=tribe_events&#038;p=10665"},"modified":"2025-12-09T19:59:01","modified_gmt":"2025-12-09T19:59:01","slug":"ultimo-pase-la-danza-de-la-polvora","status":"publish","type":"tribe_events","link":"https:\/\/cineslys.com\/val\/calendario\/ultimo-pase-la-danza-de-la-polvora\/","title":{"rendered":"\u00daltimo Pase: La Danza de la P\u00f3lvora"},"content":{"rendered":"<h3><strong>\u00daltimo pase del a\u00f1o: La Danza de la P\u00f3lvora<\/strong><br \/>\nJueves 11 de diciembre 20:30h.<\/h3>\n<p>\u00daltima oportunidad confirmada este a\u00f1o para vivir La Danza de la P\u00f3lvora en cine.<br \/>\nNo sabemos cu\u00e1ndo ser\u00e1 el siguiente pase, as\u00ed que si quieres sentirla en sala, esta es tu ocasi\u00f3n.<\/p>\n<p><a href=\"https:\/\/www.reservaentradas.com\/entrada\/valencia\/cineslys\/la-danza-de-la-polvora\/374769\/?step=2\" rel=\"nofollow noopener\" target=\"_blank\"><button>Reserva tu entrada<\/button><\/a><\/p>\n<p><a href=\"https:\/\/www.reservaentradas.com\/entrada\/valencia\/cineslys\/la-danza-de-la-polvora\/374769\/?step=2\" rel=\"nofollow noopener\" target=\"_blank\">https:\/\/www.reservaentradas.com\/entrada\/valencia\/cineslys\/la-danza-de-la-polvora\/374769\/?step=2<\/a><\/p>","protected":false},"excerpt":{"rendered":"<p>\u00daltimo pase del a\u00f1o: La Danza de la P\u00f3lvora Jueves 11 de diciembre 20:30h. \u00daltima oportunidad confirmada este a\u00f1o para vivir La Danza de la P\u00f3lvora en cine. No sabemos&hellip; <a class=\"more-link\" href=\"https:\/\/cineslys.com\/val\/calendario\/ultimo-pase-la-danza-de-la-polvora\/\">Continue reading <span class=\"screen-reader-text\">\u00daltimo Pase: La Danza de la P\u00f3lvora<\/span><\/a><\/p>","protected":false},"author":1,"featured_media":10666,"template":"","meta":{"_tribe_events_status":"","_tribe_events_status_reason":"","footnotes":""},"tags":[],"tribe_events_cat":[30,24],"class_list":["post-10665","tribe_events","type-tribe_events","status-publish","has-post-thumbnail","hentry","tribe_events_cat-documentales","tribe_events_cat-eventos","cat_documentales","cat_eventos","entry"],"_links":{"self":[{"href":"https:\/\/cineslys.com\/val\/wp-json\/wp\/v2\/tribe_events\/10665","targetHints":{"allow":["GET"]}}],"collection":[{"href":"https:\/\/cineslys.com\/val\/wp-json\/wp\/v2\/tribe_events"}],"about":[{"href":"https:\/\/cineslys.com\/val\/wp-json\/wp\/v2\/types\/tribe_events"}],"author":[{"embeddable":true,"href":"https:\/\/cineslys.com\/val\/wp-json\/wp\/v2\/users\/1"}],"version-history":[{"count":0,"href":"https:\/\/cineslys.com\/val\/wp-json\/wp\/v2\/tribe_events\/10665\/revisions"}],"wp:featuredmedia":[{"embeddable":true,"href":"https:\/\/cineslys.com\/val\/wp-json\/wp\/v2\/media\/10666"}],"wp:attachment":[{"href":"https:\/\/cineslys.com\/val\/wp-json\/wp\/v2\/media?parent=10665"}],"wp:term":[{"taxonomy":"post_tag","embeddable":true,"href":"https:\/\/cineslys.com\/val\/wp-json\/wp\/v2\/tags?post=10665"},{"taxonomy":"tribe_events_cat","embeddable":true,"href":"https:\/\/cineslys.com\/val\/wp-json\/wp\/v2\/tribe_events_cat?post=10665"}],"curies":[{"name":"wp","href":"https:\/\/api.w.org\/{rel}","templated":true}]}}

Último Pase: La Danza de la Pólvora

<h3><strong>Último pase del año: La Danza de la Pólvora</strong><br />
Jueves 11 de diciembre 20:30h.</h3>
<p>Última oportunidad confirmada este año para vivir La Danza de la Pólvora en cine.<br />
No sabemos cuándo será el siguiente pase, así que si quieres sentirla en sala, esta es tu ocasión.</p>
<p><a href="https://www.reservaentradas.com/entrada/valencia/cineslys/la-danza-de-la-polvora/374769/?step=2" rel="nofollow noopener" target="_blank"><button>Reserva tu entrada</button></a></p>
<p><a href="https://www.reservaentradas.com/entrada/valencia/cineslys/la-danza-de-la-polvora/374769/?step=2" rel="nofollow noopener" target="_blank">https://www.reservaentradas.com/entrada/valencia/cineslys/la-danza-de-la-polvora/374769/?step=2</a></p>

<p>Último pase del año: La Danza de la Pólvora Jueves 11 de diciembre 20:30h. Última oportunidad confirmada este año para vivir La Danza de la Pólvora en cine. No sabemos&hellip; <a class="more-link" href="https://cineslys.com/val/calendario/ultimo-pase-la-danza-de-la-polvora/">Continue reading <span class="screen-reader-text">Último Pase: La Danza de la Pólvora</span></a></p>
