									
{"id":10760,"date":"2025-12-24T09:26:21","date_gmt":"2025-12-24T09:26:21","guid":{"rendered":"https:\/\/cineslys.com\/?post_type=tribe_events&#038;p=10760"},"modified":"2025-12-24T09:26:21","modified_gmt":"2025-12-24T09:26:21","slug":"cita-a-ciegas-con-el-cine","status":"publish","type":"tribe_events","link":"https:\/\/cineslys.com\/val\/calendario\/cita-a-ciegas-con-el-cine\/","title":{"rendered":"Cita a Ciegas Con el Cine:"},"content":{"rendered":"<h3><strong>Cita a Ciegas Con el Cine<\/strong><br \/>\nMartes 13 de enero 19:30h.<\/h3>\n<p>Primer Cita a Ciegas del a\u00f1o, tras poder disfrutar en diciembre de la comedia espa\u00f1ola \u00ab<strong>La noche que mi madre mat\u00f3 a mi padre<\/strong>\u00ab, dirigida por In\u00e9s Par\u00eds y protagonizada por Bel\u00e9n Rueda, Eduard Fern\u00e1ndez, Diego Peretti, Mar\u00eda Pujalte, entre otros.<\/p>\n<p>Toca turno de mirar al pr\u00f3ximo martes 13 de enero \u00bfser\u00e1 una comedia? \u00bfun drama? \u00bfun reestreno? Solo lo sabremos a las 19:35h del mismo martes&#8230;<\/p>\n<p><strong>Nos vemos en Lys.<\/strong><\/p>\n<p><a href=\"https:\/\/www.reservaentradas.com\/entrada\/valencia\/cineslys\/cita-a-ciegas-con-el-cine\/375450\/?step=2\" rel=\"nofollow noopener\" target=\"_blank\"><button>Reserva tu entrada<\/button><\/a><\/p>","protected":false},"excerpt":{"rendered":"<p>Cita a Ciegas Con el Cine Martes 13 de enero 19:30h. Primer Cita a Ciegas del a\u00f1o, tras poder disfrutar en diciembre de la comedia espa\u00f1ola \u00abLa noche que mi&hellip; <a class=\"more-link\" href=\"https:\/\/cineslys.com\/val\/calendario\/cita-a-ciegas-con-el-cine\/\">Continue reading <span class=\"screen-reader-text\">Cita a Ciegas Con el Cine:<\/span><\/a><\/p>","protected":false},"author":1,"featured_media":10761,"template":"","meta":{"_tribe_events_status":"","_tribe_events_status_reason":"","footnotes":""},"tags":[],"tribe_events_cat":[16],"class_list":["post-10760","tribe_events","type-tribe_events","status-publish","has-post-thumbnail","hentry","tribe_events_cat-cita-a-ciegas","cat_cita-a-ciegas","entry"],"_links":{"self":[{"href":"https:\/\/cineslys.com\/val\/wp-json\/wp\/v2\/tribe_events\/10760","targetHints":{"allow":["GET"]}}],"collection":[{"href":"https:\/\/cineslys.com\/val\/wp-json\/wp\/v2\/tribe_events"}],"about":[{"href":"https:\/\/cineslys.com\/val\/wp-json\/wp\/v2\/types\/tribe_events"}],"author":[{"embeddable":true,"href":"https:\/\/cineslys.com\/val\/wp-json\/wp\/v2\/users\/1"}],"version-history":[{"count":0,"href":"https:\/\/cineslys.com\/val\/wp-json\/wp\/v2\/tribe_events\/10760\/revisions"}],"wp:featuredmedia":[{"embeddable":true,"href":"https:\/\/cineslys.com\/val\/wp-json\/wp\/v2\/media\/10761"}],"wp:attachment":[{"href":"https:\/\/cineslys.com\/val\/wp-json\/wp\/v2\/media?parent=10760"}],"wp:term":[{"taxonomy":"post_tag","embeddable":true,"href":"https:\/\/cineslys.com\/val\/wp-json\/wp\/v2\/tags?post=10760"},{"taxonomy":"tribe_events_cat","embeddable":true,"href":"https:\/\/cineslys.com\/val\/wp-json\/wp\/v2\/tribe_events_cat?post=10760"}],"curies":[{"name":"wp","href":"https:\/\/api.w.org\/{rel}","templated":true}]}}

<h3><strong>Cita a Ciegas Con el Cine</strong><br />
Martes 13 de enero 19:30h.</h3>
<p>Primer Cita a Ciegas del año, tras poder disfrutar en diciembre de la comedia española «<strong>La noche que mi madre mató a mi padre</strong>«, dirigida por Inés París y protagonizada por Belén Rueda, Eduard Fernández, Diego Peretti, María Pujalte, entre otros.</p>
<p>Toca turno de mirar al próximo martes 13 de enero ¿será una comedia? ¿un drama? ¿un reestreno? Solo lo sabremos a las 19:35h del mismo martes&#8230;</p>
<p><strong>Nos vemos en Lys.</strong></p>
<p><a href="https://www.reservaentradas.com/entrada/valencia/cineslys/cita-a-ciegas-con-el-cine/375450/?step=2" rel="nofollow noopener" target="_blank"><button>Reserva tu entrada</button></a></p>

<p>Cita a Ciegas Con el Cine Martes 13 de enero 19:30h. Primer Cita a Ciegas del año, tras poder disfrutar en diciembre de la comedia española «La noche que mi&hellip; <a class="more-link" href="https://cineslys.com/val/calendario/cita-a-ciegas-con-el-cine/">Continue reading <span class="screen-reader-text">Cita a Ciegas Con el Cine:</span></a></p>
