									
{"id":10815,"date":"2026-01-07T20:18:38","date_gmt":"2026-01-07T20:18:38","guid":{"rendered":"https:\/\/cineslys.com\/?post_type=tribe_events&#038;p=10815"},"modified":"2026-01-07T20:25:14","modified_gmt":"2026-01-07T20:25:14","slug":"ciclo-azcona-el-verdugo-de-luis-garcia-berlanga","status":"publish","type":"tribe_events","link":"https:\/\/cineslys.com\/val\/calendario\/ciclo-azcona-el-verdugo-de-luis-garcia-berlanga\/","title":{"rendered":"Ciclo Azcona: El Verdugo de Luis Garc\u00eda Berlanga"},"content":{"rendered":"<h3><strong>Ciclo Azcona: El verdugo de Luis Garc\u00eda Berlanga<\/strong><\/h3>\n<h3><span style=\"font-size: 18px; font-weight: 600; letter-spacing: 0.9px;\">Jueves 22 de enero 19:30h<\/span><\/h3>\n<p>Comienza un nuevo Ciclo los jueves junto a los amigos de Avalon Cine. El Universo Rafael Azcona, uno de los guionistas m\u00e1s importantes de Espa\u00f1a que cumple 100 a\u00f1os de su nacimiento. <\/p>\n<p>El primer pase ser\u00e1 con la pel\u00edcula \u00abEl Verdugo\u00bb de Luis Garc\u00eda Berlanga de 1963, una de sus pel\u00edculas m\u00e1s importantes de su dilatada carrera. No pod\u00edamos empezar mejor que con el gran director valenciano.<\/p>\n<p><strong>Sinopsis<\/strong>: Jos\u00e9 Luis, el empleado de una funeraria, proyecta emigrar a Alemania para convertirse en un buen mec\u00e1nico. Su novia es hija de Amadeo, un verdugo profesional. Cuando \u00e9ste los sorprende en la intimidad, los obliga a casarse. Ante la acuciante falta de medios econ\u00f3micos de los reci\u00e9n casados, Amadeo, que est\u00e1 a punto de jubilarse, trata de persuadir a Jos\u00e9 Luis para que solicite la plaza que \u00e9l va a dejar vacante, lo que le dar\u00eda derecho a una vivienda. Jos\u00e9 Luis acaba aceptando la propuesta de su suegro con el convencimiento de que jam\u00e1s se presentar\u00e1 la ocasi\u00f3n de ejercer tan ignominioso oficio.<\/p>\n<p><a href=\"https:\/\/www.reservaentradas.com\/entrada\/valencia\/cineslys\/ciclo-azcona-el-verdugo\/376383\/?step=2\" rel=\"nofollow noopener\" target=\"_blank\"><button>Reserva tu entrada<\/button><\/a><\/p>","protected":false},"excerpt":{"rendered":"<p>Ciclo Azcona: El verdugo de Luis Garc\u00eda Berlanga Jueves 22 de enero 19:30h Comienza un nuevo Ciclo los jueves junto a los amigos de Avalon Cine. El Universo Rafael Azcona,&hellip; <a class=\"more-link\" href=\"https:\/\/cineslys.com\/val\/calendario\/ciclo-azcona-el-verdugo-de-luis-garcia-berlanga\/\">Continue reading <span class=\"screen-reader-text\">Ciclo Azcona: El Verdugo de Luis Garc\u00eda Berlanga<\/span><\/a><\/p>","protected":false},"author":1,"featured_media":10817,"template":"","meta":{"_tribe_events_status":"","_tribe_events_status_reason":"","footnotes":""},"tags":[],"tribe_events_cat":[81],"class_list":["post-10815","tribe_events","type-tribe_events","status-publish","has-post-thumbnail","hentry","tribe_events_cat-ciclo-clasico","cat_ciclo-clasico","entry"],"_links":{"self":[{"href":"https:\/\/cineslys.com\/val\/wp-json\/wp\/v2\/tribe_events\/10815","targetHints":{"allow":["GET"]}}],"collection":[{"href":"https:\/\/cineslys.com\/val\/wp-json\/wp\/v2\/tribe_events"}],"about":[{"href":"https:\/\/cineslys.com\/val\/wp-json\/wp\/v2\/types\/tribe_events"}],"author":[{"embeddable":true,"href":"https:\/\/cineslys.com\/val\/wp-json\/wp\/v2\/users\/1"}],"version-history":[{"count":0,"href":"https:\/\/cineslys.com\/val\/wp-json\/wp\/v2\/tribe_events\/10815\/revisions"}],"wp:featuredmedia":[{"embeddable":true,"href":"https:\/\/cineslys.com\/val\/wp-json\/wp\/v2\/media\/10817"}],"wp:attachment":[{"href":"https:\/\/cineslys.com\/val\/wp-json\/wp\/v2\/media?parent=10815"}],"wp:term":[{"taxonomy":"post_tag","embeddable":true,"href":"https:\/\/cineslys.com\/val\/wp-json\/wp\/v2\/tags?post=10815"},{"taxonomy":"tribe_events_cat","embeddable":true,"href":"https:\/\/cineslys.com\/val\/wp-json\/wp\/v2\/tribe_events_cat?post=10815"}],"curies":[{"name":"wp","href":"https:\/\/api.w.org\/{rel}","templated":true}]}}

Ciclo Azcona: El Verdugo de Luis García Berlanga

<h3><strong>Ciclo Azcona: El verdugo de Luis García Berlanga</strong></h3>
<h3><span style="font-size: 18px; font-weight: 600; letter-spacing: 0.9px;">Jueves 22 de enero 19:30h</span></h3>
<p>Comienza un nuevo Ciclo los jueves junto a los amigos de Avalon Cine. El Universo Rafael Azcona, uno de los guionistas más importantes de España que cumple 100 años de su nacimiento. </p>
<p>El primer pase será con la película «El Verdugo» de Luis García Berlanga de 1963, una de sus películas más importantes de su dilatada carrera. No podíamos empezar mejor que con el gran director valenciano.</p>
<p><strong>Sinopsis</strong>: José Luis, el empleado de una funeraria, proyecta emigrar a Alemania para convertirse en un buen mecánico. Su novia es hija de Amadeo, un verdugo profesional. Cuando éste los sorprende en la intimidad, los obliga a casarse. Ante la acuciante falta de medios económicos de los recién casados, Amadeo, que está a punto de jubilarse, trata de persuadir a José Luis para que solicite la plaza que él va a dejar vacante, lo que le daría derecho a una vivienda. José Luis acaba aceptando la propuesta de su suegro con el convencimiento de que jamás se presentará la ocasión de ejercer tan ignominioso oficio.</p>
<p><a href="https://www.reservaentradas.com/entrada/valencia/cineslys/ciclo-azcona-el-verdugo/376383/?step=2" rel="nofollow noopener" target="_blank"><button>Reserva tu entrada</button></a></p>

<p>Ciclo Azcona: El verdugo de Luis García Berlanga Jueves 22 de enero 19:30h Comienza un nuevo Ciclo los jueves junto a los amigos de Avalon Cine. El Universo Rafael Azcona,&hellip; <a class="more-link" href="https://cineslys.com/val/calendario/ciclo-azcona-el-verdugo-de-luis-garcia-berlanga/">Continue reading <span class="screen-reader-text">Ciclo Azcona: El Verdugo de Luis García Berlanga</span></a></p>
