									
{"id":10826,"date":"2026-01-07T20:40:14","date_gmt":"2026-01-07T20:40:14","guid":{"rendered":"https:\/\/cineslys.com\/?post_type=tribe_events&#038;p=10826"},"modified":"2026-01-07T20:41:08","modified_gmt":"2026-01-07T20:41:08","slug":"ciclo-azcona-ay-carmela-de-carlos-saura","status":"publish","type":"tribe_events","link":"https:\/\/cineslys.com\/val\/calendario\/ciclo-azcona-ay-carmela-de-carlos-saura\/","title":{"rendered":"Ciclo Azcona: \u00a1Ay, Carmela! de Carlos Saura"},"content":{"rendered":"<h3><strong>Ciclo Azcona: \u00a1Ay, Carmela! de Carlos Saura<\/strong><\/h3>\n<h3><span style=\"font-size: 18px; font-weight: 600; letter-spacing: 0.9px;\">Jueves 19 de febrero 19:30h<\/span><\/h3>\n<p>Toca el turno de volver a disfrutar en la gran pantalla de \u00a1Ay Carmela! pel\u00edcula dirigida por Carlos Saura. Una comedia protagonizada por Carmen Maura, Andr\u00e9s Pajares y Gabino Diego. Ganadora de 13 premios Goya en 1990, incluyendo mejor pel\u00edcula, mejor director, mejor actor y mejor actriz.<\/p>\n<p><strong>Sinopsis<\/strong>:Durante la Guerra Civil espa\u00f1ola (1936-1939), un grupo de c\u00f3micos ameniza como puede la vida de los soldados republicanos. Cansados de pasar penalidades en el frente, deciden dirigirse a Valencia. Pero por error van a parar a la zona nacional, donde caen prisioneros. La \u00fanica manera de salvar sus vidas es representar un espect\u00e1culo para un grupo de militares, que choca de lleno con la ideolog\u00eda de los c\u00f3micos. <\/p>\n<p><a href=\"https:\/\/www.reservaentradas.com\/entrada\/valencia\/cineslys\/ciclo-azcona-iexcl-ay-carmela\/376385\/?step=2\" rel=\"nofollow noopener\" target=\"_blank\"><button>Reserva tu entrada<\/button><\/a><\/p>","protected":false},"excerpt":{"rendered":"<p>Ciclo Azcona: \u00a1Ay, Carmela! de Carlos Saura Jueves 19 de febrero 19:30h Toca el turno de volver a disfrutar en la gran pantalla de \u00a1Ay Carmela! pel\u00edcula dirigida por Carlos&hellip; <a class=\"more-link\" href=\"https:\/\/cineslys.com\/val\/calendario\/ciclo-azcona-ay-carmela-de-carlos-saura\/\">Continue reading <span class=\"screen-reader-text\">Ciclo Azcona: \u00a1Ay, Carmela! de Carlos Saura<\/span><\/a><\/p>","protected":false},"author":1,"featured_media":10828,"template":"","meta":{"_tribe_events_status":"","_tribe_events_status_reason":"","footnotes":""},"tags":[],"tribe_events_cat":[81],"class_list":["post-10826","tribe_events","type-tribe_events","status-publish","has-post-thumbnail","hentry","tribe_events_cat-ciclo-clasico","cat_ciclo-clasico","entry"],"_links":{"self":[{"href":"https:\/\/cineslys.com\/val\/wp-json\/wp\/v2\/tribe_events\/10826","targetHints":{"allow":["GET"]}}],"collection":[{"href":"https:\/\/cineslys.com\/val\/wp-json\/wp\/v2\/tribe_events"}],"about":[{"href":"https:\/\/cineslys.com\/val\/wp-json\/wp\/v2\/types\/tribe_events"}],"author":[{"embeddable":true,"href":"https:\/\/cineslys.com\/val\/wp-json\/wp\/v2\/users\/1"}],"version-history":[{"count":0,"href":"https:\/\/cineslys.com\/val\/wp-json\/wp\/v2\/tribe_events\/10826\/revisions"}],"wp:featuredmedia":[{"embeddable":true,"href":"https:\/\/cineslys.com\/val\/wp-json\/wp\/v2\/media\/10828"}],"wp:attachment":[{"href":"https:\/\/cineslys.com\/val\/wp-json\/wp\/v2\/media?parent=10826"}],"wp:term":[{"taxonomy":"post_tag","embeddable":true,"href":"https:\/\/cineslys.com\/val\/wp-json\/wp\/v2\/tags?post=10826"},{"taxonomy":"tribe_events_cat","embeddable":true,"href":"https:\/\/cineslys.com\/val\/wp-json\/wp\/v2\/tribe_events_cat?post=10826"}],"curies":[{"name":"wp","href":"https:\/\/api.w.org\/{rel}","templated":true}]}}

<h3><strong>Ciclo Azcona: ¡Ay, Carmela! de Carlos Saura</strong></h3>
<h3><span style="font-size: 18px; font-weight: 600; letter-spacing: 0.9px;">Jueves 19 de febrero 19:30h</span></h3>
<p>Toca el turno de volver a disfrutar en la gran pantalla de ¡Ay Carmela! película dirigida por Carlos Saura. Una comedia protagonizada por Carmen Maura, Andrés Pajares y Gabino Diego. Ganadora de 13 premios Goya en 1990, incluyendo mejor película, mejor director, mejor actor y mejor actriz.</p>
<p><strong>Sinopsis</strong>:Durante la Guerra Civil española (1936-1939), un grupo de cómicos ameniza como puede la vida de los soldados republicanos. Cansados de pasar penalidades en el frente, deciden dirigirse a Valencia. Pero por error van a parar a la zona nacional, donde caen prisioneros. La única manera de salvar sus vidas es representar un espectáculo para un grupo de militares, que choca de lleno con la ideología de los cómicos. </p>
<p><a href="https://www.reservaentradas.com/entrada/valencia/cineslys/ciclo-azcona-iexcl-ay-carmela/376385/?step=2" rel="nofollow noopener" target="_blank"><button>Reserva tu entrada</button></a></p>

<p>Ciclo Azcona: ¡Ay, Carmela! de Carlos Saura Jueves 19 de febrero 19:30h Toca el turno de volver a disfrutar en la gran pantalla de ¡Ay Carmela! película dirigida por Carlos&hellip; <a class="more-link" href="https://cineslys.com/val/calendario/ciclo-azcona-ay-carmela-de-carlos-saura/">Continue reading <span class="screen-reader-text">Ciclo Azcona: ¡Ay, Carmela! de Carlos Saura</span></a></p>
