									
{"id":10845,"date":"2026-01-08T14:37:46","date_gmt":"2026-01-08T14:37:46","guid":{"rendered":"https:\/\/cineslys.com\/?post_type=tribe_events&#038;p=10845"},"modified":"2026-01-08T14:43:59","modified_gmt":"2026-01-08T14:43:59","slug":"ciclo-scorsese-la-edad-de-la-inocencia","status":"publish","type":"tribe_events","link":"https:\/\/cineslys.com\/val\/calendario\/ciclo-scorsese-la-edad-de-la-inocencia\/","title":{"rendered":"Ciclo Scorsese: La edad de la Inocencia"},"content":{"rendered":"<h3><strong>Ciclo Scorsese: La Edad de la Inocencia<\/strong><\/h3>\n<h3><span style=\"font-size: 18px; font-weight: 600; letter-spacing: 0.9px;\">;Mi\u00e9rcoles 11 de febrero 19:30h<\/span><\/h3>\n<p>Mart\u00edn Scorsese tiene mucho cine en su haber pero una de las que m\u00e1s infravaloradas est\u00e1 es \u00abLa edad de la inocencia\u00bb con un siempre tremendo Daniel Day-Lewis,  Michelle Pfeiffer y una joven Winona Ryder.<br \/>\n<strong>Sinopsis<\/strong>:Nueva York, a\u00f1o 1870. Newland Archer (Daniel Day-Lewis), un caballero de la alta sociedad neoyorquina, est\u00e1 prometido con May Welland (Winona Ryder), una joven de su misma clase social. Pero sus sentimientos cambian cuando conoce a la poco convencional prima de May, la condesa Olenska (Michelle Pfeiffer). Desde el principio, defender\u00e1 la dif\u00edcil posici\u00f3n de la condesa, cuya separaci\u00f3n de un marido autoritario la ha convertido en una especie de proscrita dentro de su propia clase social.<\/p>\n<p><a href=\"https:\/\/www.reservaentradas.com\/entrada\/valencia\/cineslys\/ciclo-scorsese-la-edad-de-la-inocencia\/376388\/?step=2\" rel=\"nofollow noopener\" target=\"_blank\"><button>Reserva tu entrada<\/button><\/a><\/p>","protected":false},"excerpt":{"rendered":"<p>Ciclo Scorsese: La Edad de la Inocencia ;Mi\u00e9rcoles 11 de febrero 19:30h Mart\u00edn Scorsese tiene mucho cine en su haber pero una de las que m\u00e1s infravaloradas est\u00e1 es \u00abLa&hellip; <a class=\"more-link\" href=\"https:\/\/cineslys.com\/val\/calendario\/ciclo-scorsese-la-edad-de-la-inocencia\/\">Continue reading <span class=\"screen-reader-text\">Ciclo Scorsese: La edad de la Inocencia<\/span><\/a><\/p>","protected":false},"author":1,"featured_media":10848,"template":"","meta":{"_tribe_events_status":"","_tribe_events_status_reason":"","footnotes":""},"tags":[],"tribe_events_cat":[81],"class_list":["post-10845","tribe_events","type-tribe_events","status-publish","has-post-thumbnail","hentry","tribe_events_cat-ciclo-clasico","cat_ciclo-clasico","entry"],"_links":{"self":[{"href":"https:\/\/cineslys.com\/val\/wp-json\/wp\/v2\/tribe_events\/10845","targetHints":{"allow":["GET"]}}],"collection":[{"href":"https:\/\/cineslys.com\/val\/wp-json\/wp\/v2\/tribe_events"}],"about":[{"href":"https:\/\/cineslys.com\/val\/wp-json\/wp\/v2\/types\/tribe_events"}],"author":[{"embeddable":true,"href":"https:\/\/cineslys.com\/val\/wp-json\/wp\/v2\/users\/1"}],"version-history":[{"count":0,"href":"https:\/\/cineslys.com\/val\/wp-json\/wp\/v2\/tribe_events\/10845\/revisions"}],"wp:featuredmedia":[{"embeddable":true,"href":"https:\/\/cineslys.com\/val\/wp-json\/wp\/v2\/media\/10848"}],"wp:attachment":[{"href":"https:\/\/cineslys.com\/val\/wp-json\/wp\/v2\/media?parent=10845"}],"wp:term":[{"taxonomy":"post_tag","embeddable":true,"href":"https:\/\/cineslys.com\/val\/wp-json\/wp\/v2\/tags?post=10845"},{"taxonomy":"tribe_events_cat","embeddable":true,"href":"https:\/\/cineslys.com\/val\/wp-json\/wp\/v2\/tribe_events_cat?post=10845"}],"curies":[{"name":"wp","href":"https:\/\/api.w.org\/{rel}","templated":true}]}}

<h3><strong>Ciclo Scorsese: La Edad de la Inocencia</strong></h3>
<h3><span style="font-size: 18px; font-weight: 600; letter-spacing: 0.9px;">;Miércoles 11 de febrero 19:30h</span></h3>
<p>Martín Scorsese tiene mucho cine en su haber pero una de las que más infravaloradas está es «La edad de la inocencia» con un siempre tremendo Daniel Day-Lewis,  Michelle Pfeiffer y una joven Winona Ryder.<br />
<strong>Sinopsis</strong>:Nueva York, año 1870. Newland Archer (Daniel Day-Lewis), un caballero de la alta sociedad neoyorquina, está prometido con May Welland (Winona Ryder), una joven de su misma clase social. Pero sus sentimientos cambian cuando conoce a la poco convencional prima de May, la condesa Olenska (Michelle Pfeiffer). Desde el principio, defenderá la difícil posición de la condesa, cuya separación de un marido autoritario la ha convertido en una especie de proscrita dentro de su propia clase social.</p>
<p><a href="https://www.reservaentradas.com/entrada/valencia/cineslys/ciclo-scorsese-la-edad-de-la-inocencia/376388/?step=2" rel="nofollow noopener" target="_blank"><button>Reserva tu entrada</button></a></p>

<p>Ciclo Scorsese: La Edad de la Inocencia ;Miércoles 11 de febrero 19:30h Martín Scorsese tiene mucho cine en su haber pero una de las que más infravaloradas está es «La&hellip; <a class="more-link" href="https://cineslys.com/val/calendario/ciclo-scorsese-la-edad-de-la-inocencia/">Continue reading <span class="screen-reader-text">Ciclo Scorsese: La edad de la Inocencia</span></a></p>
