									
{"id":10871,"date":"2026-01-12T06:38:50","date_gmt":"2026-01-12T06:38:50","guid":{"rendered":"https:\/\/cineslys.com\/?post_type=tribe_events&#038;p=10871"},"modified":"2026-01-12T06:38:51","modified_gmt":"2026-01-12T06:38:51","slug":"cine-club-lys-nouvelle-vague-con-aurea-ortiz","status":"publish","type":"tribe_events","link":"https:\/\/cineslys.com\/val\/calendario\/cine-club-lys-nouvelle-vague-con-aurea-ortiz\/","title":{"rendered":"Cine Club Lys: Nouvelle Vague con \u00c1urea Ortiz"},"content":{"rendered":"<h3><b>Cine Club Lys: Nouvelle Vague con coloquio de \u00c1urea Ortiz<\/b><\/h3>\n<h3><span style=\"color: #ff0000;\">Lunes<\/span> 26 de enero 16:30h, 18:00h y 19:30h<\/h3>\n<h6><a href=\"https:\/\/cineclublys.com\/matricula\/\" rel=\"nofollow noopener\" target=\"_blank\"><span style=\"color: #de0000;\">Matr\u00edcula abierta al 50% Cine Club Lys 2025-2026. No matriculados precio 20\u20ac.<\/span><\/a><\/h6>\n<p>El pr\u00f3ximo lunes 26 de enero contaremos con la cr\u00edtica de cine y profesora de Historia de Cine \u00c1urea Ortiz, qui\u00e9n estar\u00e1 presente en los tres pases acompa\u00f1ando a nuestra compa\u00f1era Julia.<\/p>\n<p><strong>Sinopsis: <\/strong>La historia detr\u00e1s de la creaci\u00f3n del movimiento cinematogr\u00e1fico franc\u00e9s conocido como &#8216;Nouvelle Vague&#8217;, centr\u00e1ndose en la producci\u00f3n de la innovadora pel\u00edcula de Jean-Luc Godard &#8216;Al final de la escapada&#8217;, en 1959.<\/p>\n<p><a href=\"https:\/\/www.reservaentradas.com\/sesiones\/valencia\/cineslys\/cine-club-lys-nouvelle-vague\/6993?proximamente=true&#038;\" rel=\"nofollow noopener\" target=\"_blank\"> <button>Reserva tu entrada<\/button> <\/a><\/p>\n<p><iframe title=\"Nouvelle Vague, de Richard Linklater | Tr\u00e1iler Espa\u00f1ol | Estreno en cines el 9 de enero de 2026\" width=\"750\" height=\"422\" src=\"https:\/\/www.youtube.com\/embed\/Gtz8Z4AuCSk?feature=oembed\" frameborder=\"0\" allow=\"accelerometer; autoplay; clipboard-write; encrypted-media; gyroscope; picture-in-picture; web-share\" referrerpolicy=\"strict-origin-when-cross-origin\" allowfullscreen><\/iframe><\/p>","protected":false},"excerpt":{"rendered":"<p>Cine Club Lys: Nouvelle Vague con coloquio de \u00c1urea Ortiz Lunes 26 de enero 16:30h, 18:00h y 19:30h Matr\u00edcula abierta al 50% Cine Club Lys 2025-2026. No matriculados precio 20\u20ac.&hellip; <a class=\"more-link\" href=\"https:\/\/cineslys.com\/val\/calendario\/cine-club-lys-nouvelle-vague-con-aurea-ortiz\/\">Continue reading <span class=\"screen-reader-text\">Cine Club Lys: Nouvelle Vague con \u00c1urea Ortiz<\/span><\/a><\/p>","protected":false},"author":1,"featured_media":10874,"template":"","meta":{"_tribe_events_status":"","_tribe_events_status_reason":"","footnotes":""},"tags":[],"tribe_events_cat":[18],"class_list":["post-10871","tribe_events","type-tribe_events","status-publish","has-post-thumbnail","hentry","tribe_events_cat-cine-club","cat_cine-club","entry"],"_links":{"self":[{"href":"https:\/\/cineslys.com\/val\/wp-json\/wp\/v2\/tribe_events\/10871","targetHints":{"allow":["GET"]}}],"collection":[{"href":"https:\/\/cineslys.com\/val\/wp-json\/wp\/v2\/tribe_events"}],"about":[{"href":"https:\/\/cineslys.com\/val\/wp-json\/wp\/v2\/types\/tribe_events"}],"author":[{"embeddable":true,"href":"https:\/\/cineslys.com\/val\/wp-json\/wp\/v2\/users\/1"}],"version-history":[{"count":0,"href":"https:\/\/cineslys.com\/val\/wp-json\/wp\/v2\/tribe_events\/10871\/revisions"}],"wp:featuredmedia":[{"embeddable":true,"href":"https:\/\/cineslys.com\/val\/wp-json\/wp\/v2\/media\/10874"}],"wp:attachment":[{"href":"https:\/\/cineslys.com\/val\/wp-json\/wp\/v2\/media?parent=10871"}],"wp:term":[{"taxonomy":"post_tag","embeddable":true,"href":"https:\/\/cineslys.com\/val\/wp-json\/wp\/v2\/tags?post=10871"},{"taxonomy":"tribe_events_cat","embeddable":true,"href":"https:\/\/cineslys.com\/val\/wp-json\/wp\/v2\/tribe_events_cat?post=10871"}],"curies":[{"name":"wp","href":"https:\/\/api.w.org\/{rel}","templated":true}]}}

Cine Club Lys: Nouvelle Vague con Áurea Ortiz

<h3><b>Cine Club Lys: Nouvelle Vague con coloquio de Áurea Ortiz</b></h3>
<h3><span style="color: #ff0000;">Lunes</span> 26 de enero 16:30h, 18:00h y 19:30h</h3>
<h6><a href="https://cineclublys.com/matricula/" rel="nofollow noopener" target="_blank"><span style="color: #de0000;">Matrícula abierta al 50% Cine Club Lys 2025-2026. No matriculados precio 20€.</span></a></h6>
<p>El próximo lunes 26 de enero contaremos con la crítica de cine y profesora de Historia de Cine Áurea Ortiz, quién estará presente en los tres pases acompañando a nuestra compañera Julia.</p>
<p><strong>Sinopsis: </strong>La historia detrás de la creación del movimiento cinematográfico francés conocido como &#8216;Nouvelle Vague&#8217;, centrándose en la producción de la innovadora película de Jean-Luc Godard &#8216;Al final de la escapada&#8217;, en 1959.</p>
<p><a href="https://www.reservaentradas.com/sesiones/valencia/cineslys/cine-club-lys-nouvelle-vague/6993?proximamente=true&#038;" rel="nofollow noopener" target="_blank"> <button>Reserva tu entrada</button> </a></p>
<p><iframe title="Nouvelle Vague, de Richard Linklater | Tráiler Español | Estreno en cines el 9 de enero de 2026" width="750" height="422" src="https://www.youtube.com/embed/Gtz8Z4AuCSk?feature=oembed" frameborder="0" allow="accelerometer; autoplay; clipboard-write; encrypted-media; gyroscope; picture-in-picture; web-share" referrerpolicy="strict-origin-when-cross-origin" allowfullscreen></iframe></p>

<p>Cine Club Lys: Nouvelle Vague con coloquio de Áurea Ortiz Lunes 26 de enero 16:30h, 18:00h y 19:30h Matrícula abierta al 50% Cine Club Lys 2025-2026. No matriculados precio 20€.&hellip; <a class="more-link" href="https://cineslys.com/val/calendario/cine-club-lys-nouvelle-vague-con-aurea-ortiz/">Continue reading <span class="screen-reader-text">Cine Club Lys: Nouvelle Vague con Áurea Ortiz</span></a></p>
