									
{"id":10938,"date":"2026-01-16T07:15:32","date_gmt":"2026-01-16T07:15:32","guid":{"rendered":"https:\/\/cineslys.com\/?post_type=tribe_events&#038;p=10938"},"modified":"2026-01-16T07:15:32","modified_gmt":"2026-01-16T07:15:32","slug":"cita-a-ciegas-20-de-enero","status":"publish","type":"tribe_events","link":"https:\/\/cineslys.com\/val\/calendario\/cita-a-ciegas-20-de-enero\/","title":{"rendered":"Cita a Ciegas 20 de enero"},"content":{"rendered":"<h3><b>Cita a Ciegas con el Cine: martes 20 de enero<\/b><\/h3>\n<h3><span style=\"color: #ff0000;\">Lunes<\/span> 26 de enero 16:30h, 18:00h y 19:30h<\/h3>\n<p>Vuelve Cita a Ciegas con una nueva sorpresa de Silvino Puig \u00bfCu\u00e1l querr\u00e1 poner el pr\u00f3ximo martes?<br \/>\nEl pasado martes 13 de enero tuvimos \u00abTurno de guardia\u00bb dirigida y escrita por Petra Biondina Volpe y protagonizada por Leonie Benesch, actriz que pudimos ver en \u00abSala de profesores\u00bb. Una pel\u00edcula dura que nos muestra el turno de guardia de una enfermera desbordada por tener que cubrir la baja de una compa\u00f1era. <\/p>\n<p>\u00bfQu\u00e9 tendremos el pr\u00f3ximo martes? \u00bfComedia? \u00bfRomance? \u00a1Ven a descubrirlo! <\/p>\n<p><a href=\"https:\/\/www.reservaentradas.com\/entrada\/valencia\/cineslys\/cita-a-ciegas-con-el-cine\/376419\/?step=2\" rel=\"nofollow noopener\" target=\"_blank\"> <button>Reserva tu entrada<\/button> <\/a><\/p>\n<p><iframe title=\"Cita a Ciegas con el Cine: Turno de guardia\" width=\"750\" height=\"422\" src=\"https:\/\/www.youtube.com\/embed\/1_SZB4ZkS68?feature=oembed\" frameborder=\"0\" allow=\"accelerometer; autoplay; clipboard-write; encrypted-media; gyroscope; picture-in-picture; web-share\" referrerpolicy=\"strict-origin-when-cross-origin\" allowfullscreen><\/iframe><\/p>","protected":false},"excerpt":{"rendered":"<p>Cita a Ciegas con el Cine: martes 20 de enero Lunes 26 de enero 16:30h, 18:00h y 19:30h Vuelve Cita a Ciegas con una nueva sorpresa de Silvino Puig \u00bfCu\u00e1l&hellip; <a class=\"more-link\" href=\"https:\/\/cineslys.com\/val\/calendario\/cita-a-ciegas-20-de-enero\/\">Continue reading <span class=\"screen-reader-text\">Cita a Ciegas 20 de enero<\/span><\/a><\/p>","protected":false},"author":1,"featured_media":10939,"template":"","meta":{"_tribe_events_status":"","_tribe_events_status_reason":"","footnotes":""},"tags":[],"tribe_events_cat":[16],"class_list":["post-10938","tribe_events","type-tribe_events","status-publish","has-post-thumbnail","hentry","tribe_events_cat-cita-a-ciegas","cat_cita-a-ciegas","entry"],"_links":{"self":[{"href":"https:\/\/cineslys.com\/val\/wp-json\/wp\/v2\/tribe_events\/10938","targetHints":{"allow":["GET"]}}],"collection":[{"href":"https:\/\/cineslys.com\/val\/wp-json\/wp\/v2\/tribe_events"}],"about":[{"href":"https:\/\/cineslys.com\/val\/wp-json\/wp\/v2\/types\/tribe_events"}],"author":[{"embeddable":true,"href":"https:\/\/cineslys.com\/val\/wp-json\/wp\/v2\/users\/1"}],"version-history":[{"count":0,"href":"https:\/\/cineslys.com\/val\/wp-json\/wp\/v2\/tribe_events\/10938\/revisions"}],"wp:featuredmedia":[{"embeddable":true,"href":"https:\/\/cineslys.com\/val\/wp-json\/wp\/v2\/media\/10939"}],"wp:attachment":[{"href":"https:\/\/cineslys.com\/val\/wp-json\/wp\/v2\/media?parent=10938"}],"wp:term":[{"taxonomy":"post_tag","embeddable":true,"href":"https:\/\/cineslys.com\/val\/wp-json\/wp\/v2\/tags?post=10938"},{"taxonomy":"tribe_events_cat","embeddable":true,"href":"https:\/\/cineslys.com\/val\/wp-json\/wp\/v2\/tribe_events_cat?post=10938"}],"curies":[{"name":"wp","href":"https:\/\/api.w.org\/{rel}","templated":true}]}}

<h3><b>Cita a Ciegas con el Cine: martes 20 de enero</b></h3>
<h3><span style="color: #ff0000;">Lunes</span> 26 de enero 16:30h, 18:00h y 19:30h</h3>
<p>Vuelve Cita a Ciegas con una nueva sorpresa de Silvino Puig ¿Cuál querrá poner el próximo martes?<br />
El pasado martes 13 de enero tuvimos «Turno de guardia» dirigida y escrita por Petra Biondina Volpe y protagonizada por Leonie Benesch, actriz que pudimos ver en «Sala de profesores». Una película dura que nos muestra el turno de guardia de una enfermera desbordada por tener que cubrir la baja de una compañera. </p>
<p>¿Qué tendremos el próximo martes? ¿Comedia? ¿Romance? ¡Ven a descubrirlo! </p>
<p><a href="https://www.reservaentradas.com/entrada/valencia/cineslys/cita-a-ciegas-con-el-cine/376419/?step=2" rel="nofollow noopener" target="_blank"> <button>Reserva tu entrada</button> </a></p>
<p><iframe title="Cita a Ciegas con el Cine: Turno de guardia" width="750" height="422" src="https://www.youtube.com/embed/1_SZB4ZkS68?feature=oembed" frameborder="0" allow="accelerometer; autoplay; clipboard-write; encrypted-media; gyroscope; picture-in-picture; web-share" referrerpolicy="strict-origin-when-cross-origin" allowfullscreen></iframe></p>

<p>Cita a Ciegas con el Cine: martes 20 de enero Lunes 26 de enero 16:30h, 18:00h y 19:30h Vuelve Cita a Ciegas con una nueva sorpresa de Silvino Puig ¿Cuál&hellip; <a class="more-link" href="https://cineslys.com/val/calendario/cita-a-ciegas-20-de-enero/">Continue reading <span class="screen-reader-text">Cita a Ciegas 20 de enero</span></a></p>
