									
{"id":10964,"date":"2026-01-17T08:59:49","date_gmt":"2026-01-17T08:59:49","guid":{"rendered":"https:\/\/cineslys.com\/?post_type=tribe_events&#038;p=10964"},"modified":"2026-01-17T08:59:50","modified_gmt":"2026-01-17T08:59:50","slug":"preestreno-tres-adioses-con-coloquio-online-de-isabel-coixet-en-proyecto-viridiana","status":"publish","type":"tribe_events","link":"https:\/\/cineslys.com\/val\/calendario\/preestreno-tres-adioses-con-coloquio-online-de-isabel-coixet-en-proyecto-viridiana\/","title":{"rendered":"Preestreno \u00abTres Adioses\u00bb con coloquio online de Isabel Coixet en Proyecto Viridiana"},"content":{"rendered":"<h3><strong>Proyecto Viridiana: Preestreno \u00abTres Adioses\u00bb con Isabel Coixet<\/strong><\/h3>\n<h3><span style=\"font-size: 18px; font-weight: 600; letter-spacing: 0.9px;\">Jueves 29 de enero 19:30h<\/span><\/h3>\n<p>Vuelve Proyecto Viridiana el jueves 29 de enero con el preestreno de \u00abTres Adioses\u00bb y el coloquio online de la directora Isabel Coixet. En esta ocasi\u00f3n desde los Cines Centrofama de Neocine en Murcia. <\/p>\n<p>Durante el pase podr\u00e1s mandar tu pregunta por medio de un c\u00f3digo QR que habr\u00e1 en las pantallas. <\/p>\n<p><strong>Sinopsis<\/strong>: Tras lo que parec\u00eda una discusi\u00f3n sin importancia, Marta (Alba Rohrwacher) y Antonio (Elio Germano) se separan. \u00c9l, un chef prometedor, se refugia en sus fogones; ella, en su silencio, empieza a notar algo m\u00e1s que tristeza: ha perdido el apetito y no solo por desamor. Cuando descubre que detr\u00e1s hay un problema de salud, todo da un giro inesperado: la comida sabe mejor, la m\u00fasica le llega como nunca y el deseo despierta sus ganas de vivir sin miedo.<\/p>\n<p><a href=\"https:\/\/www.reservaentradas.com\/entrada\/valencia\/cineslys\/proyecto-viridiana-tres-adioses\/376712\/?step=2\" rel=\"nofollow noopener\" target=\"_blank\"><button>Reserva tu entrada<\/button><\/a><\/p>\n<p><iframe title=\"TRES ADIOSES\" width=\"750\" height=\"422\" src=\"https:\/\/www.youtube.com\/embed\/1zF6VtizXpU?feature=oembed\" frameborder=\"0\" allow=\"accelerometer; autoplay; clipboard-write; encrypted-media; gyroscope; picture-in-picture; web-share\" referrerpolicy=\"strict-origin-when-cross-origin\" allowfullscreen><\/iframe><\/p>","protected":false},"excerpt":{"rendered":"<p>Proyecto Viridiana: Preestreno \u00abTres Adioses\u00bb con Isabel Coixet Jueves 29 de enero 19:30h Vuelve Proyecto Viridiana el jueves 29 de enero con el preestreno de \u00abTres Adioses\u00bb y el coloquio&hellip; <a class=\"more-link\" href=\"https:\/\/cineslys.com\/val\/calendario\/preestreno-tres-adioses-con-coloquio-online-de-isabel-coixet-en-proyecto-viridiana\/\">Continue reading <span class=\"screen-reader-text\">Preestreno \u00abTres Adioses\u00bb con coloquio online de Isabel Coixet en Proyecto Viridiana<\/span><\/a><\/p>","protected":false},"author":1,"featured_media":10966,"template":"","meta":{"_tribe_events_status":"","_tribe_events_status_reason":"","footnotes":""},"tags":[],"tribe_events_cat":[32],"class_list":["post-10964","tribe_events","type-tribe_events","status-publish","has-post-thumbnail","hentry","tribe_events_cat-proyecto-viridiana","cat_proyecto-viridiana","entry"],"_links":{"self":[{"href":"https:\/\/cineslys.com\/val\/wp-json\/wp\/v2\/tribe_events\/10964","targetHints":{"allow":["GET"]}}],"collection":[{"href":"https:\/\/cineslys.com\/val\/wp-json\/wp\/v2\/tribe_events"}],"about":[{"href":"https:\/\/cineslys.com\/val\/wp-json\/wp\/v2\/types\/tribe_events"}],"author":[{"embeddable":true,"href":"https:\/\/cineslys.com\/val\/wp-json\/wp\/v2\/users\/1"}],"version-history":[{"count":0,"href":"https:\/\/cineslys.com\/val\/wp-json\/wp\/v2\/tribe_events\/10964\/revisions"}],"wp:featuredmedia":[{"embeddable":true,"href":"https:\/\/cineslys.com\/val\/wp-json\/wp\/v2\/media\/10966"}],"wp:attachment":[{"href":"https:\/\/cineslys.com\/val\/wp-json\/wp\/v2\/media?parent=10964"}],"wp:term":[{"taxonomy":"post_tag","embeddable":true,"href":"https:\/\/cineslys.com\/val\/wp-json\/wp\/v2\/tags?post=10964"},{"taxonomy":"tribe_events_cat","embeddable":true,"href":"https:\/\/cineslys.com\/val\/wp-json\/wp\/v2\/tribe_events_cat?post=10964"}],"curies":[{"name":"wp","href":"https:\/\/api.w.org\/{rel}","templated":true}]}}

<h3><strong>Proyecto Viridiana: Preestreno «Tres Adioses» con Isabel Coixet</strong></h3>
<h3><span style="font-size: 18px; font-weight: 600; letter-spacing: 0.9px;">Jueves 29 de enero 19:30h</span></h3>
<p>Vuelve Proyecto Viridiana el jueves 29 de enero con el preestreno de «Tres Adioses» y el coloquio online de la directora Isabel Coixet. En esta ocasión desde los Cines Centrofama de Neocine en Murcia. </p>
<p>Durante el pase podrás mandar tu pregunta por medio de un código QR que habrá en las pantallas. </p>
<p><strong>Sinopsis</strong>: Tras lo que parecía una discusión sin importancia, Marta (Alba Rohrwacher) y Antonio (Elio Germano) se separan. Él, un chef prometedor, se refugia en sus fogones; ella, en su silencio, empieza a notar algo más que tristeza: ha perdido el apetito y no solo por desamor. Cuando descubre que detrás hay un problema de salud, todo da un giro inesperado: la comida sabe mejor, la música le llega como nunca y el deseo despierta sus ganas de vivir sin miedo.</p>
<p><a href="https://www.reservaentradas.com/entrada/valencia/cineslys/proyecto-viridiana-tres-adioses/376712/?step=2" rel="nofollow noopener" target="_blank"><button>Reserva tu entrada</button></a></p>
<p><iframe title="TRES ADIOSES" width="750" height="422" src="https://www.youtube.com/embed/1zF6VtizXpU?feature=oembed" frameborder="0" allow="accelerometer; autoplay; clipboard-write; encrypted-media; gyroscope; picture-in-picture; web-share" referrerpolicy="strict-origin-when-cross-origin" allowfullscreen></iframe></p>
