									
{"id":10980,"date":"2026-01-20T17:02:27","date_gmt":"2026-01-20T17:02:27","guid":{"rendered":"https:\/\/cineslys.com\/?post_type=tribe_events&#038;p=10980"},"modified":"2026-02-03T15:01:51","modified_gmt":"2026-02-03T15:01:51","slug":"ciclo-kubrick-el-resplandor","status":"publish","type":"tribe_events","link":"https:\/\/cineslys.com\/val\/calendario\/ciclo-kubrick-el-resplandor\/","title":{"rendered":"Ciclo Kubrick: El Resplandor"},"content":{"rendered":"<h3><strong>Ciclo Kubrick: El Resplandor<\/strong><\/h3>\n<h3><span style=\"font-size: 18px; font-weight: 600; letter-spacing: 0.9px;\">Mi\u00e9rcoles 18 de febrero 19:30h<\/span><\/h3>\n<p>No pudimos completar nuestro \u00abCiclo Kubrick\u00bb en 2025 con una pel\u00edcula que muchos esperabais con ganas. Pero ya nos han dado luz verde as\u00ed que toca disfrutar de la uni\u00f3n entre Kubrick, Nicholson y King. Esta versi\u00f3n est\u00e1 es la versi\u00f3n americana, con un metraje superior.<\/p>\n<p>Sinopsis: Basada en la novela del maestro del terror Stephen King, El Resplandor tiene como protagonista a Jack Torrance (Jack Nicholson), un hombre casado y con un hijo, Danny (Danny Lloyd). Un d\u00eda, Jack acepta un puesto como vigilante en un aislado hotel. El trabajo consiste en pasar todo el invierno all\u00ed con su familia, cuidando del recinto. La familia se muda all\u00ed, pero lo que no sospechan es que sus vidas van a cambiar en cuanto crucen la puerta del hotel.<\/p>\n<p><a href=\"https:\/\/www.reservaentradas.com\/entrada\/valencia\/cineslys\/ciclo-warner-el-resplandor\/376736\/?step=2\" rel=\"nofollow noopener\" target=\"_blank\"><button>Reserva tu entrada<\/button><\/a><\/p>\n<p><iframe title=\"The Shining | 4K Trailer | Warner Bros. Entertainment\" width=\"750\" height=\"422\" src=\"https:\/\/www.youtube.com\/embed\/FZQvIJxG9Xs?feature=oembed\" frameborder=\"0\" allow=\"accelerometer; autoplay; clipboard-write; encrypted-media; gyroscope; picture-in-picture; web-share\" referrerpolicy=\"strict-origin-when-cross-origin\" allowfullscreen><\/iframe><\/p>","protected":false},"excerpt":{"rendered":"<p>Ciclo Kubrick: El Resplandor Mi\u00e9rcoles 18 de febrero 19:30h No pudimos completar nuestro \u00abCiclo Kubrick\u00bb en 2025 con una pel\u00edcula que muchos esperabais con ganas. Pero ya nos han dado&hellip; <a class=\"more-link\" href=\"https:\/\/cineslys.com\/val\/calendario\/ciclo-kubrick-el-resplandor\/\">Continue reading <span class=\"screen-reader-text\">Ciclo Kubrick: El Resplandor<\/span><\/a><\/p>","protected":false},"author":1,"featured_media":10981,"template":"","meta":{"_tribe_events_status":"","_tribe_events_status_reason":"","footnotes":""},"tags":[],"tribe_events_cat":[81,73],"class_list":["post-10980","tribe_events","type-tribe_events","status-publish","has-post-thumbnail","hentry","tribe_events_cat-ciclo-clasico","tribe_events_cat-terrorificamente-lys","cat_ciclo-clasico","cat_terrorificamente-lys","entry"],"_links":{"self":[{"href":"https:\/\/cineslys.com\/val\/wp-json\/wp\/v2\/tribe_events\/10980","targetHints":{"allow":["GET"]}}],"collection":[{"href":"https:\/\/cineslys.com\/val\/wp-json\/wp\/v2\/tribe_events"}],"about":[{"href":"https:\/\/cineslys.com\/val\/wp-json\/wp\/v2\/types\/tribe_events"}],"author":[{"embeddable":true,"href":"https:\/\/cineslys.com\/val\/wp-json\/wp\/v2\/users\/1"}],"version-history":[{"count":1,"href":"https:\/\/cineslys.com\/val\/wp-json\/wp\/v2\/tribe_events\/10980\/revisions"}],"predecessor-version":[{"id":11150,"href":"https:\/\/cineslys.com\/val\/wp-json\/wp\/v2\/tribe_events\/10980\/revisions\/11150"}],"wp:featuredmedia":[{"embeddable":true,"href":"https:\/\/cineslys.com\/val\/wp-json\/wp\/v2\/media\/10981"}],"wp:attachment":[{"href":"https:\/\/cineslys.com\/val\/wp-json\/wp\/v2\/media?parent=10980"}],"wp:term":[{"taxonomy":"post_tag","embeddable":true,"href":"https:\/\/cineslys.com\/val\/wp-json\/wp\/v2\/tags?post=10980"},{"taxonomy":"tribe_events_cat","embeddable":true,"href":"https:\/\/cineslys.com\/val\/wp-json\/wp\/v2\/tribe_events_cat?post=10980"}],"curies":[{"name":"wp","href":"https:\/\/api.w.org\/{rel}","templated":true}]}}

<h3><strong>Ciclo Kubrick: El Resplandor</strong></h3>
<h3><span style="font-size: 18px; font-weight: 600; letter-spacing: 0.9px;">Miércoles 18 de febrero 19:30h</span></h3>
<p>No pudimos completar nuestro «Ciclo Kubrick» en 2025 con una película que muchos esperabais con ganas. Pero ya nos han dado luz verde así que toca disfrutar de la unión entre Kubrick, Nicholson y King. Esta versión está es la versión americana, con un metraje superior.</p>
<p>Sinopsis: Basada en la novela del maestro del terror Stephen King, El Resplandor tiene como protagonista a Jack Torrance (Jack Nicholson), un hombre casado y con un hijo, Danny (Danny Lloyd). Un día, Jack acepta un puesto como vigilante en un aislado hotel. El trabajo consiste en pasar todo el invierno allí con su familia, cuidando del recinto. La familia se muda allí, pero lo que no sospechan es que sus vidas van a cambiar en cuanto crucen la puerta del hotel.</p>
<p><a href="https://www.reservaentradas.com/entrada/valencia/cineslys/ciclo-warner-el-resplandor/376736/?step=2" rel="nofollow noopener" target="_blank"><button>Reserva tu entrada</button></a></p>
<p><iframe title="The Shining | 4K Trailer | Warner Bros. Entertainment" width="750" height="422" src="https://www.youtube.com/embed/FZQvIJxG9Xs?feature=oembed" frameborder="0" allow="accelerometer; autoplay; clipboard-write; encrypted-media; gyroscope; picture-in-picture; web-share" referrerpolicy="strict-origin-when-cross-origin" allowfullscreen></iframe></p>

<p>Ciclo Kubrick: El Resplandor Miércoles 18 de febrero 19:30h No pudimos completar nuestro «Ciclo Kubrick» en 2025 con una película que muchos esperabais con ganas. Pero ya nos han dado&hellip; <a class="more-link" href="https://cineslys.com/val/calendario/ciclo-kubrick-el-resplandor/">Continue reading <span class="screen-reader-text">Ciclo Kubrick: El Resplandor</span></a></p>
