									
{"id":10988,"date":"2026-01-21T06:10:17","date_gmt":"2026-01-21T06:10:17","guid":{"rendered":"https:\/\/cineslys.com\/?post_type=tribe_events&#038;p=10988"},"modified":"2026-01-21T10:07:09","modified_gmt":"2026-01-21T10:07:09","slug":"cita-a-ciegas-27-de-enero","status":"publish","type":"tribe_events","link":"https:\/\/cineslys.com\/val\/calendario\/cita-a-ciegas-27-de-enero\/","title":{"rendered":"Cita a Ciegas 27 de enero"},"content":{"rendered":"<h3><b>Cita a Ciegas con el Cine: martes 27 de enero<\/b><\/h3>\n<h3><span style=\"color: #333333;\">Martes<\/span> 27 de enero 19:30h<\/h3>\n<p>El pasado martes 20 de enero pudimos disfrutar del preestreno de \u00abTres adioses\u00bb la nueva pel\u00edcula dirigida por Isabel Coixet que llega a cines el pr\u00f3ximo 06 de febrero.<\/p>\n<p>\u00bfCu\u00e1l ser\u00e1 la pr\u00f3xima pel\u00edcula escogida para el martes 27? Ven a probar Cita a Ciegas donde no sabr\u00e1s que pel\u00edcula vas a ver hasta la presentaci\u00f3n que haremos al inicio. \u00bfSer\u00e1 otro preestreno? \u00bfUn cl\u00e1sico del cine?<\/p>\n<p><a href=\"https:\/\/www.reservaentradas.com\/entrada\/valencia\/cineslys\/cita-a-ciegas-con-el-cine\/376732\/?step=2\" rel=\"nofollow noopener\" target=\"_blank\"> <button>Reserva tu entrada<\/button> <\/a><\/p>","protected":false},"excerpt":{"rendered":"<p>Cita a Ciegas con el Cine: martes 27 de enero Martes 27 de enero 19:30h El pasado martes 20 de enero pudimos disfrutar del preestreno de \u00abTres adioses\u00bb la nueva&hellip; <a class=\"more-link\" href=\"https:\/\/cineslys.com\/val\/calendario\/cita-a-ciegas-27-de-enero\/\">Continue reading <span class=\"screen-reader-text\">Cita a Ciegas 27 de enero<\/span><\/a><\/p>","protected":false},"author":1,"featured_media":10989,"template":"","meta":{"_tribe_events_status":"","_tribe_events_status_reason":"","footnotes":""},"tags":[],"tribe_events_cat":[16],"class_list":["post-10988","tribe_events","type-tribe_events","status-publish","has-post-thumbnail","hentry","tribe_events_cat-cita-a-ciegas","cat_cita-a-ciegas","entry"],"_links":{"self":[{"href":"https:\/\/cineslys.com\/val\/wp-json\/wp\/v2\/tribe_events\/10988","targetHints":{"allow":["GET"]}}],"collection":[{"href":"https:\/\/cineslys.com\/val\/wp-json\/wp\/v2\/tribe_events"}],"about":[{"href":"https:\/\/cineslys.com\/val\/wp-json\/wp\/v2\/types\/tribe_events"}],"author":[{"embeddable":true,"href":"https:\/\/cineslys.com\/val\/wp-json\/wp\/v2\/users\/1"}],"version-history":[{"count":0,"href":"https:\/\/cineslys.com\/val\/wp-json\/wp\/v2\/tribe_events\/10988\/revisions"}],"wp:featuredmedia":[{"embeddable":true,"href":"https:\/\/cineslys.com\/val\/wp-json\/wp\/v2\/media\/10989"}],"wp:attachment":[{"href":"https:\/\/cineslys.com\/val\/wp-json\/wp\/v2\/media?parent=10988"}],"wp:term":[{"taxonomy":"post_tag","embeddable":true,"href":"https:\/\/cineslys.com\/val\/wp-json\/wp\/v2\/tags?post=10988"},{"taxonomy":"tribe_events_cat","embeddable":true,"href":"https:\/\/cineslys.com\/val\/wp-json\/wp\/v2\/tribe_events_cat?post=10988"}],"curies":[{"name":"wp","href":"https:\/\/api.w.org\/{rel}","templated":true}]}}

<h3><b>Cita a Ciegas con el Cine: martes 27 de enero</b></h3>
<h3><span style="color: #333333;">Martes</span> 27 de enero 19:30h</h3>
<p>El pasado martes 20 de enero pudimos disfrutar del preestreno de «Tres adioses» la nueva película dirigida por Isabel Coixet que llega a cines el próximo 06 de febrero.</p>
<p>¿Cuál será la próxima película escogida para el martes 27? Ven a probar Cita a Ciegas donde no sabrás que película vas a ver hasta la presentación que haremos al inicio. ¿Será otro preestreno? ¿Un clásico del cine?</p>
<p><a href="https://www.reservaentradas.com/entrada/valencia/cineslys/cita-a-ciegas-con-el-cine/376732/?step=2" rel="nofollow noopener" target="_blank"> <button>Reserva tu entrada</button> </a></p>
