									
{"id":10992,"date":"2026-01-21T06:17:25","date_gmt":"2026-01-21T06:17:25","guid":{"rendered":"https:\/\/cineslys.com\/?post_type=tribe_events&#038;p=10992"},"modified":"2026-01-21T06:17:26","modified_gmt":"2026-01-21T06:17:26","slug":"recital-jonas-kaufmann-the-sound-of-movies","status":"publish","type":"tribe_events","link":"https:\/\/cineslys.com\/val\/calendario\/recital-jonas-kaufmann-the-sound-of-movies\/","title":{"rendered":"Recital Jonas Kaufmann \u00abThe sound of movies\u00bb"},"content":{"rendered":"<h3><strong>Recital Jonas Kaufmann \u00abThe Sound Of Movies\u00bb<\/strong><\/h3>\n<h3><span style=\"font-size: 18px; font-weight: 600; letter-spacing: 0.9px;\">Viernes 23 y jueves 29 de enero 19:35h<\/span><\/h3>\n<p>El recital The Sound of Movies, grabado en la Sala Smetana de Praga en 2024, ofrece un homenaje \u00fanico a la magia del cine a trav\u00e9s de la voz inconfundible de Jonas Kaufmann. Acompa\u00f1ado por la Orquesta Sinf\u00f3nica Nacional Checa bajo la batuta de Jochen Rieder, el tenor alem\u00e1n despliega un recorrido emotivo por algunas de las bandas sonoras m\u00e1s ic\u00f3nicas de Hollywood y del cine europeo. Con invitados de prestigio como Carlos \u00c1lvarez, Nina Stemme, Salvatore Licitra y Nadia Krasteva, la velada combina excelencia vocal y orquestal en un formato de concierto que trasciende g\u00e9neros. Una propuesta singular donde la m\u00fasica de las pel\u00edculas m\u00e1s inolvidables cobra nueva vida en la voz de uno de los grandes tenores de nuestro tiempo.<\/p>\n<p><a href=\"https:\/\/www.reservaentradas.com\/sesiones\/valencia\/cineslys\/twenty-one-pilots-more-than-we-ever-imagined\/7002?proximamente=true&#038;\" rel=\"nofollow noopener\" target=\"_blank\"><button>Reserva tu entrada<\/button><\/a><\/p>","protected":false},"excerpt":{"rendered":"<p>Recital Jonas Kaufmann \u00abThe Sound Of Movies\u00bb Viernes 23 y jueves 29 de enero 19:35h El recital The Sound of Movies, grabado en la Sala Smetana de Praga en 2024,&hellip; <a class=\"more-link\" href=\"https:\/\/cineslys.com\/val\/calendario\/recital-jonas-kaufmann-the-sound-of-movies\/\">Continue reading <span class=\"screen-reader-text\">Recital Jonas Kaufmann \u00abThe sound of movies\u00bb<\/span><\/a><\/p>","protected":false},"author":1,"featured_media":10993,"template":"","meta":{"_tribe_events_status":"","_tribe_events_status_reason":"","footnotes":""},"tags":[],"tribe_events_cat":[82],"class_list":["post-10992","tribe_events","type-tribe_events","status-publish","has-post-thumbnail","hentry","tribe_events_cat-opera-ballet","cat_opera-ballet","entry"],"_links":{"self":[{"href":"https:\/\/cineslys.com\/val\/wp-json\/wp\/v2\/tribe_events\/10992","targetHints":{"allow":["GET"]}}],"collection":[{"href":"https:\/\/cineslys.com\/val\/wp-json\/wp\/v2\/tribe_events"}],"about":[{"href":"https:\/\/cineslys.com\/val\/wp-json\/wp\/v2\/types\/tribe_events"}],"author":[{"embeddable":true,"href":"https:\/\/cineslys.com\/val\/wp-json\/wp\/v2\/users\/1"}],"version-history":[{"count":0,"href":"https:\/\/cineslys.com\/val\/wp-json\/wp\/v2\/tribe_events\/10992\/revisions"}],"wp:featuredmedia":[{"embeddable":true,"href":"https:\/\/cineslys.com\/val\/wp-json\/wp\/v2\/media\/10993"}],"wp:attachment":[{"href":"https:\/\/cineslys.com\/val\/wp-json\/wp\/v2\/media?parent=10992"}],"wp:term":[{"taxonomy":"post_tag","embeddable":true,"href":"https:\/\/cineslys.com\/val\/wp-json\/wp\/v2\/tags?post=10992"},{"taxonomy":"tribe_events_cat","embeddable":true,"href":"https:\/\/cineslys.com\/val\/wp-json\/wp\/v2\/tribe_events_cat?post=10992"}],"curies":[{"name":"wp","href":"https:\/\/api.w.org\/{rel}","templated":true}]}}

<h3><strong>Recital Jonas Kaufmann «The Sound Of Movies»</strong></h3>
<h3><span style="font-size: 18px; font-weight: 600; letter-spacing: 0.9px;">Viernes 23 y jueves 29 de enero 19:35h</span></h3>
<p>El recital The Sound of Movies, grabado en la Sala Smetana de Praga en 2024, ofrece un homenaje único a la magia del cine a través de la voz inconfundible de Jonas Kaufmann. Acompañado por la Orquesta Sinfónica Nacional Checa bajo la batuta de Jochen Rieder, el tenor alemán despliega un recorrido emotivo por algunas de las bandas sonoras más icónicas de Hollywood y del cine europeo. Con invitados de prestigio como Carlos Álvarez, Nina Stemme, Salvatore Licitra y Nadia Krasteva, la velada combina excelencia vocal y orquestal en un formato de concierto que trasciende géneros. Una propuesta singular donde la música de las películas más inolvidables cobra nueva vida en la voz de uno de los grandes tenores de nuestro tiempo.</p>
<p><a href="https://www.reservaentradas.com/sesiones/valencia/cineslys/twenty-one-pilots-more-than-we-ever-imagined/7002?proximamente=true&#038;" rel="nofollow noopener" target="_blank"><button>Reserva tu entrada</button></a></p>
