									
{"id":11008,"date":"2026-01-21T06:30:39","date_gmt":"2026-01-21T06:30:39","guid":{"rendered":"https:\/\/cineslys.com\/?post_type=tribe_events&#038;p=11008"},"modified":"2026-01-21T06:30:39","modified_gmt":"2026-01-21T06:30:39","slug":"opera-directo-siegfried","status":"publish","type":"tribe_events","link":"https:\/\/cineslys.com\/val\/calendario\/opera-directo-siegfried\/","title":{"rendered":"\u00d3pera Directo: Siegfried"},"content":{"rendered":"<h3><strong>\u00d3pera Directo: Siegfried<\/strong><\/h3>\n<h3><span style=\"font-size: 18px; font-weight: 600; letter-spacing: 0.9px;\">Martes 31 de marzo 18:25h<\/span><\/h3>\n<p>Criado por un enano astuto y sin conocer sus verdaderos or\u00edgenes familiares, un joven emprende un viaje \u00e9pico. El destino lo conduce pronto hasta una espada rota, un drag\u00f3n aterrador que custodia un anillo maldito y una valquiria sumida en un sue\u00f1o encantado&#8230; Momentos de belleza trascendental y triunfos heroicos brillan en el tercer cap\u00edtulo del ciclo del Anillo de Wagner, llevado a escena por la mirada inspirada de Barrie Kosky, tras sus espectaculares producciones de Das Rheingold (2023) y Die Walk\u00fcre (2025). Andreas Schager, en su esperad\u00edsimo debut con The Royal Opera, interpreta al heroico Siegfried, junto a Christopher Maltman como el imponente Caminante, Peter Hoare como el traicionero Mime y Elisabet Strid como la radiante Br\u00fcnnhilde. Antonio Pappano dirige la orquesta, desvelando las tensiones ocultas y el misticismo et\u00e9reo de la poderosa partitura de Wagner.<\/p>\n<p><a href=\"https:\/\/www.reservaentradas.com\/entrada\/valencia\/cineslys\/siegfried-opera-directo\/371169\/?step=2\" rel=\"nofollow noopener\" target=\"_blank\"><button>Reserva tu entrada<\/button><\/a><\/p>","protected":false},"excerpt":{"rendered":"<p>\u00d3pera Directo: Siegfried Martes 31 de marzo 18:25h Criado por un enano astuto y sin conocer sus verdaderos or\u00edgenes familiares, un joven emprende un viaje \u00e9pico. El destino lo conduce&hellip; <a class=\"more-link\" href=\"https:\/\/cineslys.com\/val\/calendario\/opera-directo-siegfried\/\">Continue reading <span class=\"screen-reader-text\">\u00d3pera Directo: Siegfried<\/span><\/a><\/p>","protected":false},"author":1,"featured_media":11009,"template":"","meta":{"_tribe_events_status":"","_tribe_events_status_reason":"","footnotes":""},"tags":[],"tribe_events_cat":[82],"class_list":["post-11008","tribe_events","type-tribe_events","status-publish","has-post-thumbnail","hentry","tribe_events_cat-opera-ballet","cat_opera-ballet","entry"],"_links":{"self":[{"href":"https:\/\/cineslys.com\/val\/wp-json\/wp\/v2\/tribe_events\/11008","targetHints":{"allow":["GET"]}}],"collection":[{"href":"https:\/\/cineslys.com\/val\/wp-json\/wp\/v2\/tribe_events"}],"about":[{"href":"https:\/\/cineslys.com\/val\/wp-json\/wp\/v2\/types\/tribe_events"}],"author":[{"embeddable":true,"href":"https:\/\/cineslys.com\/val\/wp-json\/wp\/v2\/users\/1"}],"version-history":[{"count":0,"href":"https:\/\/cineslys.com\/val\/wp-json\/wp\/v2\/tribe_events\/11008\/revisions"}],"wp:featuredmedia":[{"embeddable":true,"href":"https:\/\/cineslys.com\/val\/wp-json\/wp\/v2\/media\/11009"}],"wp:attachment":[{"href":"https:\/\/cineslys.com\/val\/wp-json\/wp\/v2\/media?parent=11008"}],"wp:term":[{"taxonomy":"post_tag","embeddable":true,"href":"https:\/\/cineslys.com\/val\/wp-json\/wp\/v2\/tags?post=11008"},{"taxonomy":"tribe_events_cat","embeddable":true,"href":"https:\/\/cineslys.com\/val\/wp-json\/wp\/v2\/tribe_events_cat?post=11008"}],"curies":[{"name":"wp","href":"https:\/\/api.w.org\/{rel}","templated":true}]}}

Ópera Directo: Siegfried

<h3><strong>Ópera Directo: Siegfried</strong></h3>
<h3><span style="font-size: 18px; font-weight: 600; letter-spacing: 0.9px;">Martes 31 de marzo 18:25h</span></h3>
<p>Criado por un enano astuto y sin conocer sus verdaderos orígenes familiares, un joven emprende un viaje épico. El destino lo conduce pronto hasta una espada rota, un dragón aterrador que custodia un anillo maldito y una valquiria sumida en un sueño encantado&#8230; Momentos de belleza trascendental y triunfos heroicos brillan en el tercer capítulo del ciclo del Anillo de Wagner, llevado a escena por la mirada inspirada de Barrie Kosky, tras sus espectaculares producciones de Das Rheingold (2023) y Die Walküre (2025). Andreas Schager, en su esperadísimo debut con The Royal Opera, interpreta al heroico Siegfried, junto a Christopher Maltman como el imponente Caminante, Peter Hoare como el traicionero Mime y Elisabet Strid como la radiante Brünnhilde. Antonio Pappano dirige la orquesta, desvelando las tensiones ocultas y el misticismo etéreo de la poderosa partitura de Wagner.</p>
<p><a href="https://www.reservaentradas.com/entrada/valencia/cineslys/siegfried-opera-directo/371169/?step=2" rel="nofollow noopener" target="_blank"><button>Reserva tu entrada</button></a></p>

<p>Ópera Directo: Siegfried Martes 31 de marzo 18:25h Criado por un enano astuto y sin conocer sus verdaderos orígenes familiares, un joven emprende un viaje épico. El destino lo conduce&hellip; <a class="more-link" href="https://cineslys.com/val/calendario/opera-directo-siegfried/">Continue reading <span class="screen-reader-text">Ópera Directo: Siegfried</span></a></p>
