									
{"id":11095,"date":"2026-01-28T11:04:56","date_gmt":"2026-01-28T11:04:56","guid":{"rendered":"https:\/\/cineslys.com\/?post_type=tribe_events&#038;p=11095"},"modified":"2026-01-30T18:47:09","modified_gmt":"2026-01-30T18:47:09","slug":"cita-a-ciegas-3-de-febrero","status":"publish","type":"tribe_events","link":"https:\/\/cineslys.com\/val\/calendario\/cita-a-ciegas-3-de-febrero\/","title":{"rendered":"Cita a ciegas 3 de febrero"},"content":{"rendered":"<h3><b>Cita a Ciegas con el Cine: martes 3 de febrero<\/b><\/h3>\n<h3><span style=\"color: #333333;\">Martes<\/span> 3 de febrero 19:30h<\/h3>\n<p>El pasado martes 27 de enero pudimos disfrutar del reestreno de \u00abCrash\u00bb pel\u00edcula dirigida por Paul Haggis, se estren\u00f3 en 2005 y gan\u00f3 3 Oscars: Mejor pel\u00edcula, gui\u00f3n original y montaje.<\/p>\n<p>\u00bfQuieres saber qu\u00e9 ser\u00e1 lo pr\u00f3ximo? \u00bfEstreno o reestreno? Ven a probar Cita a Ciegas para averiguarlo.<\/p>\n<p><a href=\"https:\/\/www.reservaentradas.com\/entrada\/valencia\/cineslys\/cita-a-ciegas-con-el-cine\/377329\/?step=2\" rel=\"nofollow noopener\" target=\"_blank\"> <button>Reserva tu entrada<\/button> <\/a><\/p>","protected":false},"excerpt":{"rendered":"<p>Cita a Ciegas con el Cine: martes 3 de febrero Martes 3 de febrero 19:30h El pasado martes 27 de enero pudimos disfrutar del reestreno de \u00abCrash\u00bb pel\u00edcula dirigida por&hellip; <a class=\"more-link\" href=\"https:\/\/cineslys.com\/val\/calendario\/cita-a-ciegas-3-de-febrero\/\">Continue reading <span class=\"screen-reader-text\">Cita a ciegas 3 de febrero<\/span><\/a><\/p>","protected":false},"author":1,"featured_media":11130,"template":"","meta":{"_tribe_events_status":"","_tribe_events_status_reason":"","footnotes":""},"tags":[],"tribe_events_cat":[16],"class_list":["post-11095","tribe_events","type-tribe_events","status-publish","has-post-thumbnail","hentry","tribe_events_cat-cita-a-ciegas","cat_cita-a-ciegas","entry"],"_links":{"self":[{"href":"https:\/\/cineslys.com\/val\/wp-json\/wp\/v2\/tribe_events\/11095","targetHints":{"allow":["GET"]}}],"collection":[{"href":"https:\/\/cineslys.com\/val\/wp-json\/wp\/v2\/tribe_events"}],"about":[{"href":"https:\/\/cineslys.com\/val\/wp-json\/wp\/v2\/types\/tribe_events"}],"author":[{"embeddable":true,"href":"https:\/\/cineslys.com\/val\/wp-json\/wp\/v2\/users\/1"}],"version-history":[{"count":2,"href":"https:\/\/cineslys.com\/val\/wp-json\/wp\/v2\/tribe_events\/11095\/revisions"}],"predecessor-version":[{"id":11131,"href":"https:\/\/cineslys.com\/val\/wp-json\/wp\/v2\/tribe_events\/11095\/revisions\/11131"}],"wp:featuredmedia":[{"embeddable":true,"href":"https:\/\/cineslys.com\/val\/wp-json\/wp\/v2\/media\/11130"}],"wp:attachment":[{"href":"https:\/\/cineslys.com\/val\/wp-json\/wp\/v2\/media?parent=11095"}],"wp:term":[{"taxonomy":"post_tag","embeddable":true,"href":"https:\/\/cineslys.com\/val\/wp-json\/wp\/v2\/tags?post=11095"},{"taxonomy":"tribe_events_cat","embeddable":true,"href":"https:\/\/cineslys.com\/val\/wp-json\/wp\/v2\/tribe_events_cat?post=11095"}],"curies":[{"name":"wp","href":"https:\/\/api.w.org\/{rel}","templated":true}]}}

<h3><b>Cita a Ciegas con el Cine: martes 3 de febrero</b></h3>
<h3><span style="color: #333333;">Martes</span> 3 de febrero 19:30h</h3>
<p>El pasado martes 27 de enero pudimos disfrutar del reestreno de «Crash» película dirigida por Paul Haggis, se estrenó en 2005 y ganó 3 Oscars: Mejor película, guión original y montaje.</p>
<p>¿Quieres saber qué será lo próximo? ¿Estreno o reestreno? Ven a probar Cita a Ciegas para averiguarlo.</p>
<p><a href="https://www.reservaentradas.com/entrada/valencia/cineslys/cita-a-ciegas-con-el-cine/377329/?step=2" rel="nofollow noopener" target="_blank"> <button>Reserva tu entrada</button> </a></p>

<p>Cita a Ciegas con el Cine: martes 3 de febrero Martes 3 de febrero 19:30h El pasado martes 27 de enero pudimos disfrutar del reestreno de «Crash» película dirigida por&hellip; <a class="more-link" href="https://cineslys.com/val/calendario/cita-a-ciegas-3-de-febrero/">Continue reading <span class="screen-reader-text">Cita a ciegas 3 de febrero</span></a></p>
