									
{"id":12011,"date":"2026-04-28T06:05:24","date_gmt":"2026-04-28T05:05:24","guid":{"rendered":"https:\/\/cineslys.com\/?post_type=tribe_events&#038;p=12011"},"modified":"2026-04-28T06:05:25","modified_gmt":"2026-04-28T05:05:25","slug":"cine-club-lys-viaje-al-pais-de-los-blancos-con-dani-sancho-y-ousman-oumar","status":"publish","type":"tribe_events","link":"https:\/\/cineslys.com\/val\/calendario\/cine-club-lys-viaje-al-pais-de-los-blancos-con-dani-sancho-y-ousman-oumar\/","title":{"rendered":"Cine Club Lys: Viaje al pa\u00eds de los blancos con Dani Sancho y Ousman Oumar"},"content":{"rendered":"<h3><b>Cine Club Lys: Viaje al pa\u00eds de los blancos<\/b><\/h3>\n<h3><span style=\"color: #ff0000;\">Lunes<\/span> 25 de mayo 16:30h, 18:00h y 19:30h<\/h3>\n<h6><a href=\"https:\/\/cineclublys.com\/matricula\/\" rel=\"nofollow noopener\" target=\"_blank\"><span style=\"color: #de0000;\">Matr\u00edcula abierta al 50% Cine Club Lys 2025-2026. Entra ahora y \u00fanete a esta gran familia cin\u00e9fila.<\/span><\/a><\/h6>\n<p>El lunes 25 de mayo contaremos con el directo Dani Sancho y el actor Ousman Oumar, quienes presentar\u00e1n su \u00faltimo proyecto Viaje al pa\u00eds de los blancos. <\/p>\n<p><strong>Sinopsis: <\/strong>Basada en la historia real de Ousman Umar, un joven ghan\u00e9s que abandona su aldea atra\u00eddo por la idea del \u201cpa\u00eds de los blancos\u201d, un lugar lejano que alimenta su curiosidad. Tras una traves\u00eda llena de obst\u00e1culos llega a Barcelona y descubre que la vida all\u00ed no es como \u00e9l la imaginaba. Hasta que conoce a Montse, que le acoge en su familia y le ofrece, adem\u00e1s de amor y apoyo, la posibilidad de un futuro. Ousman no solo la aprovecha, sino que la transforma en algo mucho mayor.<\/p>\n<p><a href=\"https:\/\/www.reservaentradas.com\/sesiones\/valencia\/cineslys\/cine-club-lys-viaje-al-pais-de-los-blancos\/7123?proximamente=true&#038;\" rel=\"nofollow noopener\" target=\"_blank\"> <button>Reserva tu entrada<\/button> <\/a><\/p>","protected":false},"excerpt":{"rendered":"<p>Cine Club Lys: Viaje al pa\u00eds de los blancos Lunes 25 de mayo 16:30h, 18:00h y 19:30h Matr\u00edcula abierta al 50% Cine Club Lys 2025-2026. Entra ahora y \u00fanete a&hellip; <a class=\"more-link\" href=\"https:\/\/cineslys.com\/val\/calendario\/cine-club-lys-viaje-al-pais-de-los-blancos-con-dani-sancho-y-ousman-oumar\/\">Continue reading <span class=\"screen-reader-text\">Cine Club Lys: Viaje al pa\u00eds de los blancos con Dani Sancho y Ousman Oumar<\/span><\/a><\/p>","protected":false},"author":1,"featured_media":12012,"template":"","meta":{"_tribe_events_status":"","_tribe_events_status_reason":"","footnotes":""},"tags":[],"tribe_events_cat":[18],"class_list":["post-12011","tribe_events","type-tribe_events","status-publish","has-post-thumbnail","hentry","tribe_events_cat-cine-club","cat_cine-club","entry"],"_links":{"self":[{"href":"https:\/\/cineslys.com\/val\/wp-json\/wp\/v2\/tribe_events\/12011","targetHints":{"allow":["GET"]}}],"collection":[{"href":"https:\/\/cineslys.com\/val\/wp-json\/wp\/v2\/tribe_events"}],"about":[{"href":"https:\/\/cineslys.com\/val\/wp-json\/wp\/v2\/types\/tribe_events"}],"author":[{"embeddable":true,"href":"https:\/\/cineslys.com\/val\/wp-json\/wp\/v2\/users\/1"}],"version-history":[{"count":3,"href":"https:\/\/cineslys.com\/val\/wp-json\/wp\/v2\/tribe_events\/12011\/revisions"}],"predecessor-version":[{"id":12018,"href":"https:\/\/cineslys.com\/val\/wp-json\/wp\/v2\/tribe_events\/12011\/revisions\/12018"}],"wp:featuredmedia":[{"embeddable":true,"href":"https:\/\/cineslys.com\/val\/wp-json\/wp\/v2\/media\/12012"}],"wp:attachment":[{"href":"https:\/\/cineslys.com\/val\/wp-json\/wp\/v2\/media?parent=12011"}],"wp:term":[{"taxonomy":"post_tag","embeddable":true,"href":"https:\/\/cineslys.com\/val\/wp-json\/wp\/v2\/tags?post=12011"},{"taxonomy":"tribe_events_cat","embeddable":true,"href":"https:\/\/cineslys.com\/val\/wp-json\/wp\/v2\/tribe_events_cat?post=12011"}],"curies":[{"name":"wp","href":"https:\/\/api.w.org\/{rel}","templated":true}]}}

Cine Club Lys: Viaje al país de los blancos con Dani Sancho y Ousman Oumar

<h3><b>Cine Club Lys: Viaje al país de los blancos</b></h3>
<h3><span style="color: #ff0000;">Lunes</span> 25 de mayo 16:30h, 18:00h y 19:30h</h3>
<h6><a href="https://cineclublys.com/matricula/" rel="nofollow noopener" target="_blank"><span style="color: #de0000;">Matrícula abierta al 50% Cine Club Lys 2025-2026. Entra ahora y únete a esta gran familia cinéfila.</span></a></h6>
<p>El lunes 25 de mayo contaremos con el directo Dani Sancho y el actor Ousman Oumar, quienes presentarán su último proyecto Viaje al país de los blancos. </p>
<p><strong>Sinopsis: </strong>Basada en la historia real de Ousman Umar, un joven ghanés que abandona su aldea atraído por la idea del “país de los blancos”, un lugar lejano que alimenta su curiosidad. Tras una travesía llena de obstáculos llega a Barcelona y descubre que la vida allí no es como él la imaginaba. Hasta que conoce a Montse, que le acoge en su familia y le ofrece, además de amor y apoyo, la posibilidad de un futuro. Ousman no solo la aprovecha, sino que la transforma en algo mucho mayor.</p>
<p><a href="https://www.reservaentradas.com/sesiones/valencia/cineslys/cine-club-lys-viaje-al-pais-de-los-blancos/7123?proximamente=true&#038;" rel="nofollow noopener" target="_blank"> <button>Reserva tu entrada</button> </a></p>

<p>Cine Club Lys: Viaje al país de los blancos Lunes 25 de mayo 16:30h, 18:00h y 19:30h Matrícula abierta al 50% Cine Club Lys 2025-2026. Entra ahora y únete a&hellip; <a class="more-link" href="https://cineslys.com/val/calendario/cine-club-lys-viaje-al-pais-de-los-blancos-con-dani-sancho-y-ousman-oumar/">Continue reading <span class="screen-reader-text">Cine Club Lys: Viaje al país de los blancos con Dani Sancho y Ousman Oumar</span></a></p>
