									
{"id":12015,"date":"2026-04-28T06:08:45","date_gmt":"2026-04-28T05:08:45","guid":{"rendered":"https:\/\/cineslys.com\/?post_type=tribe_events&#038;p=12015"},"modified":"2026-04-28T06:08:46","modified_gmt":"2026-04-28T05:08:46","slug":"cine-club-lys-amarga-navidad-con-agustin-almodovar-y-esther-garcia","status":"publish","type":"tribe_events","link":"https:\/\/cineslys.com\/val\/calendario\/cine-club-lys-amarga-navidad-con-agustin-almodovar-y-esther-garcia\/","title":{"rendered":"Cine Club Lys: Amarga Navidad con Agust\u00edn Almod\u00f3var y Esther Garc\u00eda"},"content":{"rendered":"<h3><b>Cine Club Lys: Amarga navidad<\/b><\/h3>\n<h3><span style=\"color: #ff0000;\">Lunes<\/span> 01 de junio 16:30h, 18:00h y 19:30h<\/h3>\n<h6><a href=\"https:\/\/cineclublys.com\/matricula\/\" rel=\"nofollow noopener\" target=\"_blank\"><span style=\"color: #de0000;\">Matr\u00edcula abierta al 50% Cine Club Lys 2025-2026. Entra ahora y \u00fanete a esta gran familia cin\u00e9fila.<\/span><\/a><\/h6>\n<p>Tendremos una visita muy especial el 01 de junio con los productores de El Deseo: Esther Garc\u00eda y Agust\u00edn Almod\u00f3var. Dos grandes profesionales del sector que estar\u00e1n presentes en los tres pases. <\/p>\n<p><strong>Sinopsis: <\/strong>Elsa es una directora de publicidad cuya madre muere durante un largo puente del mes de diciembre. Encuentra refugio en el trabajo, aunque es m\u00e1s bien una huida hacia adelante. Trabaja sin parar y, sin darse cuenta, no se concede el tiempo necesario para guardar el duelo por la ausencia materna. Hasta que una crisis de p\u00e1nico la obliga a detenerse e imponerse un descanso. Su pareja, Bonifacio, es su tabla de salvaci\u00f3n en esos momentos de crisis. Elsa decide viajar a la isla de Lanzarote acompa\u00f1ada por su amiga Patricia, que tambi\u00e9n necesita alejarse de Madrid, mientras que Bonifacio se queda en la ciudad.<\/p>\n<p><a href=\"https:\/\/www.reservaentradas.com\/sesiones\/valencia\/cineslys\/cine-club-lys-amarga-navidad\/7117?proximamente=true&#038;\" rel=\"nofollow noopener\" target=\"_blank\"> <button>Reserva tu entrada<\/button> <\/a><\/p>","protected":false},"excerpt":{"rendered":"<p>Cine Club Lys: Amarga navidad Lunes 01 de junio 16:30h, 18:00h y 19:30h Matr\u00edcula abierta al 50% Cine Club Lys 2025-2026. Entra ahora y \u00fanete a esta gran familia cin\u00e9fila.&hellip; <a class=\"more-link\" href=\"https:\/\/cineslys.com\/val\/calendario\/cine-club-lys-amarga-navidad-con-agustin-almodovar-y-esther-garcia\/\">Continue reading <span class=\"screen-reader-text\">Cine Club Lys: Amarga Navidad con Agust\u00edn Almod\u00f3var y Esther Garc\u00eda<\/span><\/a><\/p>","protected":false},"author":1,"featured_media":12016,"template":"","meta":{"_tribe_events_status":"","_tribe_events_status_reason":"","footnotes":""},"tags":[],"tribe_events_cat":[18],"class_list":["post-12015","tribe_events","type-tribe_events","status-publish","has-post-thumbnail","hentry","tribe_events_cat-cine-club","cat_cine-club","entry"],"_links":{"self":[{"href":"https:\/\/cineslys.com\/val\/wp-json\/wp\/v2\/tribe_events\/12015","targetHints":{"allow":["GET"]}}],"collection":[{"href":"https:\/\/cineslys.com\/val\/wp-json\/wp\/v2\/tribe_events"}],"about":[{"href":"https:\/\/cineslys.com\/val\/wp-json\/wp\/v2\/types\/tribe_events"}],"author":[{"embeddable":true,"href":"https:\/\/cineslys.com\/val\/wp-json\/wp\/v2\/users\/1"}],"version-history":[{"count":1,"href":"https:\/\/cineslys.com\/val\/wp-json\/wp\/v2\/tribe_events\/12015\/revisions"}],"predecessor-version":[{"id":12017,"href":"https:\/\/cineslys.com\/val\/wp-json\/wp\/v2\/tribe_events\/12015\/revisions\/12017"}],"wp:featuredmedia":[{"embeddable":true,"href":"https:\/\/cineslys.com\/val\/wp-json\/wp\/v2\/media\/12016"}],"wp:attachment":[{"href":"https:\/\/cineslys.com\/val\/wp-json\/wp\/v2\/media?parent=12015"}],"wp:term":[{"taxonomy":"post_tag","embeddable":true,"href":"https:\/\/cineslys.com\/val\/wp-json\/wp\/v2\/tags?post=12015"},{"taxonomy":"tribe_events_cat","embeddable":true,"href":"https:\/\/cineslys.com\/val\/wp-json\/wp\/v2\/tribe_events_cat?post=12015"}],"curies":[{"name":"wp","href":"https:\/\/api.w.org\/{rel}","templated":true}]}}

Cine Club Lys: Amarga Navidad con Agustín Almodóvar y Esther García

<h3><b>Cine Club Lys: Amarga navidad</b></h3>
<h3><span style="color: #ff0000;">Lunes</span> 01 de junio 16:30h, 18:00h y 19:30h</h3>
<h6><a href="https://cineclublys.com/matricula/" rel="nofollow noopener" target="_blank"><span style="color: #de0000;">Matrícula abierta al 50% Cine Club Lys 2025-2026. Entra ahora y únete a esta gran familia cinéfila.</span></a></h6>
<p>Tendremos una visita muy especial el 01 de junio con los productores de El Deseo: Esther García y Agustín Almodóvar. Dos grandes profesionales del sector que estarán presentes en los tres pases. </p>
<p><strong>Sinopsis: </strong>Elsa es una directora de publicidad cuya madre muere durante un largo puente del mes de diciembre. Encuentra refugio en el trabajo, aunque es más bien una huida hacia adelante. Trabaja sin parar y, sin darse cuenta, no se concede el tiempo necesario para guardar el duelo por la ausencia materna. Hasta que una crisis de pánico la obliga a detenerse e imponerse un descanso. Su pareja, Bonifacio, es su tabla de salvación en esos momentos de crisis. Elsa decide viajar a la isla de Lanzarote acompañada por su amiga Patricia, que también necesita alejarse de Madrid, mientras que Bonifacio se queda en la ciudad.</p>
<p><a href="https://www.reservaentradas.com/sesiones/valencia/cineslys/cine-club-lys-amarga-navidad/7117?proximamente=true&#038;" rel="nofollow noopener" target="_blank"> <button>Reserva tu entrada</button> </a></p>

<p>Cine Club Lys: Amarga navidad Lunes 01 de junio 16:30h, 18:00h y 19:30h Matrícula abierta al 50% Cine Club Lys 2025-2026. Entra ahora y únete a esta gran familia cinéfila.&hellip; <a class="more-link" href="https://cineslys.com/val/calendario/cine-club-lys-amarga-navidad-con-agustin-almodovar-y-esther-garcia/">Continue reading <span class="screen-reader-text">Cine Club Lys: Amarga Navidad con Agustín Almodóvar y Esther García</span></a></p>
