									
{"id":12031,"date":"2026-04-29T09:14:37","date_gmt":"2026-04-29T08:14:37","guid":{"rendered":"https:\/\/cineslys.com\/?post_type=tribe_events&#038;p=12031"},"modified":"2026-04-29T09:14:38","modified_gmt":"2026-04-29T08:14:38","slug":"cita-a-ciegas-con-el-cine-martes-5-de-mayo","status":"publish","type":"tribe_events","link":"https:\/\/cineslys.com\/val\/calendario\/cita-a-ciegas-con-el-cine-martes-5-de-mayo\/","title":{"rendered":"Cita a Ciegas con el Cine: Martes 5 de mayo"},"content":{"rendered":"<h3><b>Cita a Ciegas con el Cine: Martes 5 de mayo<\/b><\/h3>\n<h3><span style=\"color: #333333;\">Martes<\/span> 5 de mayo 19:30h<\/h3>\n<p>El pasado martes pudimos ver <strong>Conoce a los B\u00e1rbaros<\/strong> en preestreno, una pel\u00edcula francesa dirigida por Julie Delpy. Una comedia sat\u00edrica sobre convivencia. Protagonizada por Julie Delpy, Sandrine Kiberlain, Laurent Lafitte, India Hair y Ziad Bakri.<\/p>\n<p>Estreno 29 de mayo!<\/p>\n<p><strong>\u00bfQu\u00e9 tocar\u00e1 el pr\u00f3ximo martes? \u00bfEstreno o reestreno? Ven a Cita a Ciegas para averiguarlo.<\/strong><br \/>\n<a href=\"https:\/\/www.reservaentradas.com\/entrada\/valencia\/cineslys\/cita-a-ciegas-con-el-cine\/381126\/?step=2\" rel=\"nofollow noopener\" target=\"_blank\"><button>Comprar entradas<\/button><\/a><\/p>","protected":false},"excerpt":{"rendered":"<p>Cita a Ciegas con el Cine: Martes 5 de mayo Martes 5 de mayo 19:30h El pasado martes pudimos ver Conoce a los B\u00e1rbaros en preestreno, una pel\u00edcula francesa dirigida&hellip; <a class=\"more-link\" href=\"https:\/\/cineslys.com\/val\/calendario\/cita-a-ciegas-con-el-cine-martes-5-de-mayo\/\">Continue reading <span class=\"screen-reader-text\">Cita a Ciegas con el Cine: Martes 5 de mayo<\/span><\/a><\/p>","protected":false},"author":1,"featured_media":12032,"template":"","meta":{"_tribe_events_status":"","_tribe_events_status_reason":"","footnotes":""},"tags":[],"tribe_events_cat":[16],"class_list":["post-12031","tribe_events","type-tribe_events","status-publish","has-post-thumbnail","hentry","tribe_events_cat-cita-a-ciegas","cat_cita-a-ciegas","entry"],"_links":{"self":[{"href":"https:\/\/cineslys.com\/val\/wp-json\/wp\/v2\/tribe_events\/12031","targetHints":{"allow":["GET"]}}],"collection":[{"href":"https:\/\/cineslys.com\/val\/wp-json\/wp\/v2\/tribe_events"}],"about":[{"href":"https:\/\/cineslys.com\/val\/wp-json\/wp\/v2\/types\/tribe_events"}],"author":[{"embeddable":true,"href":"https:\/\/cineslys.com\/val\/wp-json\/wp\/v2\/users\/1"}],"version-history":[{"count":1,"href":"https:\/\/cineslys.com\/val\/wp-json\/wp\/v2\/tribe_events\/12031\/revisions"}],"predecessor-version":[{"id":12033,"href":"https:\/\/cineslys.com\/val\/wp-json\/wp\/v2\/tribe_events\/12031\/revisions\/12033"}],"wp:featuredmedia":[{"embeddable":true,"href":"https:\/\/cineslys.com\/val\/wp-json\/wp\/v2\/media\/12032"}],"wp:attachment":[{"href":"https:\/\/cineslys.com\/val\/wp-json\/wp\/v2\/media?parent=12031"}],"wp:term":[{"taxonomy":"post_tag","embeddable":true,"href":"https:\/\/cineslys.com\/val\/wp-json\/wp\/v2\/tags?post=12031"},{"taxonomy":"tribe_events_cat","embeddable":true,"href":"https:\/\/cineslys.com\/val\/wp-json\/wp\/v2\/tribe_events_cat?post=12031"}],"curies":[{"name":"wp","href":"https:\/\/api.w.org\/{rel}","templated":true}]}}

<h3><b>Cita a Ciegas con el Cine: Martes 5 de mayo</b></h3>
<h3><span style="color: #333333;">Martes</span> 5 de mayo 19:30h</h3>
<p>El pasado martes pudimos ver <strong>Conoce a los Bárbaros</strong> en preestreno, una película francesa dirigida por Julie Delpy. Una comedia satírica sobre convivencia. Protagonizada por Julie Delpy, Sandrine Kiberlain, Laurent Lafitte, India Hair y Ziad Bakri.</p>
<p>Estreno 29 de mayo!</p>
<p><strong>¿Qué tocará el próximo martes? ¿Estreno o reestreno? Ven a Cita a Ciegas para averiguarlo.</strong><br />
<a href="https://www.reservaentradas.com/entrada/valencia/cineslys/cita-a-ciegas-con-el-cine/381126/?step=2" rel="nofollow noopener" target="_blank"><button>Comprar entradas</button></a></p>

<p>Cita a Ciegas con el Cine: Martes 5 de mayo Martes 5 de mayo 19:30h El pasado martes pudimos ver Conoce a los Bárbaros en preestreno, una película francesa dirigida&hellip; <a class="more-link" href="https://cineslys.com/val/calendario/cita-a-ciegas-con-el-cine-martes-5-de-mayo/">Continue reading <span class="screen-reader-text">Cita a Ciegas con el Cine: Martes 5 de mayo</span></a></p>
