									
{"id":1448,"date":"2023-09-28T09:10:41","date_gmt":"2023-09-28T09:10:41","guid":{"rendered":"https:\/\/cineslys.com\/?post_type=tribe_events&#038;p=1448"},"modified":"2023-10-02T17:17:17","modified_gmt":"2023-10-02T17:17:17","slug":"fiesta-del-cine-2023","status":"publish","type":"tribe_events","link":"https:\/\/cineslys.com\/val\/calendario\/fiesta-del-cine-2023\/","title":{"rendered":"Fiesta del cine 2023"},"content":{"rendered":"<p>Entra en nuestra p\u00e1gina web y reserva tus entradas para la Fiesta del Cine. Desde el lunes 2 hasta el jueves 5 de octubre, podr\u00e1s disfrutar de nuestras pel\u00edculas por solo 3,50\u20ac.<\/p>\n<p>\u00bfCu\u00e1l pel\u00edcula te gustar\u00eda ver? \u00bfNecesitas alguna recomendaci\u00f3n? Visita el siguiente enlace y, si tienes alguna pregunta, no dudes en hac\u00e9rnosla a trav\u00e9s de nuestras redes sociales.<\/p>\n<p><a href=\"https:\/\/www.reservaentradas.com\/cine\/valencia\/cineslys\" rel=\"nofollow noopener\" target=\"_blank\"> <button>Comprar entradas<\/button> <\/a><\/p>","protected":false},"excerpt":{"rendered":"<p>Entra en nuestra p\u00e1gina web y reserva tus entradas para la Fiesta del Cine. Desde el lunes 2 hasta el jueves 5 de octubre, podr\u00e1s disfrutar de nuestras pel\u00edculas por&hellip; <a class=\"more-link\" href=\"https:\/\/cineslys.com\/val\/calendario\/fiesta-del-cine-2023\/\">Continue reading <span class=\"screen-reader-text\">Fiesta del cine 2023<\/span><\/a><\/p>","protected":false},"author":1,"featured_media":1408,"template":"","meta":{"_tribe_events_status":"","_tribe_events_status_reason":"","footnotes":""},"tags":[],"tribe_events_cat":[17],"class_list":["post-1448","tribe_events","type-tribe_events","status-publish","has-post-thumbnail","hentry","tribe_events_cat-fiesta-del-cine","cat_fiesta-del-cine","entry"],"_links":{"self":[{"href":"https:\/\/cineslys.com\/val\/wp-json\/wp\/v2\/tribe_events\/1448","targetHints":{"allow":["GET"]}}],"collection":[{"href":"https:\/\/cineslys.com\/val\/wp-json\/wp\/v2\/tribe_events"}],"about":[{"href":"https:\/\/cineslys.com\/val\/wp-json\/wp\/v2\/types\/tribe_events"}],"author":[{"embeddable":true,"href":"https:\/\/cineslys.com\/val\/wp-json\/wp\/v2\/users\/1"}],"version-history":[{"count":0,"href":"https:\/\/cineslys.com\/val\/wp-json\/wp\/v2\/tribe_events\/1448\/revisions"}],"wp:featuredmedia":[{"embeddable":true,"href":"https:\/\/cineslys.com\/val\/wp-json\/wp\/v2\/media\/1408"}],"wp:attachment":[{"href":"https:\/\/cineslys.com\/val\/wp-json\/wp\/v2\/media?parent=1448"}],"wp:term":[{"taxonomy":"post_tag","embeddable":true,"href":"https:\/\/cineslys.com\/val\/wp-json\/wp\/v2\/tags?post=1448"},{"taxonomy":"tribe_events_cat","embeddable":true,"href":"https:\/\/cineslys.com\/val\/wp-json\/wp\/v2\/tribe_events_cat?post=1448"}],"curies":[{"name":"wp","href":"https:\/\/api.w.org\/{rel}","templated":true}]}}

<p>Entra en nuestra página web y reserva tus entradas para la Fiesta del Cine. Desde el lunes 2 hasta el jueves 5 de octubre, podrás disfrutar de nuestras películas por solo 3,50€.</p>
<p>¿Cuál película te gustaría ver? ¿Necesitas alguna recomendación? Visita el siguiente enlace y, si tienes alguna pregunta, no dudes en hacérnosla a través de nuestras redes sociales.</p>
<p><a href="https://www.reservaentradas.com/cine/valencia/cineslys" rel="nofollow noopener" target="_blank"> <button>Comprar entradas</button> </a></p>

<p>Entra en nuestra página web y reserva tus entradas para la Fiesta del Cine. Desde el lunes 2 hasta el jueves 5 de octubre, podrás disfrutar de nuestras películas por&hellip; <a class="more-link" href="https://cineslys.com/val/calendario/fiesta-del-cine-2023/">Continue reading <span class="screen-reader-text">Fiesta del cine 2023</span></a></p>
