									
{"id":1508,"date":"2023-10-02T16:08:25","date_gmt":"2023-10-02T16:08:25","guid":{"rendered":"https:\/\/cineslys.com\/?post_type=tribe_events&#038;p=1508"},"modified":"2023-10-02T16:11:05","modified_gmt":"2023-10-02T16:11:05","slug":"cita-a-ciegas-17-octubre","status":"publish","type":"tribe_events","link":"https:\/\/cineslys.com\/val\/calendario\/cita-a-ciegas-17-octubre\/","title":{"rendered":"Cita a Ciegas 17 de octubre"},"content":{"rendered":"<p>\u00bfA\u00fan no has probado nuestro Cita a ciegas con el Cine? Pases a 4\u20ac donde no sabr\u00e1s qu\u00e9 vas a ver hasta que comience la pel\u00edcula. \u00a1Menuda intriga!<\/p>\n<p>Adem\u00e1s si te<a href=\"https:\/\/forms.gle\/TfnQQKQFMwUh1dbv5\" rel=\"nofollow noopener\" target=\"_blank\"> registras en nuestra newsletter<\/a> podr\u00e1s participar en la porra que preparamos el fin de semana de antes. Participa y gana entradas.<\/p>\n<p>Las pel\u00edculas se pasan en su idioma original, subtitulado en caso de pel\u00edcula extranjera. Y con el precio de 4\u20ac no est\u00e1 incluido el parking, se deber\u00e1 abonar 1,50\u20ac adicional en taquilla.<\/p>\n<p><a href=\"https:\/\/www.reservaentradas.com\/sesiones\/valencia\/cineslys\/cita-a-ciegas-con-el-cine\/5609\" rel=\"nofollow noopener\" target=\"_blank\"> <button>Comprar entradas<\/button> <\/a><\/p>","protected":false},"excerpt":{"rendered":"<p>\u00bfA\u00fan no has probado nuestro Cita a ciegas con el Cine? Pases a 4\u20ac donde no sabr\u00e1s qu\u00e9 vas a ver hasta que comience la pel\u00edcula. \u00a1Menuda intriga! Adem\u00e1s si&hellip; <a class=\"more-link\" href=\"https:\/\/cineslys.com\/val\/calendario\/cita-a-ciegas-17-octubre\/\">Continue reading <span class=\"screen-reader-text\">Cita a Ciegas 17 de octubre<\/span><\/a><\/p>","protected":false},"author":1,"featured_media":1509,"template":"","meta":{"_tribe_events_status":"","_tribe_events_status_reason":"","footnotes":""},"tags":[23],"tribe_events_cat":[16],"class_list":["post-1508","tribe_events","type-tribe_events","status-publish","has-post-thumbnail","hentry","tag-cita-a-ciegas-con-el-cine","tribe_events_cat-cita-a-ciegas","cat_cita-a-ciegas","entry"],"_links":{"self":[{"href":"https:\/\/cineslys.com\/val\/wp-json\/wp\/v2\/tribe_events\/1508","targetHints":{"allow":["GET"]}}],"collection":[{"href":"https:\/\/cineslys.com\/val\/wp-json\/wp\/v2\/tribe_events"}],"about":[{"href":"https:\/\/cineslys.com\/val\/wp-json\/wp\/v2\/types\/tribe_events"}],"author":[{"embeddable":true,"href":"https:\/\/cineslys.com\/val\/wp-json\/wp\/v2\/users\/1"}],"version-history":[{"count":0,"href":"https:\/\/cineslys.com\/val\/wp-json\/wp\/v2\/tribe_events\/1508\/revisions"}],"wp:featuredmedia":[{"embeddable":true,"href":"https:\/\/cineslys.com\/val\/wp-json\/wp\/v2\/media\/1509"}],"wp:attachment":[{"href":"https:\/\/cineslys.com\/val\/wp-json\/wp\/v2\/media?parent=1508"}],"wp:term":[{"taxonomy":"post_tag","embeddable":true,"href":"https:\/\/cineslys.com\/val\/wp-json\/wp\/v2\/tags?post=1508"},{"taxonomy":"tribe_events_cat","embeddable":true,"href":"https:\/\/cineslys.com\/val\/wp-json\/wp\/v2\/tribe_events_cat?post=1508"}],"curies":[{"name":"wp","href":"https:\/\/api.w.org\/{rel}","templated":true}]}}

<p>¿Aún no has probado nuestro Cita a ciegas con el Cine? Pases a 4€ donde no sabrás qué vas a ver hasta que comience la película. ¡Menuda intriga!</p>
<p>Además si te<a href="https://forms.gle/TfnQQKQFMwUh1dbv5" rel="nofollow noopener" target="_blank"> registras en nuestra newsletter</a> podrás participar en la porra que preparamos el fin de semana de antes. Participa y gana entradas.</p>
<p>Las películas se pasan en su idioma original, subtitulado en caso de película extranjera. Y con el precio de 4€ no está incluido el parking, se deberá abonar 1,50€ adicional en taquilla.</p>
<p><a href="https://www.reservaentradas.com/sesiones/valencia/cineslys/cita-a-ciegas-con-el-cine/5609" rel="nofollow noopener" target="_blank"> <button>Comprar entradas</button> </a></p>

<p>¿Aún no has probado nuestro Cita a ciegas con el Cine? Pases a 4€ donde no sabrás qué vas a ver hasta que comience la película. ¡Menuda intriga! Además si&hellip; <a class="more-link" href="https://cineslys.com/val/calendario/cita-a-ciegas-17-octubre/">Continue reading <span class="screen-reader-text">Cita a Ciegas 17 de octubre</span></a></p>
