									
{"id":1515,"date":"2023-10-02T17:14:58","date_gmt":"2023-10-02T17:14:58","guid":{"rendered":"https:\/\/cineslys.com\/?post_type=tribe_events&#038;p=1515"},"modified":"2023-10-03T17:17:43","modified_gmt":"2023-10-03T17:17:43","slug":"preestreno-benefico-mi-otro-jon-con-paco-arango","status":"publish","type":"tribe_events","link":"https:\/\/cineslys.com\/val\/calendario\/preestreno-benefico-mi-otro-jon-con-paco-arango\/","title":{"rendered":"Pase Ben\u00e9fico: Mi otro Jon con Paco Arango"},"content":{"rendered":"<p><b>Si tienes 65 a\u00f1os o m\u00e1s, la entrada te saldr\u00e1 por 2\u20ac con motivo del Cine Senior. Recuerda ir a taquilla cualquier d\u00eda de la semana para comprar tu entrada a precio Senior<\/b><\/p>\n<p>El pr\u00f3ximo <strong>martes 10 de octubre a las 19:30h<\/strong> tendremos un pase especial con la presencia de Paco Arango, quien viene a presentar y estar en el coloquio de Mi Otro Jon. <\/p>\n<p>Parte de la recaudaci\u00f3n de la pel\u00edcula, tanto de este pase como durante su paso por salas, ser\u00e1 donado a la @fundacionaladina. Aprovecha ahora para comprar tu entrada, colaborar con esta ONG y pasa una tarde especial #CelebrandoLaVida con Paco Arango y la #Fundaci\u00f3nAladina \u2764\u2764\u2764<\/p>\n<p>Martes 10 de octubre 19:30h<br \/>\nMi otro Jon con Paco Arango en Cines Lys Valencia<br \/>\n<a href=\"https:\/\/www.reservaentradas.com\/sesiones\/valencia\/cineslys\/mi-otro-jon\/5880\" rel=\"nofollow noopener\" target=\"_blank\"> <button>Comprar entradas<\/button> <\/a><\/p>","protected":false},"excerpt":{"rendered":"<p>Si tienes 65 a\u00f1os o m\u00e1s, la entrada te saldr\u00e1 por 2\u20ac con motivo del Cine Senior. Recuerda ir a taquilla cualquier d\u00eda de la semana para comprar tu entrada&hellip; <a class=\"more-link\" href=\"https:\/\/cineslys.com\/val\/calendario\/preestreno-benefico-mi-otro-jon-con-paco-arango\/\">Continue reading <span class=\"screen-reader-text\">Pase Ben\u00e9fico: Mi otro Jon con Paco Arango<\/span><\/a><\/p>","protected":false},"author":1,"featured_media":1520,"template":"","meta":{"_tribe_events_status":"","_tribe_events_status_reason":"","footnotes":""},"tags":[20,21],"tribe_events_cat":[19],"class_list":["post-1515","tribe_events","type-tribe_events","status-publish","has-post-thumbnail","hentry","tag-directores","tag-preestreno","tribe_events_cat-visita-de-directores","cat_visita-de-directores","entry"],"_links":{"self":[{"href":"https:\/\/cineslys.com\/val\/wp-json\/wp\/v2\/tribe_events\/1515","targetHints":{"allow":["GET"]}}],"collection":[{"href":"https:\/\/cineslys.com\/val\/wp-json\/wp\/v2\/tribe_events"}],"about":[{"href":"https:\/\/cineslys.com\/val\/wp-json\/wp\/v2\/types\/tribe_events"}],"author":[{"embeddable":true,"href":"https:\/\/cineslys.com\/val\/wp-json\/wp\/v2\/users\/1"}],"version-history":[{"count":0,"href":"https:\/\/cineslys.com\/val\/wp-json\/wp\/v2\/tribe_events\/1515\/revisions"}],"wp:featuredmedia":[{"embeddable":true,"href":"https:\/\/cineslys.com\/val\/wp-json\/wp\/v2\/media\/1520"}],"wp:attachment":[{"href":"https:\/\/cineslys.com\/val\/wp-json\/wp\/v2\/media?parent=1515"}],"wp:term":[{"taxonomy":"post_tag","embeddable":true,"href":"https:\/\/cineslys.com\/val\/wp-json\/wp\/v2\/tags?post=1515"},{"taxonomy":"tribe_events_cat","embeddable":true,"href":"https:\/\/cineslys.com\/val\/wp-json\/wp\/v2\/tribe_events_cat?post=1515"}],"curies":[{"name":"wp","href":"https:\/\/api.w.org\/{rel}","templated":true}]}}

Pase Benéfico: Mi otro Jon con Paco Arango

<p><b>Si tienes 65 años o más, la entrada te saldrá por 2€ con motivo del Cine Senior. Recuerda ir a taquilla cualquier día de la semana para comprar tu entrada a precio Senior</b></p>
<p>El próximo <strong>martes 10 de octubre a las 19:30h</strong> tendremos un pase especial con la presencia de Paco Arango, quien viene a presentar y estar en el coloquio de Mi Otro Jon. </p>
<p>Parte de la recaudación de la película, tanto de este pase como durante su paso por salas, será donado a la @fundacionaladina. Aprovecha ahora para comprar tu entrada, colaborar con esta ONG y pasa una tarde especial #CelebrandoLaVida con Paco Arango y la #FundaciónAladina ❤❤❤</p>
<p>Martes 10 de octubre 19:30h<br />
Mi otro Jon con Paco Arango en Cines Lys Valencia<br />
<a href="https://www.reservaentradas.com/sesiones/valencia/cineslys/mi-otro-jon/5880" rel="nofollow noopener" target="_blank"> <button>Comprar entradas</button> </a></p>

<p>Si tienes 65 años o más, la entrada te saldrá por 2€ con motivo del Cine Senior. Recuerda ir a taquilla cualquier día de la semana para comprar tu entrada&hellip; <a class="more-link" href="https://cineslys.com/val/calendario/preestreno-benefico-mi-otro-jon-con-paco-arango/">Continue reading <span class="screen-reader-text">Pase Benéfico: Mi otro Jon con Paco Arango</span></a></p>
