									
{"id":1680,"date":"2023-10-17T16:36:48","date_gmt":"2023-10-17T16:36:48","guid":{"rendered":"https:\/\/cineslys.com\/?post_type=tribe_events&#038;p=1680"},"modified":"2023-10-17T16:37:17","modified_gmt":"2023-10-17T16:37:17","slug":"documental-sin-libertad-20-anos-despues-con-inaki-arteta","status":"publish","type":"tribe_events","link":"https:\/\/cineslys.com\/val\/calendario\/documental-sin-libertad-20-anos-despues-con-inaki-arteta\/","title":{"rendered":"Documental: Sin Libertad. 20 a\u00f1os despu\u00e9s con I\u00f1aki Arteta"},"content":{"rendered":"<p>Sin libertad es un mediometraje de 30 minutos dirigido por I\u00f1aki Arteta en 2001. En \u00e9l, una serie de familiares de v\u00edctimas vascas asesinadas por ETA o perseguidos por la banda daban su testimonio. Pasados veinte a\u00f1os, \u00bfc\u00f3mo habr\u00e1n asimilado esas mismas personas este per\u00edodo de tantos cambios, entre ellos el cese de la violencia terrorista y la incorporaci\u00f3n a la pol\u00edtica del entramado ultranacionalista? Cinco j\u00f3venes veintea\u00f1eros estudiantes de periodismo son seleccionados para realizar las entrevistas a varios de estos testigos.<\/p>\n<p>Contaremos con la presencia del director I\u00f1aki Arteta quien asistir\u00e1 al pase y har\u00e1 coloquio al finalizar.<\/p>\n<p><a href=\"https:\/\/www.reservaentradas.com\/sesiones\/valencia\/cineslys\/sin-libertad-20-anos-despues\/5900\" rel=\"nofollow noopener\" target=\"_blank\"> <button>Comprar entradas<\/button> <\/a><\/p>","protected":false},"excerpt":{"rendered":"<p>Sin libertad es un mediometraje de 30 minutos dirigido por I\u00f1aki Arteta en 2001. En \u00e9l, una serie de familiares de v\u00edctimas vascas asesinadas por ETA o perseguidos por la&hellip; <a class=\"more-link\" href=\"https:\/\/cineslys.com\/val\/calendario\/documental-sin-libertad-20-anos-despues-con-inaki-arteta\/\">Continue reading <span class=\"screen-reader-text\">Documental: Sin Libertad. 20 a\u00f1os despu\u00e9s con I\u00f1aki Arteta<\/span><\/a><\/p>","protected":false},"author":1,"featured_media":1681,"template":"","meta":{"_tribe_events_status":"","_tribe_events_status_reason":"","footnotes":""},"tags":[],"tribe_events_cat":[30,19],"class_list":["post-1680","tribe_events","type-tribe_events","status-publish","has-post-thumbnail","hentry","tribe_events_cat-documentales","tribe_events_cat-visita-de-directores","cat_documentales","cat_visita-de-directores","entry"],"_links":{"self":[{"href":"https:\/\/cineslys.com\/val\/wp-json\/wp\/v2\/tribe_events\/1680","targetHints":{"allow":["GET"]}}],"collection":[{"href":"https:\/\/cineslys.com\/val\/wp-json\/wp\/v2\/tribe_events"}],"about":[{"href":"https:\/\/cineslys.com\/val\/wp-json\/wp\/v2\/types\/tribe_events"}],"author":[{"embeddable":true,"href":"https:\/\/cineslys.com\/val\/wp-json\/wp\/v2\/users\/1"}],"version-history":[{"count":0,"href":"https:\/\/cineslys.com\/val\/wp-json\/wp\/v2\/tribe_events\/1680\/revisions"}],"wp:featuredmedia":[{"embeddable":true,"href":"https:\/\/cineslys.com\/val\/wp-json\/wp\/v2\/media\/1681"}],"wp:attachment":[{"href":"https:\/\/cineslys.com\/val\/wp-json\/wp\/v2\/media?parent=1680"}],"wp:term":[{"taxonomy":"post_tag","embeddable":true,"href":"https:\/\/cineslys.com\/val\/wp-json\/wp\/v2\/tags?post=1680"},{"taxonomy":"tribe_events_cat","embeddable":true,"href":"https:\/\/cineslys.com\/val\/wp-json\/wp\/v2\/tribe_events_cat?post=1680"}],"curies":[{"name":"wp","href":"https:\/\/api.w.org\/{rel}","templated":true}]}}

Documental: Sin Libertad. 20 años después con Iñaki Arteta

<p>Sin libertad es un mediometraje de 30 minutos dirigido por Iñaki Arteta en 2001. En él, una serie de familiares de víctimas vascas asesinadas por ETA o perseguidos por la banda daban su testimonio. Pasados veinte años, ¿cómo habrán asimilado esas mismas personas este período de tantos cambios, entre ellos el cese de la violencia terrorista y la incorporación a la política del entramado ultranacionalista? Cinco jóvenes veinteañeros estudiantes de periodismo son seleccionados para realizar las entrevistas a varios de estos testigos.</p>
<p>Contaremos con la presencia del director Iñaki Arteta quien asistirá al pase y hará coloquio al finalizar.</p>
<p><a href="https://www.reservaentradas.com/sesiones/valencia/cineslys/sin-libertad-20-anos-despues/5900" rel="nofollow noopener" target="_blank"> <button>Comprar entradas</button> </a></p>

<p>Sin libertad es un mediometraje de 30 minutos dirigido por Iñaki Arteta en 2001. En él, una serie de familiares de víctimas vascas asesinadas por ETA o perseguidos por la&hellip; <a class="more-link" href="https://cineslys.com/val/calendario/documental-sin-libertad-20-anos-despues-con-inaki-arteta/">Continue reading <span class="screen-reader-text">Documental: Sin Libertad. 20 años después con Iñaki Arteta</span></a></p>
