									
{"id":1725,"date":"2023-10-24T16:44:34","date_gmt":"2023-10-24T16:44:34","guid":{"rendered":"https:\/\/cineslys.com\/?post_type=tribe_events&#038;p=1725"},"modified":"2023-10-24T16:44:35","modified_gmt":"2023-10-24T16:44:35","slug":"cine-club-lys-que-nadie-duerma-con-malena-alteiro","status":"publish","type":"tribe_events","link":"https:\/\/cineslys.com\/val\/calendario\/cine-club-lys-que-nadie-duerma-con-malena-alteiro\/","title":{"rendered":"Cine Club Lys: Que nadie duerma con Malena Alteiro"},"content":{"rendered":"<p><span style=\"color: #ff0000;\"><strong>Pases exclusivos para <a href=\"https:\/\/cineclublys.com\/matricula\" rel=\"nofollow noopener\" target=\"_blank\">Cine Club Lys: Matr\u00edcula Abierta<\/a><\/strong><\/span><\/p>\n<p>El pr\u00f3ximo lunes 6 de noviembre tendremos el preestreno de \u00abQue nadie duerma\u00bb con presencia del director Antonio M\u00e9ndez y la actriz Malena Alteiro.<\/p>\n<p>Ambos disponibles para los dos pases de Cine Club Lys habituales.<\/p>\n<p>Sinopsis: Luc\u00eda pierde su empleo como programadora inform\u00e1tica y decide dar un giro en su vida: convertirse en taxista. Al volante de su taxi, recorriendo las calles de Madrid, esperar\u00e1 pacientemente la ocasi\u00f3n de llevar en \u00e9l a su vecino desaparecido, del que se ha enamorado.<\/p>\n<p>Pr\u00f3ximamente a la venta.<\/p>","protected":false},"excerpt":{"rendered":"<p>Pases exclusivos para Cine Club Lys: Matr\u00edcula Abierta El pr\u00f3ximo lunes 6 de noviembre tendremos el preestreno de \u00abQue nadie duerma\u00bb con presencia del director Antonio M\u00e9ndez y la actriz&hellip; <a class=\"more-link\" href=\"https:\/\/cineslys.com\/val\/calendario\/cine-club-lys-que-nadie-duerma-con-malena-alteiro\/\">Continue reading <span class=\"screen-reader-text\">Cine Club Lys: Que nadie duerma con Malena Alteiro<\/span><\/a><\/p>","protected":false},"author":1,"featured_media":1726,"template":"","meta":{"_tribe_events_status":"","_tribe_events_status_reason":"","footnotes":""},"tags":[31,20,36],"tribe_events_cat":[18,26,24,19],"class_list":["post-1725","tribe_events","type-tribe_events","status-publish","has-post-thumbnail","hentry","tag-cine-club-lys","tag-directores","tag-malena-alteiro","tribe_events_cat-cine-club","tribe_events_cat-estrenos","tribe_events_cat-eventos","tribe_events_cat-visita-de-directores","cat_cine-club","cat_estrenos","cat_eventos","cat_visita-de-directores","entry"],"_links":{"self":[{"href":"https:\/\/cineslys.com\/val\/wp-json\/wp\/v2\/tribe_events\/1725","targetHints":{"allow":["GET"]}}],"collection":[{"href":"https:\/\/cineslys.com\/val\/wp-json\/wp\/v2\/tribe_events"}],"about":[{"href":"https:\/\/cineslys.com\/val\/wp-json\/wp\/v2\/types\/tribe_events"}],"author":[{"embeddable":true,"href":"https:\/\/cineslys.com\/val\/wp-json\/wp\/v2\/users\/1"}],"version-history":[{"count":0,"href":"https:\/\/cineslys.com\/val\/wp-json\/wp\/v2\/tribe_events\/1725\/revisions"}],"wp:featuredmedia":[{"embeddable":true,"href":"https:\/\/cineslys.com\/val\/wp-json\/wp\/v2\/media\/1726"}],"wp:attachment":[{"href":"https:\/\/cineslys.com\/val\/wp-json\/wp\/v2\/media?parent=1725"}],"wp:term":[{"taxonomy":"post_tag","embeddable":true,"href":"https:\/\/cineslys.com\/val\/wp-json\/wp\/v2\/tags?post=1725"},{"taxonomy":"tribe_events_cat","embeddable":true,"href":"https:\/\/cineslys.com\/val\/wp-json\/wp\/v2\/tribe_events_cat?post=1725"}],"curies":[{"name":"wp","href":"https:\/\/api.w.org\/{rel}","templated":true}]}}

<p><span style="color: #ff0000;"><strong>Pases exclusivos para <a href="https://cineclublys.com/matricula" rel="nofollow noopener" target="_blank">Cine Club Lys: Matrícula Abierta</a></strong></span></p>
<p>El próximo lunes 6 de noviembre tendremos el preestreno de «Que nadie duerma» con presencia del director Antonio Méndez y la actriz Malena Alteiro.</p>
<p>Ambos disponibles para los dos pases de Cine Club Lys habituales.</p>
<p>Sinopsis: Lucía pierde su empleo como programadora informática y decide dar un giro en su vida: convertirse en taxista. Al volante de su taxi, recorriendo las calles de Madrid, esperará pacientemente la ocasión de llevar en él a su vecino desaparecido, del que se ha enamorado.</p>
<p>Próximamente a la venta.</p>

<p>Pases exclusivos para Cine Club Lys: Matrícula Abierta El próximo lunes 6 de noviembre tendremos el preestreno de «Que nadie duerma» con presencia del director Antonio Méndez y la actriz&hellip; <a class="more-link" href="https://cineslys.com/val/calendario/cine-club-lys-que-nadie-duerma-con-malena-alteiro/">Continue reading <span class="screen-reader-text">Cine Club Lys: Que nadie duerma con Malena Alteiro</span></a></p>
