									
{"id":1907,"date":"2023-11-12T09:09:35","date_gmt":"2023-11-12T09:09:35","guid":{"rendered":"https:\/\/cineslys.com\/?post_type=tribe_events&#038;p=1907"},"modified":"2023-11-12T09:09:36","modified_gmt":"2023-11-12T09:09:36","slug":"version-digital-concierto-fin-de-ano","status":"publish","type":"tribe_events","link":"https:\/\/cineslys.com\/val\/calendario\/version-digital-concierto-fin-de-ano\/","title":{"rendered":"Versi\u00f3n Digital: Concierto Fin de A\u00f1o"},"content":{"rendered":"<p>Precio para <a href=\"https:\/\/cineslys.com\/val\/socios\/\">socios de Cines Lys<\/a> a 19\u20ac.<\/p>\n<p>Para celebrar la nochevieja, la Filarm\u00f3nica de Berl\u00edn y el director titular Kirill Petrenko presentan un emocionante programa con m\u00fasica de Richard Wagner con el tenor Jonas Kaufmann como invitado especial considerado uno de los cantantes m\u00e1s importantes del mundo.<\/p>\n<p>Emisi\u00f3n en directo en Cines Lys Valencia el <strong>domingo 31 de diciembre a las 17:15h.<\/strong><\/p>\n<p><a href=\"https:\/\/www.reservaentradas.com\/sesiones\/valencia\/cineslys\/concierto-de-fin-de-ano-recital-en-directo-31-12-23\/5839\" rel=\"nofollow noopener\" target=\"_blank\"> <button>Comprar entradas<\/button> <\/a><\/p>","protected":false},"excerpt":{"rendered":"<p>Precio para socios de Cines Lys a 19\u20ac. Para celebrar la nochevieja, la Filarm\u00f3nica de Berl\u00edn y el director titular Kirill Petrenko presentan un emocionante programa con m\u00fasica de Richard&hellip; <a class=\"more-link\" href=\"https:\/\/cineslys.com\/val\/calendario\/version-digital-concierto-fin-de-ano\/\">Continue reading <span class=\"screen-reader-text\">Versi\u00f3n Digital: Concierto Fin de A\u00f1o<\/span><\/a><\/p>","protected":false},"author":1,"featured_media":1908,"template":"","meta":{"_tribe_events_status":"","_tribe_events_status_reason":"","footnotes":""},"tags":[43,42],"tribe_events_cat":[24],"class_list":["post-1907","tribe_events","type-tribe_events","status-publish","has-post-thumbnail","hentry","tag-jonas-kaufmann","tag-version-digital","tribe_events_cat-eventos","cat_eventos","entry"],"_links":{"self":[{"href":"https:\/\/cineslys.com\/val\/wp-json\/wp\/v2\/tribe_events\/1907","targetHints":{"allow":["GET"]}}],"collection":[{"href":"https:\/\/cineslys.com\/val\/wp-json\/wp\/v2\/tribe_events"}],"about":[{"href":"https:\/\/cineslys.com\/val\/wp-json\/wp\/v2\/types\/tribe_events"}],"author":[{"embeddable":true,"href":"https:\/\/cineslys.com\/val\/wp-json\/wp\/v2\/users\/1"}],"version-history":[{"count":0,"href":"https:\/\/cineslys.com\/val\/wp-json\/wp\/v2\/tribe_events\/1907\/revisions"}],"wp:featuredmedia":[{"embeddable":true,"href":"https:\/\/cineslys.com\/val\/wp-json\/wp\/v2\/media\/1908"}],"wp:attachment":[{"href":"https:\/\/cineslys.com\/val\/wp-json\/wp\/v2\/media?parent=1907"}],"wp:term":[{"taxonomy":"post_tag","embeddable":true,"href":"https:\/\/cineslys.com\/val\/wp-json\/wp\/v2\/tags?post=1907"},{"taxonomy":"tribe_events_cat","embeddable":true,"href":"https:\/\/cineslys.com\/val\/wp-json\/wp\/v2\/tribe_events_cat?post=1907"}],"curies":[{"name":"wp","href":"https:\/\/api.w.org\/{rel}","templated":true}]}}

Versión Digital: Concierto Fin de Año

<p>Precio para <a href="https://cineslys.com/val/socios/">socios de Cines Lys</a> a 19€.</p>
<p>Para celebrar la nochevieja, la Filarmónica de Berlín y el director titular Kirill Petrenko presentan un emocionante programa con música de Richard Wagner con el tenor Jonas Kaufmann como invitado especial considerado uno de los cantantes más importantes del mundo.</p>
<p>Emisión en directo en Cines Lys Valencia el <strong>domingo 31 de diciembre a las 17:15h.</strong></p>
<p><a href="https://www.reservaentradas.com/sesiones/valencia/cineslys/concierto-de-fin-de-ano-recital-en-directo-31-12-23/5839" rel="nofollow noopener" target="_blank"> <button>Comprar entradas</button> </a></p>

<p>Precio para socios de Cines Lys a 19€. Para celebrar la nochevieja, la Filarmónica de Berlín y el director titular Kirill Petrenko presentan un emocionante programa con música de Richard&hellip; <a class="more-link" href="https://cineslys.com/val/calendario/version-digital-concierto-fin-de-ano/">Continue reading <span class="screen-reader-text">Versión Digital: Concierto Fin de Año</span></a></p>
