									
{"id":2432,"date":"2024-01-04T15:03:10","date_gmt":"2024-01-04T15:03:10","guid":{"rendered":"https:\/\/cineslys.com\/?post_type=tribe_events&#038;p=2432"},"modified":"2024-01-04T15:07:56","modified_gmt":"2024-01-04T15:07:56","slug":"proyecto-viridiana-sala-de-profesores","status":"publish","type":"tribe_events","link":"https:\/\/cineslys.com\/val\/calendario\/proyecto-viridiana-sala-de-profesores\/","title":{"rendered":"Proyecto Viridiana: Sala de profesores"},"content":{"rendered":"<p>El pr\u00f3ximo 18 de enero a las 20h tendremos en nuevo pase de Proyecto Viridiana con\u00a0Sala de profesores. Podremos disfrutar de un coloquio online con el director Ilker \u00c7atak desde Cines Verdi Barcelona y que se retransmitir\u00e1 en la m\u00e1s de 30 salas de la asociaci\u00f3n. Recordad que podr\u00e9is enviar vuestras preguntas a trav\u00e9s del QR en la pantalla.<\/p>\n<p>Sinopsis: Carla Nowak, una idealista profesora de matem\u00e1ticas y deportes, comienza su primer trabajo en una escuela de secundaria. Cuando se producen una serie de robos en la escuela y se sospecha de uno de sus alumnos, decide llegar al fondo del asunto por su cuenta. Carla intenta mediar entre padres indignados, colegas obstinados y estudiantes agresivos, pero se enfrenta a las implacables estructuras del sistema escolar.<\/p>\n<p><a href=\"https:\/\/www.reservaentradas.com\/sesiones\/valencia\/cineslys\/proyecto-viridiana-sala-de-profesores\/5971?proximamente=true&#038;\" rel=\"nofollow noopener\" target=\"_blank\"> <button>Comprar entradas<\/button> <\/a><\/p>","protected":false},"excerpt":{"rendered":"<p>El pr\u00f3ximo 18 de enero a las 20h tendremos en nuevo pase de Proyecto Viridiana con\u00a0Sala de profesores. Podremos disfrutar de un coloquio online con el director Ilker \u00c7atak desde&hellip; <a class=\"more-link\" href=\"https:\/\/cineslys.com\/val\/calendario\/proyecto-viridiana-sala-de-profesores\/\">Continue reading <span class=\"screen-reader-text\">Proyecto Viridiana: Sala de profesores<\/span><\/a><\/p>","protected":false},"author":1,"featured_media":2433,"template":"","meta":{"_tribe_events_status":"","_tribe_events_status_reason":"","footnotes":""},"tags":[],"tribe_events_cat":[32],"class_list":["post-2432","tribe_events","type-tribe_events","status-publish","has-post-thumbnail","hentry","tribe_events_cat-proyecto-viridiana","cat_proyecto-viridiana","entry"],"_links":{"self":[{"href":"https:\/\/cineslys.com\/val\/wp-json\/wp\/v2\/tribe_events\/2432","targetHints":{"allow":["GET"]}}],"collection":[{"href":"https:\/\/cineslys.com\/val\/wp-json\/wp\/v2\/tribe_events"}],"about":[{"href":"https:\/\/cineslys.com\/val\/wp-json\/wp\/v2\/types\/tribe_events"}],"author":[{"embeddable":true,"href":"https:\/\/cineslys.com\/val\/wp-json\/wp\/v2\/users\/1"}],"version-history":[{"count":0,"href":"https:\/\/cineslys.com\/val\/wp-json\/wp\/v2\/tribe_events\/2432\/revisions"}],"wp:featuredmedia":[{"embeddable":true,"href":"https:\/\/cineslys.com\/val\/wp-json\/wp\/v2\/media\/2433"}],"wp:attachment":[{"href":"https:\/\/cineslys.com\/val\/wp-json\/wp\/v2\/media?parent=2432"}],"wp:term":[{"taxonomy":"post_tag","embeddable":true,"href":"https:\/\/cineslys.com\/val\/wp-json\/wp\/v2\/tags?post=2432"},{"taxonomy":"tribe_events_cat","embeddable":true,"href":"https:\/\/cineslys.com\/val\/wp-json\/wp\/v2\/tribe_events_cat?post=2432"}],"curies":[{"name":"wp","href":"https:\/\/api.w.org\/{rel}","templated":true}]}}

<p>El próximo 18 de enero a las 20h tendremos en nuevo pase de Proyecto Viridiana con Sala de profesores. Podremos disfrutar de un coloquio online con el director Ilker Çatak desde Cines Verdi Barcelona y que se retransmitirá en la más de 30 salas de la asociación. Recordad que podréis enviar vuestras preguntas a través del QR en la pantalla.</p>
<p>Sinopsis: Carla Nowak, una idealista profesora de matemáticas y deportes, comienza su primer trabajo en una escuela de secundaria. Cuando se producen una serie de robos en la escuela y se sospecha de uno de sus alumnos, decide llegar al fondo del asunto por su cuenta. Carla intenta mediar entre padres indignados, colegas obstinados y estudiantes agresivos, pero se enfrenta a las implacables estructuras del sistema escolar.</p>
<p><a href="https://www.reservaentradas.com/sesiones/valencia/cineslys/proyecto-viridiana-sala-de-profesores/5971?proximamente=true&#038;" rel="nofollow noopener" target="_blank"> <button>Comprar entradas</button> </a></p>

<p>El próximo 18 de enero a las 20h tendremos en nuevo pase de Proyecto Viridiana con Sala de profesores. Podremos disfrutar de un coloquio online con el director Ilker Çatak desde&hellip; <a class="more-link" href="https://cineslys.com/val/calendario/proyecto-viridiana-sala-de-profesores/">Continue reading <span class="screen-reader-text">Proyecto Viridiana: Sala de profesores</span></a></p>
