									
{"id":2441,"date":"2024-01-05T10:01:45","date_gmt":"2024-01-05T10:01:45","guid":{"rendered":"https:\/\/cineslys.com\/?post_type=tribe_events&#038;p=2441"},"modified":"2024-01-08T19:38:16","modified_gmt":"2024-01-08T19:38:16","slug":"la-memoria-infinita-con-paulina-urrutia","status":"publish","type":"tribe_events","link":"https:\/\/cineslys.com\/val\/calendario\/la-memoria-infinita-con-paulina-urrutia\/","title":{"rendered":"La memoria infinita con Paulina Urrutia"},"content":{"rendered":"<p>El mi\u00e9rcoles 10 de enero a las 19h tendremos el preestreno de La memoria infinita con la actriz Paulina Urrutia quien vendr\u00e1 a presentar la pel\u00edcula y tener un posterior coloquio con el p\u00fablico<\/p>\n<p>Sinopsis: Augusto, un conocido periodista cultural chileno, y Paulina, actriz y ex ministra de cultura, han estado juntos y enamorados desde hace m\u00e1s de 25 a\u00f1os. Cuando la memoria de Augusto empieza a debilitarse, aprender\u00e1n a reinventar la forma de relacionarse entre ellos, haciendo evidente que el amor que se tienen y su sentido del humor son inquebrantables.<\/p>\n<p><a href=\"https:\/\/www.reservaentradas.com\/entrada\/valencia\/cineslys\/la-memoria-infinita\/341884\/?step=2\" rel=\"nofollow noopener\" target=\"_blank\"> <button>Comprar entradas<\/button> <\/a><\/p>\n<p><iframe title=\"LA MEMORIA INFINITA\" width=\"750\" height=\"422\" src=\"https:\/\/www.youtube.com\/embed\/Wj8J1ct818Q?feature=oembed\" frameborder=\"0\" allow=\"accelerometer; autoplay; clipboard-write; encrypted-media; gyroscope; picture-in-picture; web-share\" allowfullscreen><\/iframe><\/p>","protected":false},"excerpt":{"rendered":"<p>El mi\u00e9rcoles 10 de enero a las 19h tendremos el preestreno de La memoria infinita con la actriz Paulina Urrutia quien vendr\u00e1 a presentar la pel\u00edcula y tener un posterior&hellip; <a class=\"more-link\" href=\"https:\/\/cineslys.com\/val\/calendario\/la-memoria-infinita-con-paulina-urrutia\/\">Continue reading <span class=\"screen-reader-text\">La memoria infinita con Paulina Urrutia<\/span><\/a><\/p>","protected":false},"author":1,"featured_media":2439,"template":"","meta":{"_tribe_events_status":"","_tribe_events_status_reason":"","footnotes":""},"tags":[],"tribe_events_cat":[19],"class_list":["post-2441","tribe_events","type-tribe_events","status-publish","has-post-thumbnail","hentry","tribe_events_cat-visita-de-directores","cat_visita-de-directores","entry"],"_links":{"self":[{"href":"https:\/\/cineslys.com\/val\/wp-json\/wp\/v2\/tribe_events\/2441","targetHints":{"allow":["GET"]}}],"collection":[{"href":"https:\/\/cineslys.com\/val\/wp-json\/wp\/v2\/tribe_events"}],"about":[{"href":"https:\/\/cineslys.com\/val\/wp-json\/wp\/v2\/types\/tribe_events"}],"author":[{"embeddable":true,"href":"https:\/\/cineslys.com\/val\/wp-json\/wp\/v2\/users\/1"}],"version-history":[{"count":0,"href":"https:\/\/cineslys.com\/val\/wp-json\/wp\/v2\/tribe_events\/2441\/revisions"}],"wp:featuredmedia":[{"embeddable":true,"href":"https:\/\/cineslys.com\/val\/wp-json\/wp\/v2\/media\/2439"}],"wp:attachment":[{"href":"https:\/\/cineslys.com\/val\/wp-json\/wp\/v2\/media?parent=2441"}],"wp:term":[{"taxonomy":"post_tag","embeddable":true,"href":"https:\/\/cineslys.com\/val\/wp-json\/wp\/v2\/tags?post=2441"},{"taxonomy":"tribe_events_cat","embeddable":true,"href":"https:\/\/cineslys.com\/val\/wp-json\/wp\/v2\/tribe_events_cat?post=2441"}],"curies":[{"name":"wp","href":"https:\/\/api.w.org\/{rel}","templated":true}]}}

<p>El miércoles 10 de enero a las 19h tendremos el preestreno de La memoria infinita con la actriz Paulina Urrutia quien vendrá a presentar la película y tener un posterior coloquio con el público</p>
<p>Sinopsis: Augusto, un conocido periodista cultural chileno, y Paulina, actriz y ex ministra de cultura, han estado juntos y enamorados desde hace más de 25 años. Cuando la memoria de Augusto empieza a debilitarse, aprenderán a reinventar la forma de relacionarse entre ellos, haciendo evidente que el amor que se tienen y su sentido del humor son inquebrantables.</p>
<p><a href="https://www.reservaentradas.com/entrada/valencia/cineslys/la-memoria-infinita/341884/?step=2" rel="nofollow noopener" target="_blank"> <button>Comprar entradas</button> </a></p>
<p><iframe title="LA MEMORIA INFINITA" width="750" height="422" src="https://www.youtube.com/embed/Wj8J1ct818Q?feature=oembed" frameborder="0" allow="accelerometer; autoplay; clipboard-write; encrypted-media; gyroscope; picture-in-picture; web-share" allowfullscreen></iframe></p>

<p>El miércoles 10 de enero a las 19h tendremos el preestreno de La memoria infinita con la actriz Paulina Urrutia quien vendrá a presentar la película y tener un posterior&hellip; <a class="more-link" href="https://cineslys.com/val/calendario/la-memoria-infinita-con-paulina-urrutia/">Continue reading <span class="screen-reader-text">La memoria infinita con Paulina Urrutia</span></a></p>
