									
{"id":2455,"date":"2024-01-09T14:03:37","date_gmt":"2024-01-09T14:03:37","guid":{"rendered":"https:\/\/cineslys.com\/?post_type=tribe_events&#038;p=2455"},"modified":"2024-01-15T09:37:27","modified_gmt":"2024-01-15T09:37:27","slug":"cine-club-lys-valle-de-sombras","status":"publish","type":"tribe_events","link":"https:\/\/cineslys.com\/val\/calendario\/cine-club-lys-valle-de-sombras\/","title":{"rendered":"Cine Club Lys: Valle de sombras"},"content":{"rendered":"<p>Eventos para miembros de <strong>Cine <span style=\"color: #ff0000;\">Club<\/span> Lys a 4\u20ac<\/strong>. <a title=\"Matr\u00edcula abierta Cine Club Lys\" href=\"https:\/\/cineclublys.com\/matricula\" rel=\"nofollow noopener\" target=\"_blank\">Matr\u00edcula abierta al 50% en taquilla o web<\/a>.<\/p>\n<p>Nuestro siguiente pase de Cine Club Lys para el pr\u00f3ximo lunes 15 de enero ser\u00e1 \u00abValle de sombras\u00bb con presencia del director Salvador Calvo en los dos pases 16:30h y 19:30h.<\/p>\n<p>Sinopsis: Cordillera del Himalaya, a\u00f1o 1999. Quique, Clara y el peque\u00f1o Lucas disfrutan de sus primeras vacaciones juntos en el norte de la India. Una noche, durmiendo al raso durante una tormenta, sufren un brutal ataque por unos bandidos. Horas despu\u00e9s, Quique es rescatado por un nativo y trasladado a una remota aldea aislada en las monta\u00f1as. All\u00ed, incomunicado y sin posibilidad de regresar a la civilizaci\u00f3n, deber\u00e1 permanecer hasta la llegada del invierno, que permite la formaci\u00f3n de la \u00fanica v\u00eda de salida de la aldea: el r\u00edo helado. El camino de vuelta, lleno de peligros, en compa\u00f1\u00eda de varios ni\u00f1os de la aldea, pondr\u00e1 a prueba todo lo que Quique ha aprendido durante su estancia en el coraz\u00f3n del Himalaya.<\/p>\n<p><a href=\"https:\/\/www.reservaentradas.com\/sesiones\/valencia\/cineslys\/cine-club-lys-valle-de-sombras\/5977?proximamente=true&amp;\" target=\"_blank\" rel=\"nofollow noopener\"> <button>Comprar entradas<\/button> <\/a><\/p>\n<p><iframe title=\"Valle de Sombras | Tr\u00e1iler Oficial | 12 de enero solo en cines\" width=\"750\" height=\"422\" src=\"https:\/\/www.youtube.com\/embed\/vONjmVbZzGY?feature=oembed\" frameborder=\"0\" allow=\"accelerometer; autoplay; clipboard-write; encrypted-media; gyroscope; picture-in-picture; web-share\" allowfullscreen><\/iframe><\/p>","protected":false},"excerpt":{"rendered":"<p>Eventos para miembros de Cine Club Lys a 4\u20ac. Matr\u00edcula abierta al 50% en taquilla o web. Nuestro siguiente pase de Cine Club Lys para el pr\u00f3ximo lunes 15 de&hellip; <a class=\"more-link\" href=\"https:\/\/cineslys.com\/val\/calendario\/cine-club-lys-valle-de-sombras\/\">Continue reading <span class=\"screen-reader-text\">Cine Club Lys: Valle de sombras<\/span><\/a><\/p>","protected":false},"author":1,"featured_media":2456,"template":"","meta":{"_tribe_events_status":"","_tribe_events_status_reason":"","footnotes":""},"tags":[],"tribe_events_cat":[18,19],"class_list":["post-2455","tribe_events","type-tribe_events","status-publish","has-post-thumbnail","hentry","tribe_events_cat-cine-club","tribe_events_cat-visita-de-directores","cat_cine-club","cat_visita-de-directores","entry"],"_links":{"self":[{"href":"https:\/\/cineslys.com\/val\/wp-json\/wp\/v2\/tribe_events\/2455","targetHints":{"allow":["GET"]}}],"collection":[{"href":"https:\/\/cineslys.com\/val\/wp-json\/wp\/v2\/tribe_events"}],"about":[{"href":"https:\/\/cineslys.com\/val\/wp-json\/wp\/v2\/types\/tribe_events"}],"author":[{"embeddable":true,"href":"https:\/\/cineslys.com\/val\/wp-json\/wp\/v2\/users\/1"}],"version-history":[{"count":0,"href":"https:\/\/cineslys.com\/val\/wp-json\/wp\/v2\/tribe_events\/2455\/revisions"}],"wp:featuredmedia":[{"embeddable":true,"href":"https:\/\/cineslys.com\/val\/wp-json\/wp\/v2\/media\/2456"}],"wp:attachment":[{"href":"https:\/\/cineslys.com\/val\/wp-json\/wp\/v2\/media?parent=2455"}],"wp:term":[{"taxonomy":"post_tag","embeddable":true,"href":"https:\/\/cineslys.com\/val\/wp-json\/wp\/v2\/tags?post=2455"},{"taxonomy":"tribe_events_cat","embeddable":true,"href":"https:\/\/cineslys.com\/val\/wp-json\/wp\/v2\/tribe_events_cat?post=2455"}],"curies":[{"name":"wp","href":"https:\/\/api.w.org\/{rel}","templated":true}]}}

<p>Eventos para miembros de <strong>Cine <span style="color: #ff0000;">Club</span> Lys a 4€</strong>. <a title="Matrícula abierta Cine Club Lys" href="https://cineclublys.com/matricula" rel="nofollow noopener" target="_blank">Matrícula abierta al 50% en taquilla o web</a>.</p>
<p>Nuestro siguiente pase de Cine Club Lys para el próximo lunes 15 de enero será «Valle de sombras» con presencia del director Salvador Calvo en los dos pases 16:30h y 19:30h.</p>
<p>Sinopsis: Cordillera del Himalaya, año 1999. Quique, Clara y el pequeño Lucas disfrutan de sus primeras vacaciones juntos en el norte de la India. Una noche, durmiendo al raso durante una tormenta, sufren un brutal ataque por unos bandidos. Horas después, Quique es rescatado por un nativo y trasladado a una remota aldea aislada en las montañas. Allí, incomunicado y sin posibilidad de regresar a la civilización, deberá permanecer hasta la llegada del invierno, que permite la formación de la única vía de salida de la aldea: el río helado. El camino de vuelta, lleno de peligros, en compañía de varios niños de la aldea, pondrá a prueba todo lo que Quique ha aprendido durante su estancia en el corazón del Himalaya.</p>
<p><a href="https://www.reservaentradas.com/sesiones/valencia/cineslys/cine-club-lys-valle-de-sombras/5977?proximamente=true&amp;" target="_blank" rel="nofollow noopener"> <button>Comprar entradas</button> </a></p>
<p><iframe title="Valle de Sombras | Tráiler Oficial | 12 de enero solo en cines" width="750" height="422" src="https://www.youtube.com/embed/vONjmVbZzGY?feature=oembed" frameborder="0" allow="accelerometer; autoplay; clipboard-write; encrypted-media; gyroscope; picture-in-picture; web-share" allowfullscreen></iframe></p>

<p>Eventos para miembros de Cine Club Lys a 4€. Matrícula abierta al 50% en taquilla o web. Nuestro siguiente pase de Cine Club Lys para el próximo lunes 15 de&hellip; <a class="more-link" href="https://cineslys.com/val/calendario/cine-club-lys-valle-de-sombras/">Continue reading <span class="screen-reader-text">Cine Club Lys: Valle de sombras</span></a></p>
