									
{"id":2581,"date":"2024-01-17T14:34:28","date_gmt":"2024-01-17T14:34:28","guid":{"rendered":"https:\/\/cineslys.com\/?post_type=tribe_events&#038;p=2581"},"modified":"2024-01-17T14:34:29","modified_gmt":"2024-01-17T14:34:29","slug":"cita-a-ciegas-23-de-enero","status":"publish","type":"tribe_events","link":"https:\/\/cineslys.com\/val\/calendario\/cita-a-ciegas-23-de-enero\/","title":{"rendered":"Cita a Ciegas: 23 de enero"},"content":{"rendered":"<p>Tras el \u00e9xito del pase de \u00abLa zona de inter\u00e9s\u00bb con 200 espectadores que pudieron ver en primicia la pel\u00edcula de Jonathan Glazer. Una pel\u00edcula que merece la pena ver y valorar bien el mensaje que te est\u00e1 transmitiendo. Muchas lecturas, muchas horas de comentar cada cosa&#8230; aut\u00e9ntico Cine sin duda.<\/p>\n<p>El siguiente pase ser\u00e1 el martes 23 de enero a las 19:35h y ya tenemos pel\u00edcula escogida&#8230; o no. Por eso hacemos una porra con todos <a href=\"https:\/\/forms.gle\/zEWvHs7nBa6ash4Y6\" rel=\"nofollow noopener\" target=\"_blank\">los que se suscriben a nuestra newsletter.<\/a><\/p>\n<p><a href=\"https:\/\/www.reservaentradas.com\/entrada\/valencia\/cineslys\/cita-a-ciegas-con-el-cine\/342204\/?step=2\" rel=\"nofollow noopener\" target=\"_blank\"> <button>Comprar entradas<\/button> <\/a><\/p>","protected":false},"excerpt":{"rendered":"<p>Tras el \u00e9xito del pase de \u00abLa zona de inter\u00e9s\u00bb con 200 espectadores que pudieron ver en primicia la pel\u00edcula de Jonathan Glazer. Una pel\u00edcula que merece la pena ver&hellip; <a class=\"more-link\" href=\"https:\/\/cineslys.com\/val\/calendario\/cita-a-ciegas-23-de-enero\/\">Continue reading <span class=\"screen-reader-text\">Cita a Ciegas: 23 de enero<\/span><\/a><\/p>","protected":false},"author":1,"featured_media":2582,"template":"","meta":{"_tribe_events_status":"","_tribe_events_status_reason":"","footnotes":""},"tags":[23],"tribe_events_cat":[16],"class_list":["post-2581","tribe_events","type-tribe_events","status-publish","has-post-thumbnail","hentry","tag-cita-a-ciegas-con-el-cine","tribe_events_cat-cita-a-ciegas","cat_cita-a-ciegas","entry"],"_links":{"self":[{"href":"https:\/\/cineslys.com\/val\/wp-json\/wp\/v2\/tribe_events\/2581","targetHints":{"allow":["GET"]}}],"collection":[{"href":"https:\/\/cineslys.com\/val\/wp-json\/wp\/v2\/tribe_events"}],"about":[{"href":"https:\/\/cineslys.com\/val\/wp-json\/wp\/v2\/types\/tribe_events"}],"author":[{"embeddable":true,"href":"https:\/\/cineslys.com\/val\/wp-json\/wp\/v2\/users\/1"}],"version-history":[{"count":0,"href":"https:\/\/cineslys.com\/val\/wp-json\/wp\/v2\/tribe_events\/2581\/revisions"}],"wp:featuredmedia":[{"embeddable":true,"href":"https:\/\/cineslys.com\/val\/wp-json\/wp\/v2\/media\/2582"}],"wp:attachment":[{"href":"https:\/\/cineslys.com\/val\/wp-json\/wp\/v2\/media?parent=2581"}],"wp:term":[{"taxonomy":"post_tag","embeddable":true,"href":"https:\/\/cineslys.com\/val\/wp-json\/wp\/v2\/tags?post=2581"},{"taxonomy":"tribe_events_cat","embeddable":true,"href":"https:\/\/cineslys.com\/val\/wp-json\/wp\/v2\/tribe_events_cat?post=2581"}],"curies":[{"name":"wp","href":"https:\/\/api.w.org\/{rel}","templated":true}]}}

<p>Tras el éxito del pase de «La zona de interés» con 200 espectadores que pudieron ver en primicia la película de Jonathan Glazer. Una película que merece la pena ver y valorar bien el mensaje que te está transmitiendo. Muchas lecturas, muchas horas de comentar cada cosa&#8230; auténtico Cine sin duda.</p>
<p>El siguiente pase será el martes 23 de enero a las 19:35h y ya tenemos película escogida&#8230; o no. Por eso hacemos una porra con todos <a href="https://forms.gle/zEWvHs7nBa6ash4Y6" rel="nofollow noopener" target="_blank">los que se suscriben a nuestra newsletter.</a></p>
<p><a href="https://www.reservaentradas.com/entrada/valencia/cineslys/cita-a-ciegas-con-el-cine/342204/?step=2" rel="nofollow noopener" target="_blank"> <button>Comprar entradas</button> </a></p>

<p>Tras el éxito del pase de «La zona de interés» con 200 espectadores que pudieron ver en primicia la película de Jonathan Glazer. Una película que merece la pena ver&hellip; <a class="more-link" href="https://cineslys.com/val/calendario/cita-a-ciegas-23-de-enero/">Continue reading <span class="screen-reader-text">Cita a Ciegas: 23 de enero</span></a></p>
