									
{"id":2596,"date":"2024-01-18T09:16:10","date_gmt":"2024-01-18T09:16:10","guid":{"rendered":"https:\/\/cineslys.com\/?post_type=tribe_events&#038;p=2596"},"modified":"2024-01-18T09:17:11","modified_gmt":"2024-01-18T09:17:11","slug":"slow-evento-matinal-con-coloquio","status":"publish","type":"tribe_events","link":"https:\/\/cineslys.com\/val\/calendario\/slow-evento-matinal-con-coloquio\/","title":{"rendered":"Slow: Evento matinal con coloquio"},"content":{"rendered":"<p>Este pr\u00f3ximo s\u00e1bado 20 de enero a las 11:30h de la ma\u00f1ana tenemos una sesi\u00f3n matinal de SLOW de la mano de Surtsey films con coloquio con Las entendidas para charlar con ellas sobre la pel\u00edcula, ya pod\u00e9is reservar vuestras entradas para disfrutar de este pase especial.<\/p>\n<p><a href=\"https:\/\/www.reservaentradas.com\/entrada\/valencia\/cineslys\/slow\/342203\/?step=2\" rel=\"nofollow noopener\" target=\"_blank\"> <button>Comprar entradas<\/button> <\/a><\/p>\n<p>Sinopsis: Elena imparte clases de baile, mientras que Dovydas trabaja como int\u00e9rprete de lenguaje de signos. En el momento en que se conocen, se establece un hermoso v\u00ednculo entre ellos. Sin embargo, su relaci\u00f3n ser\u00e1 puesta a prueba cuando Dovydas confiesa a Elena que tiene sentimientos rom\u00e1nticos por ella, pero es asexual, es decir, no siente y nunca ha sentido deseo sexual por otra persona.<\/p>\n<p><iframe title=\"&quot;SLOW&quot; - Tr\u00e1iler VOSE - 19 de enero estreno en cines\" width=\"750\" height=\"563\" src=\"https:\/\/www.youtube.com\/embed\/Hb4BeVw1vb8?feature=oembed\" frameborder=\"0\" allow=\"accelerometer; autoplay; clipboard-write; encrypted-media; gyroscope; picture-in-picture; web-share\" allowfullscreen><\/iframe><\/p>","protected":false},"excerpt":{"rendered":"<p>Este pr\u00f3ximo s\u00e1bado 20 de enero a las 11:30h de la ma\u00f1ana tenemos una sesi\u00f3n matinal de SLOW de la mano de Surtsey films con coloquio con Las entendidas para&hellip; <a class=\"more-link\" href=\"https:\/\/cineslys.com\/val\/calendario\/slow-evento-matinal-con-coloquio\/\">Continue reading <span class=\"screen-reader-text\">Slow: Evento matinal con coloquio<\/span><\/a><\/p>","protected":false},"author":1,"featured_media":2597,"template":"","meta":{"_tribe_events_status":"","_tribe_events_status_reason":"","footnotes":""},"tags":[],"tribe_events_cat":[24],"class_list":["post-2596","tribe_events","type-tribe_events","status-publish","has-post-thumbnail","hentry","tribe_events_cat-eventos","cat_eventos","entry"],"_links":{"self":[{"href":"https:\/\/cineslys.com\/val\/wp-json\/wp\/v2\/tribe_events\/2596","targetHints":{"allow":["GET"]}}],"collection":[{"href":"https:\/\/cineslys.com\/val\/wp-json\/wp\/v2\/tribe_events"}],"about":[{"href":"https:\/\/cineslys.com\/val\/wp-json\/wp\/v2\/types\/tribe_events"}],"author":[{"embeddable":true,"href":"https:\/\/cineslys.com\/val\/wp-json\/wp\/v2\/users\/1"}],"version-history":[{"count":0,"href":"https:\/\/cineslys.com\/val\/wp-json\/wp\/v2\/tribe_events\/2596\/revisions"}],"wp:featuredmedia":[{"embeddable":true,"href":"https:\/\/cineslys.com\/val\/wp-json\/wp\/v2\/media\/2597"}],"wp:attachment":[{"href":"https:\/\/cineslys.com\/val\/wp-json\/wp\/v2\/media?parent=2596"}],"wp:term":[{"taxonomy":"post_tag","embeddable":true,"href":"https:\/\/cineslys.com\/val\/wp-json\/wp\/v2\/tags?post=2596"},{"taxonomy":"tribe_events_cat","embeddable":true,"href":"https:\/\/cineslys.com\/val\/wp-json\/wp\/v2\/tribe_events_cat?post=2596"}],"curies":[{"name":"wp","href":"https:\/\/api.w.org\/{rel}","templated":true}]}}

<p>Este próximo sábado 20 de enero a las 11:30h de la mañana tenemos una sesión matinal de SLOW de la mano de Surtsey films con coloquio con Las entendidas para charlar con ellas sobre la película, ya podéis reservar vuestras entradas para disfrutar de este pase especial.</p>
<p><a href="https://www.reservaentradas.com/entrada/valencia/cineslys/slow/342203/?step=2" rel="nofollow noopener" target="_blank"> <button>Comprar entradas</button> </a></p>
<p>Sinopsis: Elena imparte clases de baile, mientras que Dovydas trabaja como intérprete de lenguaje de signos. En el momento en que se conocen, se establece un hermoso vínculo entre ellos. Sin embargo, su relación será puesta a prueba cuando Dovydas confiesa a Elena que tiene sentimientos románticos por ella, pero es asexual, es decir, no siente y nunca ha sentido deseo sexual por otra persona.</p>
<p><iframe title="&quot;SLOW&quot; - Tráiler VOSE - 19 de enero estreno en cines" width="750" height="563" src="https://www.youtube.com/embed/Hb4BeVw1vb8?feature=oembed" frameborder="0" allow="accelerometer; autoplay; clipboard-write; encrypted-media; gyroscope; picture-in-picture; web-share" allowfullscreen></iframe></p>

<p>Este próximo sábado 20 de enero a las 11:30h de la mañana tenemos una sesión matinal de SLOW de la mano de Surtsey films con coloquio con Las entendidas para&hellip; <a class="more-link" href="https://cineslys.com/val/calendario/slow-evento-matinal-con-coloquio/">Continue reading <span class="screen-reader-text">Slow: Evento matinal con coloquio</span></a></p>
