									
{"id":2649,"date":"2024-01-24T16:04:20","date_gmt":"2024-01-24T16:04:20","guid":{"rendered":"https:\/\/cineslys.com\/?post_type=tribe_events&#038;p=2649"},"modified":"2024-01-24T16:13:03","modified_gmt":"2024-01-24T16:13:03","slug":"cita-a-ciegas-30-de-enero","status":"publish","type":"tribe_events","link":"https:\/\/cineslys.com\/val\/calendario\/cita-a-ciegas-30-de-enero\/","title":{"rendered":"Cita a ciegas: 30 de enero"},"content":{"rendered":"<p>El martes 30 de enero tenemos un nuevo pase de Cita a Ciegas con el Cine en los Cines Lys de Valencia. Una experiencia obligatoria para los amantes del buen cine, para los que no saben qu\u00e9 ver, y para los j\u00f3venes cansados de lo mismo.<\/p>\n<p>EL pasado martes 23 de enero tuvimos el preestreno de \u00abLa tierra prometida\u00bb de Mads Mikkelsen. Una gran pel\u00edcula que se estrena el pr\u00f3ximo 02 de febrero en los Cines Lys.<\/p>\n<p>\u00bfCon cu\u00e1l nos sorprender\u00e1n el pr\u00f3ximo martes? Ven y desc\u00fabrelo.<\/p>\n<p><a href=\"https:\/\/www.reservaentradas.com\/entrada\/valencia\/cineslys\/cita-a-ciegas-con-el-cine\/342893\/?step=2\" rel=\"nofollow noopener\" target=\"_blank\"> <button>Comprar entradas<\/button> <\/a><\/p>\n<p><iframe title=\"Cita a ciegas con el cine: La tierra prometida Estreno 2 de febrero\" width=\"750\" height=\"422\" src=\"https:\/\/www.youtube.com\/embed\/hjotUZSDEWc?feature=oembed\" frameborder=\"0\" allow=\"accelerometer; autoplay; clipboard-write; encrypted-media; gyroscope; picture-in-picture; web-share\" allowfullscreen><\/iframe><\/p>","protected":false},"excerpt":{"rendered":"<p>El martes 30 de enero tenemos un nuevo pase de Cita a Ciegas con el Cine en los Cines Lys de Valencia. Una experiencia obligatoria para los amantes del buen&hellip; <a class=\"more-link\" href=\"https:\/\/cineslys.com\/val\/calendario\/cita-a-ciegas-30-de-enero\/\">Continue reading <span class=\"screen-reader-text\">Cita a ciegas: 30 de enero<\/span><\/a><\/p>","protected":false},"author":1,"featured_media":2644,"template":"","meta":{"_tribe_events_status":"","_tribe_events_status_reason":"","footnotes":""},"tags":[46],"tribe_events_cat":[16],"class_list":["post-2649","tribe_events","type-tribe_events","status-publish","has-post-thumbnail","hentry","tag-cita-a-ciegas","tribe_events_cat-cita-a-ciegas","cat_cita-a-ciegas","entry"],"_links":{"self":[{"href":"https:\/\/cineslys.com\/val\/wp-json\/wp\/v2\/tribe_events\/2649","targetHints":{"allow":["GET"]}}],"collection":[{"href":"https:\/\/cineslys.com\/val\/wp-json\/wp\/v2\/tribe_events"}],"about":[{"href":"https:\/\/cineslys.com\/val\/wp-json\/wp\/v2\/types\/tribe_events"}],"author":[{"embeddable":true,"href":"https:\/\/cineslys.com\/val\/wp-json\/wp\/v2\/users\/1"}],"version-history":[{"count":0,"href":"https:\/\/cineslys.com\/val\/wp-json\/wp\/v2\/tribe_events\/2649\/revisions"}],"wp:featuredmedia":[{"embeddable":true,"href":"https:\/\/cineslys.com\/val\/wp-json\/wp\/v2\/media\/2644"}],"wp:attachment":[{"href":"https:\/\/cineslys.com\/val\/wp-json\/wp\/v2\/media?parent=2649"}],"wp:term":[{"taxonomy":"post_tag","embeddable":true,"href":"https:\/\/cineslys.com\/val\/wp-json\/wp\/v2\/tags?post=2649"},{"taxonomy":"tribe_events_cat","embeddable":true,"href":"https:\/\/cineslys.com\/val\/wp-json\/wp\/v2\/tribe_events_cat?post=2649"}],"curies":[{"name":"wp","href":"https:\/\/api.w.org\/{rel}","templated":true}]}}

<p>El martes 30 de enero tenemos un nuevo pase de Cita a Ciegas con el Cine en los Cines Lys de Valencia. Una experiencia obligatoria para los amantes del buen cine, para los que no saben qué ver, y para los jóvenes cansados de lo mismo.</p>
<p>EL pasado martes 23 de enero tuvimos el preestreno de «La tierra prometida» de Mads Mikkelsen. Una gran película que se estrena el próximo 02 de febrero en los Cines Lys.</p>
<p>¿Con cuál nos sorprenderán el próximo martes? Ven y descúbrelo.</p>
<p><a href="https://www.reservaentradas.com/entrada/valencia/cineslys/cita-a-ciegas-con-el-cine/342893/?step=2" rel="nofollow noopener" target="_blank"> <button>Comprar entradas</button> </a></p>
<p><iframe title="Cita a ciegas con el cine: La tierra prometida Estreno 2 de febrero" width="750" height="422" src="https://www.youtube.com/embed/hjotUZSDEWc?feature=oembed" frameborder="0" allow="accelerometer; autoplay; clipboard-write; encrypted-media; gyroscope; picture-in-picture; web-share" allowfullscreen></iframe></p>
