									
{"id":2682,"date":"2024-01-26T10:49:13","date_gmt":"2024-01-26T10:49:13","guid":{"rendered":"https:\/\/cineslys.com\/?post_type=tribe_events&#038;p=2682"},"modified":"2024-01-26T10:50:38","modified_gmt":"2024-01-26T10:50:38","slug":"estreno-la-tierra-prometida","status":"publish","type":"tribe_events","link":"https:\/\/cineslys.com\/val\/calendario\/estreno-la-tierra-prometida\/","title":{"rendered":"Estreno: La tierra prometida"},"content":{"rendered":"<p>El 2 de febrero llega La tierra prometida a Cines Lys, la nueva pel\u00edcula de Nikolaj Arcel con Mads Mikkelsen como protagonista. Un drama hist\u00f3rico que cuenta la historia del capit\u00e1n Ludvig Kahlen, quien se dispone a conquistar los duros e inh\u00f3spitos p\u00e1ramos daneses con un objetivo aparentemente imposible: crear una colonia en nombre del rey.<\/p>\n<p>Os dejamos con los comentarios que recibimos del p\u00fablico en nuestro \u00abCita a ciegas\u00bb del pasado martes. \u00bfQuieres apuntarte al pr\u00f3ximo Cita a ciegas? <a href=\"https:\/\/www.reservaentradas.com\/sesiones\/valencia\/cineslys\/cita-a-ciegas-con-el-cine\/5609\/\" rel=\"nofollow noopener\" target=\"_blank\">Reserva tu entrada por 4\u20ac.<\/a><\/p>\n<p><iframe title=\"Cita a ciegas con el cine: La tierra prometida Estreno 2 de febrero\" width=\"750\" height=\"422\" src=\"https:\/\/www.youtube.com\/embed\/hjotUZSDEWc?feature=oembed\" frameborder=\"0\" allow=\"accelerometer; autoplay; clipboard-write; encrypted-media; gyroscope; picture-in-picture; web-share\" allowfullscreen><\/iframe><\/p>\n<p>&nbsp;<\/p>","protected":false},"excerpt":{"rendered":"<p>El 2 de febrero llega La tierra prometida a Cines Lys, la nueva pel\u00edcula de Nikolaj Arcel con Mads Mikkelsen como protagonista. Un drama hist\u00f3rico que cuenta la historia del&hellip; <a class=\"more-link\" href=\"https:\/\/cineslys.com\/val\/calendario\/estreno-la-tierra-prometida\/\">Continue reading <span class=\"screen-reader-text\">Estreno: La tierra prometida<\/span><\/a><\/p>","protected":false},"author":1,"featured_media":2464,"template":"","meta":{"_tribe_events_status":"","_tribe_events_status_reason":"","footnotes":""},"tags":[],"tribe_events_cat":[26],"class_list":["post-2682","tribe_events","type-tribe_events","status-publish","has-post-thumbnail","hentry","tribe_events_cat-estrenos","cat_estrenos","entry"],"_links":{"self":[{"href":"https:\/\/cineslys.com\/val\/wp-json\/wp\/v2\/tribe_events\/2682","targetHints":{"allow":["GET"]}}],"collection":[{"href":"https:\/\/cineslys.com\/val\/wp-json\/wp\/v2\/tribe_events"}],"about":[{"href":"https:\/\/cineslys.com\/val\/wp-json\/wp\/v2\/types\/tribe_events"}],"author":[{"embeddable":true,"href":"https:\/\/cineslys.com\/val\/wp-json\/wp\/v2\/users\/1"}],"version-history":[{"count":0,"href":"https:\/\/cineslys.com\/val\/wp-json\/wp\/v2\/tribe_events\/2682\/revisions"}],"wp:featuredmedia":[{"embeddable":true,"href":"https:\/\/cineslys.com\/val\/wp-json\/wp\/v2\/media\/2464"}],"wp:attachment":[{"href":"https:\/\/cineslys.com\/val\/wp-json\/wp\/v2\/media?parent=2682"}],"wp:term":[{"taxonomy":"post_tag","embeddable":true,"href":"https:\/\/cineslys.com\/val\/wp-json\/wp\/v2\/tags?post=2682"},{"taxonomy":"tribe_events_cat","embeddable":true,"href":"https:\/\/cineslys.com\/val\/wp-json\/wp\/v2\/tribe_events_cat?post=2682"}],"curies":[{"name":"wp","href":"https:\/\/api.w.org\/{rel}","templated":true}]}}

<p>El 2 de febrero llega La tierra prometida a Cines Lys, la nueva película de Nikolaj Arcel con Mads Mikkelsen como protagonista. Un drama histórico que cuenta la historia del capitán Ludvig Kahlen, quien se dispone a conquistar los duros e inhóspitos páramos daneses con un objetivo aparentemente imposible: crear una colonia en nombre del rey.</p>
<p>Os dejamos con los comentarios que recibimos del público en nuestro «Cita a ciegas» del pasado martes. ¿Quieres apuntarte al próximo Cita a ciegas? <a href="https://www.reservaentradas.com/sesiones/valencia/cineslys/cita-a-ciegas-con-el-cine/5609/" rel="nofollow noopener" target="_blank">Reserva tu entrada por 4€.</a></p>
<p><iframe title="Cita a ciegas con el cine: La tierra prometida Estreno 2 de febrero" width="750" height="422" src="https://www.youtube.com/embed/hjotUZSDEWc?feature=oembed" frameborder="0" allow="accelerometer; autoplay; clipboard-write; encrypted-media; gyroscope; picture-in-picture; web-share" allowfullscreen></iframe></p>
<p>&nbsp;</p>

<p>El 2 de febrero llega La tierra prometida a Cines Lys, la nueva película de Nikolaj Arcel con Mads Mikkelsen como protagonista. Un drama histórico que cuenta la historia del&hellip; <a class="more-link" href="https://cineslys.com/val/calendario/estreno-la-tierra-prometida/">Continue reading <span class="screen-reader-text">Estreno: La tierra prometida</span></a></p>
