									
{"id":2686,"date":"2024-01-26T11:05:09","date_gmt":"2024-01-26T11:05:09","guid":{"rendered":"https:\/\/cineslys.com\/?post_type=tribe_events&#038;p=2686"},"modified":"2024-01-26T11:05:10","modified_gmt":"2024-01-26T11:05:10","slug":"estreno-la-zona-de-interes","status":"publish","type":"tribe_events","link":"https:\/\/cineslys.com\/val\/calendario\/estreno-la-zona-de-interes\/","title":{"rendered":"Estreno: La zona de inter\u00e9s"},"content":{"rendered":"<p>El 19 de enero se estrena La zona de inter\u00e9s en Cines Lys, nominada en los Oscars a mejor pel\u00edcula, mejor direcci\u00f3n, mejor pel\u00edcula extranjera, mejor guion adaptado y mejor sonido. Ni m\u00e1s ni menos que 5 nominaciones para esta impactante pel\u00edcula.<\/p>\n<p>Os dejamos con los comentarios que recibimos del p\u00fablico en nuestro \u00abCita a ciegas\u00bb del pasado martes. \u00bfQuieres apuntarte al pr\u00f3ximo Cita a ciegas? <a href=\"https:\/\/www.reservaentradas.com\/sesiones\/valencia\/cineslys\/cita-a-ciegas-con-el-cine\/5609\/\" rel=\"nofollow noopener\" target=\"_blank\">Reserva tu entrada por 4\u20ac.<\/a><\/p>\n<p><iframe title=\"Cita a ciegas con el cine: La zona de inter\u00e9s Estreno 19 de enero\" width=\"750\" height=\"422\" src=\"https:\/\/www.youtube.com\/embed\/-uM8PJIvoGE?feature=oembed\" frameborder=\"0\" allow=\"accelerometer; autoplay; clipboard-write; encrypted-media; gyroscope; picture-in-picture; web-share\" allowfullscreen><\/iframe><\/p>\n<p>&nbsp;<\/p>","protected":false},"excerpt":{"rendered":"<p>El 19 de enero se estrena La zona de inter\u00e9s en Cines Lys, nominada en los Oscars a mejor pel\u00edcula, mejor direcci\u00f3n, mejor pel\u00edcula extranjera, mejor guion adaptado y mejor&hellip; <a class=\"more-link\" href=\"https:\/\/cineslys.com\/val\/calendario\/estreno-la-zona-de-interes\/\">Continue reading <span class=\"screen-reader-text\">Estreno: La zona de inter\u00e9s<\/span><\/a><\/p>","protected":false},"author":1,"featured_media":2687,"template":"","meta":{"_tribe_events_status":"","_tribe_events_status_reason":"","footnotes":""},"tags":[],"tribe_events_cat":[26],"class_list":["post-2686","tribe_events","type-tribe_events","status-publish","has-post-thumbnail","hentry","tribe_events_cat-estrenos","cat_estrenos","entry"],"_links":{"self":[{"href":"https:\/\/cineslys.com\/val\/wp-json\/wp\/v2\/tribe_events\/2686","targetHints":{"allow":["GET"]}}],"collection":[{"href":"https:\/\/cineslys.com\/val\/wp-json\/wp\/v2\/tribe_events"}],"about":[{"href":"https:\/\/cineslys.com\/val\/wp-json\/wp\/v2\/types\/tribe_events"}],"author":[{"embeddable":true,"href":"https:\/\/cineslys.com\/val\/wp-json\/wp\/v2\/users\/1"}],"version-history":[{"count":0,"href":"https:\/\/cineslys.com\/val\/wp-json\/wp\/v2\/tribe_events\/2686\/revisions"}],"wp:featuredmedia":[{"embeddable":true,"href":"https:\/\/cineslys.com\/val\/wp-json\/wp\/v2\/media\/2687"}],"wp:attachment":[{"href":"https:\/\/cineslys.com\/val\/wp-json\/wp\/v2\/media?parent=2686"}],"wp:term":[{"taxonomy":"post_tag","embeddable":true,"href":"https:\/\/cineslys.com\/val\/wp-json\/wp\/v2\/tags?post=2686"},{"taxonomy":"tribe_events_cat","embeddable":true,"href":"https:\/\/cineslys.com\/val\/wp-json\/wp\/v2\/tribe_events_cat?post=2686"}],"curies":[{"name":"wp","href":"https:\/\/api.w.org\/{rel}","templated":true}]}}

Estreno: La zona de interés

<p>El 19 de enero se estrena La zona de interés en Cines Lys, nominada en los Oscars a mejor película, mejor dirección, mejor película extranjera, mejor guion adaptado y mejor sonido. Ni más ni menos que 5 nominaciones para esta impactante película.</p>
<p>Os dejamos con los comentarios que recibimos del público en nuestro «Cita a ciegas» del pasado martes. ¿Quieres apuntarte al próximo Cita a ciegas? <a href="https://www.reservaentradas.com/sesiones/valencia/cineslys/cita-a-ciegas-con-el-cine/5609/" rel="nofollow noopener" target="_blank">Reserva tu entrada por 4€.</a></p>
<p><iframe title="Cita a ciegas con el cine: La zona de interés Estreno 19 de enero" width="750" height="422" src="https://www.youtube.com/embed/-uM8PJIvoGE?feature=oembed" frameborder="0" allow="accelerometer; autoplay; clipboard-write; encrypted-media; gyroscope; picture-in-picture; web-share" allowfullscreen></iframe></p>
<p>&nbsp;</p>

<p>El 19 de enero se estrena La zona de interés en Cines Lys, nominada en los Oscars a mejor película, mejor dirección, mejor película extranjera, mejor guion adaptado y mejor&hellip; <a class="more-link" href="https://cineslys.com/val/calendario/estreno-la-zona-de-interes/">Continue reading <span class="screen-reader-text">Estreno: La zona de interés</span></a></p>
