									
{"id":2691,"date":"2024-01-30T11:42:30","date_gmt":"2024-01-30T11:42:30","guid":{"rendered":"https:\/\/cineslys.com\/?post_type=tribe_events&#038;p=2691"},"modified":"2024-01-30T11:42:31","modified_gmt":"2024-01-30T11:42:31","slug":"cine-club-lys-la-estrella-azul","status":"publish","type":"tribe_events","link":"https:\/\/cineslys.com\/val\/calendario\/cine-club-lys-la-estrella-azul\/","title":{"rendered":"Cine Club Lys: La estrella azul"},"content":{"rendered":"<p><a title=\"Matr\u00edcula Cine Club Lys Valencia\" href=\"https:\/\/cineclublys.com\/matricula\/\" rel=\"nofollow noopener\" target=\"_blank\">Matr\u00edcula abierta al 50% para Socios de Cines Lys<\/a><\/p>\n<p>El pr\u00f3ximo 12 de febrero tendremos en Cine Club Lys al joven director Javier Macipe y el actor Pepe Lorente quienes est\u00e1n arrasando con su \u00faltimo proyecto \u00abLa estrella azul\u00bb. Una pel\u00edcula que est\u00e1 enamorando a todo aquel que la ha visto, y nosotros tendremos el placer de verla mucho antes que el resto de personas.<\/p>\n<p>Sinopsis: A\u00f1os 90. Mauricio, un famoso rockero espa\u00f1ol recorre Latinoam\u00e9rica buscando reencontrarse con su vocaci\u00f3n dejando atr\u00e1s el fantasma de la adicci\u00f3n. All\u00ed conoce a Don Carlos, un anciano m\u00fasico en horas bajas que, a pesar de ser autor de algunas de las canciones m\u00e1s famosas del folclore de su pa\u00eds, apenas consigue pagar sus facturas. Carlos acoge con generosidad al extra\u00f1o visitante haciendo las veces de maestro Miyagi musical. De su encuentro nace un extravagante d\u00fao quijotesco, con todos los visos de ser un absoluto fracaso comercial.<\/p>\n<p><a href=\"https:\/\/www.reservaentradas.com\/sesiones\/valencia\/cineslys\/cine-club-lys-la-estrella-azul\/6003\" rel=\"nofollow noopener\" target=\"_blank\"> <button>Comprar entradas<\/button> <\/a><\/p>\n<p><iframe title=\"Tr\u00e1iler La Estrella azul de Javier Macipe \/ Estreno en Cines 23 febrero\" width=\"750\" height=\"422\" src=\"https:\/\/www.youtube.com\/embed\/We4-UkblP4g?feature=oembed\" frameborder=\"0\" allow=\"accelerometer; autoplay; clipboard-write; encrypted-media; gyroscope; picture-in-picture; web-share\" allowfullscreen><\/iframe><\/p>","protected":false},"excerpt":{"rendered":"<p>Matr\u00edcula abierta al 50% para Socios de Cines Lys El pr\u00f3ximo 12 de febrero tendremos en Cine Club Lys al joven director Javier Macipe y el actor Pepe Lorente quienes&hellip; <a class=\"more-link\" href=\"https:\/\/cineslys.com\/val\/calendario\/cine-club-lys-la-estrella-azul\/\">Continue reading <span class=\"screen-reader-text\">Cine Club Lys: La estrella azul<\/span><\/a><\/p>","protected":false},"author":1,"featured_media":2692,"template":"","meta":{"_tribe_events_status":"","_tribe_events_status_reason":"","footnotes":""},"tags":[31],"tribe_events_cat":[18,19],"class_list":["post-2691","tribe_events","type-tribe_events","status-publish","has-post-thumbnail","hentry","tag-cine-club-lys","tribe_events_cat-cine-club","tribe_events_cat-visita-de-directores","cat_cine-club","cat_visita-de-directores","entry"],"_links":{"self":[{"href":"https:\/\/cineslys.com\/val\/wp-json\/wp\/v2\/tribe_events\/2691","targetHints":{"allow":["GET"]}}],"collection":[{"href":"https:\/\/cineslys.com\/val\/wp-json\/wp\/v2\/tribe_events"}],"about":[{"href":"https:\/\/cineslys.com\/val\/wp-json\/wp\/v2\/types\/tribe_events"}],"author":[{"embeddable":true,"href":"https:\/\/cineslys.com\/val\/wp-json\/wp\/v2\/users\/1"}],"version-history":[{"count":0,"href":"https:\/\/cineslys.com\/val\/wp-json\/wp\/v2\/tribe_events\/2691\/revisions"}],"wp:featuredmedia":[{"embeddable":true,"href":"https:\/\/cineslys.com\/val\/wp-json\/wp\/v2\/media\/2692"}],"wp:attachment":[{"href":"https:\/\/cineslys.com\/val\/wp-json\/wp\/v2\/media?parent=2691"}],"wp:term":[{"taxonomy":"post_tag","embeddable":true,"href":"https:\/\/cineslys.com\/val\/wp-json\/wp\/v2\/tags?post=2691"},{"taxonomy":"tribe_events_cat","embeddable":true,"href":"https:\/\/cineslys.com\/val\/wp-json\/wp\/v2\/tribe_events_cat?post=2691"}],"curies":[{"name":"wp","href":"https:\/\/api.w.org\/{rel}","templated":true}]}}

<p><a title="Matrícula Cine Club Lys Valencia" href="https://cineclublys.com/matricula/" rel="nofollow noopener" target="_blank">Matrícula abierta al 50% para Socios de Cines Lys</a></p>
<p>El próximo 12 de febrero tendremos en Cine Club Lys al joven director Javier Macipe y el actor Pepe Lorente quienes están arrasando con su último proyecto «La estrella azul». Una película que está enamorando a todo aquel que la ha visto, y nosotros tendremos el placer de verla mucho antes que el resto de personas.</p>
<p>Sinopsis: Años 90. Mauricio, un famoso rockero español recorre Latinoamérica buscando reencontrarse con su vocación dejando atrás el fantasma de la adicción. Allí conoce a Don Carlos, un anciano músico en horas bajas que, a pesar de ser autor de algunas de las canciones más famosas del folclore de su país, apenas consigue pagar sus facturas. Carlos acoge con generosidad al extraño visitante haciendo las veces de maestro Miyagi musical. De su encuentro nace un extravagante dúo quijotesco, con todos los visos de ser un absoluto fracaso comercial.</p>
<p><a href="https://www.reservaentradas.com/sesiones/valencia/cineslys/cine-club-lys-la-estrella-azul/6003" rel="nofollow noopener" target="_blank"> <button>Comprar entradas</button> </a></p>
<p><iframe title="Tráiler La Estrella azul de Javier Macipe / Estreno en Cines 23 febrero" width="750" height="422" src="https://www.youtube.com/embed/We4-UkblP4g?feature=oembed" frameborder="0" allow="accelerometer; autoplay; clipboard-write; encrypted-media; gyroscope; picture-in-picture; web-share" allowfullscreen></iframe></p>

<p>Matrícula abierta al 50% para Socios de Cines Lys El próximo 12 de febrero tendremos en Cine Club Lys al joven director Javier Macipe y el actor Pepe Lorente quienes&hellip; <a class="more-link" href="https://cineslys.com/val/calendario/cine-club-lys-la-estrella-azul/">Continue reading <span class="screen-reader-text">Cine Club Lys: La estrella azul</span></a></p>
