									
{"id":2731,"date":"2024-02-04T19:57:16","date_gmt":"2024-02-04T19:57:16","guid":{"rendered":"https:\/\/cineslys.com\/?post_type=tribe_events&#038;p=2731"},"modified":"2024-02-04T20:16:15","modified_gmt":"2024-02-04T20:16:15","slug":"the-chosen-4t-con-coloquio-de-dallas-jenkins","status":"publish","type":"tribe_events","link":"https:\/\/cineslys.com\/val\/calendario\/the-chosen-4t-con-coloquio-de-dallas-jenkins\/","title":{"rendered":"The Chosen 4T con coloquio de Dallas Jenkins"},"content":{"rendered":"<p>\u00a1La cuarta temporada de The Chosen (Los Elegidos) llega a los cines en exclusiva!<\/p>\n<p>\u00bfQuieres ver los dos primeros cap\u00edtulos antes que nadie? Tendremos dos pases especiales el 16 y 20 de febrero con la proyecci\u00f3n de los dos episodios y coloquio posterior del director Dallas Jenkins.<\/p>\n<p>Sinopsis: Serie que narra la vida de Jesucristo a trav\u00e9s de las personas que le conocieron, buscando mostrar a Jes\u00fas de una manera m\u00e1s personal, \u00edntima, e inmediata.<\/p>\n<p><a href=\"https:\/\/www.reservaentradas.com\/sesiones\/valencia\/cineslys\/the-chosen-t-4\/5998?proximamente=true&#038;\" rel=\"nofollow noopener\" target=\"_blank\"> <button>Comprar entradas<\/button> <\/a><\/p>\n<p><iframe title=\"THE CHOSEN (Los Elegidos) - TR\u00c1ILER TEMPORADA 4\" width=\"750\" height=\"422\" src=\"https:\/\/www.youtube.com\/embed\/krBHtk8q4K0?feature=oembed\" frameborder=\"0\" allow=\"accelerometer; autoplay; clipboard-write; encrypted-media; gyroscope; picture-in-picture; web-share\" allowfullscreen><\/iframe><\/p>","protected":false},"excerpt":{"rendered":"<p>\u00a1La cuarta temporada de The Chosen (Los Elegidos) llega a los cines en exclusiva! \u00bfQuieres ver los dos primeros cap\u00edtulos antes que nadie? Tendremos dos pases especiales el 16 y&hellip; <a class=\"more-link\" href=\"https:\/\/cineslys.com\/val\/calendario\/the-chosen-4t-con-coloquio-de-dallas-jenkins\/\">Continue reading <span class=\"screen-reader-text\">The Chosen 4T con coloquio de Dallas Jenkins<\/span><\/a><\/p>","protected":false},"author":1,"featured_media":2732,"template":"","meta":{"_tribe_events_status":"","_tribe_events_status_reason":"","footnotes":""},"tags":[57],"tribe_events_cat":[19],"class_list":["post-2731","tribe_events","type-tribe_events","status-publish","has-post-thumbnail","hentry","tag-the-chosen","tribe_events_cat-visita-de-directores","cat_visita-de-directores","entry"],"_links":{"self":[{"href":"https:\/\/cineslys.com\/val\/wp-json\/wp\/v2\/tribe_events\/2731","targetHints":{"allow":["GET"]}}],"collection":[{"href":"https:\/\/cineslys.com\/val\/wp-json\/wp\/v2\/tribe_events"}],"about":[{"href":"https:\/\/cineslys.com\/val\/wp-json\/wp\/v2\/types\/tribe_events"}],"author":[{"embeddable":true,"href":"https:\/\/cineslys.com\/val\/wp-json\/wp\/v2\/users\/1"}],"version-history":[{"count":0,"href":"https:\/\/cineslys.com\/val\/wp-json\/wp\/v2\/tribe_events\/2731\/revisions"}],"wp:featuredmedia":[{"embeddable":true,"href":"https:\/\/cineslys.com\/val\/wp-json\/wp\/v2\/media\/2732"}],"wp:attachment":[{"href":"https:\/\/cineslys.com\/val\/wp-json\/wp\/v2\/media?parent=2731"}],"wp:term":[{"taxonomy":"post_tag","embeddable":true,"href":"https:\/\/cineslys.com\/val\/wp-json\/wp\/v2\/tags?post=2731"},{"taxonomy":"tribe_events_cat","embeddable":true,"href":"https:\/\/cineslys.com\/val\/wp-json\/wp\/v2\/tribe_events_cat?post=2731"}],"curies":[{"name":"wp","href":"https:\/\/api.w.org\/{rel}","templated":true}]}}

<p>¡La cuarta temporada de The Chosen (Los Elegidos) llega a los cines en exclusiva!</p>
<p>¿Quieres ver los dos primeros capítulos antes que nadie? Tendremos dos pases especiales el 16 y 20 de febrero con la proyección de los dos episodios y coloquio posterior del director Dallas Jenkins.</p>
<p>Sinopsis: Serie que narra la vida de Jesucristo a través de las personas que le conocieron, buscando mostrar a Jesús de una manera más personal, íntima, e inmediata.</p>
<p><a href="https://www.reservaentradas.com/sesiones/valencia/cineslys/the-chosen-t-4/5998?proximamente=true&#038;" rel="nofollow noopener" target="_blank"> <button>Comprar entradas</button> </a></p>
<p><iframe title="THE CHOSEN (Los Elegidos) - TRÁILER TEMPORADA 4" width="750" height="422" src="https://www.youtube.com/embed/krBHtk8q4K0?feature=oembed" frameborder="0" allow="accelerometer; autoplay; clipboard-write; encrypted-media; gyroscope; picture-in-picture; web-share" allowfullscreen></iframe></p>

<p>¡La cuarta temporada de The Chosen (Los Elegidos) llega a los cines en exclusiva! ¿Quieres ver los dos primeros capítulos antes que nadie? Tendremos dos pases especiales el 16 y&hellip; <a class="more-link" href="https://cineslys.com/val/calendario/the-chosen-4t-con-coloquio-de-dallas-jenkins/">Continue reading <span class="screen-reader-text">The Chosen 4T con coloquio de Dallas Jenkins</span></a></p>
