									
{"id":2832,"date":"2024-02-12T10:36:03","date_gmt":"2024-02-12T10:36:03","guid":{"rendered":"https:\/\/cineslys.com\/?post_type=tribe_events&#038;p=2832"},"modified":"2024-02-14T16:47:12","modified_gmt":"2024-02-14T16:47:12","slug":"proyecto-viridiana-la-estrella-azul","status":"publish","type":"tribe_events","link":"https:\/\/cineslys.com\/val\/calendario\/proyecto-viridiana-la-estrella-azul\/","title":{"rendered":"Proyecto Viridiana: La estrella azul"},"content":{"rendered":"<p>El pr\u00f3ximo lunes 19 de febrero a las 19:30h tendremos en nuevo pase de Proyecto Viridiana con\u00a0La estrella azul. Podremos disfrutar de un coloquio online con el director Javier Macipe desde multicines Guadalajara. Recordad que podr\u00e9is enviar vuestras preguntas a trav\u00e9s del QR en la pantalla.<\/p>\n<p>Sinopsis: A\u00f1os 90. Mauricio, un famoso rockero espa\u00f1ol recorre Latinoam\u00e9rica buscando reencontrarse con su vocaci\u00f3n dejando atr\u00e1s el fantasma de la adicci\u00f3n. All\u00ed conoce a Don Carlos, un anciano m\u00fasico en horas bajas que, a pesar de ser autor de algunas de las canciones m\u00e1s famosas del folclore de su pa\u00eds, apenas consigue pagar sus facturas. Carlos acoge con generosidad al extra\u00f1o visitante haciendo las veces de maestro Miyagi musical. De su encuentro nace un extravagante d\u00fao quijotesco, con todos los visos de ser un absoluto fracaso comercial.<\/p>\n<p><a href=\"https:\/\/www.reservaentradas.com\/entrada\/valencia\/cineslys\/proyecto-viridiana-la-estrella-azul\/343513\/?step=2\" rel=\"nofollow noopener\" target=\"_blank\"> <button>Comprar entradas<\/button> <\/a><\/p>\n<p><iframe title=\"La estrella azul en Cines Lys con Javier Macipe y Pepe Lorente\" width=\"750\" height=\"422\" src=\"https:\/\/www.youtube.com\/embed\/sKBdgvAHYlc?feature=oembed\" frameborder=\"0\" allow=\"accelerometer; autoplay; clipboard-write; encrypted-media; gyroscope; picture-in-picture; web-share\" allowfullscreen><\/iframe><\/p>","protected":false},"excerpt":{"rendered":"<p>El pr\u00f3ximo lunes 19 de febrero a las 19:30h tendremos en nuevo pase de Proyecto Viridiana con\u00a0La estrella azul. Podremos disfrutar de un coloquio online con el director Javier Macipe&hellip; <a class=\"more-link\" href=\"https:\/\/cineslys.com\/val\/calendario\/proyecto-viridiana-la-estrella-azul\/\">Continue reading <span class=\"screen-reader-text\">Proyecto Viridiana: La estrella azul<\/span><\/a><\/p>","protected":false},"author":1,"featured_media":2833,"template":"","meta":{"_tribe_events_status":"","_tribe_events_status_reason":"","footnotes":""},"tags":[62,33],"tribe_events_cat":[32],"class_list":["post-2832","tribe_events","type-tribe_events","status-publish","has-post-thumbnail","hentry","tag-la-estrella-azul","tag-proyecto-viridiana","tribe_events_cat-proyecto-viridiana","cat_proyecto-viridiana","entry"],"_links":{"self":[{"href":"https:\/\/cineslys.com\/val\/wp-json\/wp\/v2\/tribe_events\/2832","targetHints":{"allow":["GET"]}}],"collection":[{"href":"https:\/\/cineslys.com\/val\/wp-json\/wp\/v2\/tribe_events"}],"about":[{"href":"https:\/\/cineslys.com\/val\/wp-json\/wp\/v2\/types\/tribe_events"}],"author":[{"embeddable":true,"href":"https:\/\/cineslys.com\/val\/wp-json\/wp\/v2\/users\/1"}],"version-history":[{"count":0,"href":"https:\/\/cineslys.com\/val\/wp-json\/wp\/v2\/tribe_events\/2832\/revisions"}],"wp:featuredmedia":[{"embeddable":true,"href":"https:\/\/cineslys.com\/val\/wp-json\/wp\/v2\/media\/2833"}],"wp:attachment":[{"href":"https:\/\/cineslys.com\/val\/wp-json\/wp\/v2\/media?parent=2832"}],"wp:term":[{"taxonomy":"post_tag","embeddable":true,"href":"https:\/\/cineslys.com\/val\/wp-json\/wp\/v2\/tags?post=2832"},{"taxonomy":"tribe_events_cat","embeddable":true,"href":"https:\/\/cineslys.com\/val\/wp-json\/wp\/v2\/tribe_events_cat?post=2832"}],"curies":[{"name":"wp","href":"https:\/\/api.w.org\/{rel}","templated":true}]}}

<p>El próximo lunes 19 de febrero a las 19:30h tendremos en nuevo pase de Proyecto Viridiana con La estrella azul. Podremos disfrutar de un coloquio online con el director Javier Macipe desde multicines Guadalajara. Recordad que podréis enviar vuestras preguntas a través del QR en la pantalla.</p>
<p>Sinopsis: Años 90. Mauricio, un famoso rockero español recorre Latinoamérica buscando reencontrarse con su vocación dejando atrás el fantasma de la adicción. Allí conoce a Don Carlos, un anciano músico en horas bajas que, a pesar de ser autor de algunas de las canciones más famosas del folclore de su país, apenas consigue pagar sus facturas. Carlos acoge con generosidad al extraño visitante haciendo las veces de maestro Miyagi musical. De su encuentro nace un extravagante dúo quijotesco, con todos los visos de ser un absoluto fracaso comercial.</p>
<p><a href="https://www.reservaentradas.com/entrada/valencia/cineslys/proyecto-viridiana-la-estrella-azul/343513/?step=2" rel="nofollow noopener" target="_blank"> <button>Comprar entradas</button> </a></p>
<p><iframe title="La estrella azul en Cines Lys con Javier Macipe y Pepe Lorente" width="750" height="422" src="https://www.youtube.com/embed/sKBdgvAHYlc?feature=oembed" frameborder="0" allow="accelerometer; autoplay; clipboard-write; encrypted-media; gyroscope; picture-in-picture; web-share" allowfullscreen></iframe></p>

<p>El próximo lunes 19 de febrero a las 19:30h tendremos en nuevo pase de Proyecto Viridiana con La estrella azul. Podremos disfrutar de un coloquio online con el director Javier Macipe&hellip; <a class="more-link" href="https://cineslys.com/val/calendario/proyecto-viridiana-la-estrella-azul/">Continue reading <span class="screen-reader-text">Proyecto Viridiana: La estrella azul</span></a></p>
