									
{"id":2835,"date":"2024-02-13T12:02:33","date_gmt":"2024-02-13T12:02:33","guid":{"rendered":"https:\/\/cineslys.com\/?post_type=tribe_events&#038;p=2835"},"modified":"2024-03-05T11:09:41","modified_gmt":"2024-03-05T11:09:41","slug":"premiere-uncancelled-en-cines-lys","status":"publish","type":"tribe_events","link":"https:\/\/cineslys.com\/val\/calendario\/premiere-uncancelled-en-cines-lys\/","title":{"rendered":"Premiere \u00abUnCancelled\u00bb en Cines Lys"},"content":{"rendered":"<p>El pr\u00f3ximo 08 de marzo se estrena en Cines Lys \u00abUnCancelled\u00bb, pel\u00edcula australiano \u2013 valenciana dirigida por Luke Eve y protagonizada junto a su esposa, la actriz Mar\u00eda Albi\u00f1ana, basada en su propia historia real sobre c\u00f3mo cancelaron su boda en 2020 por la pandemia. Ahora, tres a\u00f1os despu\u00e9s, con un beb\u00e9 y evidentes diferencias culturales, intentan casarse de nuevo con las espectaculares Fallas de Valencia como escenario protagonista. \u00bfQuieres saber m\u00e1s? Puedes ver el origen de esta historia en las series: \u00ab<a href=\"https:\/\/www.facebook.com\/watch\/cancelledtheseries\/717649222318269\/\" rel=\"nofollow noopener\" target=\"_blank\">Cancelled<\/a>\u00bb y \u00ab<a href=\"https:\/\/www.facebook.com\/watch\/cancelledtheseries\/469618171469997\/\" rel=\"nofollow noopener\" target=\"_blank\">ReCancelled<\/a>\u00bb<\/p>\n<p><strong>Sinopsis<\/strong>: La actriz espa\u00f1ola, Mar\u00eda, y el director australiano, Luke, viven juntos en Espa\u00f1a. Mar\u00eda est\u00e1 decidida a casarse. Pero para Luke, la \u00fanica forma de disfrutar de la boda es aferrarse a sus viejos sue\u00f1os y rodar una pel\u00edcula sobre ello.<\/p>\n<p><strong>\u00bfQuieres asistir al preestreno de la pel\u00edcula?<\/strong> Pincha en el enlace de abajo para poder participar en el sorteo que organizamos junto al equipo de \u00abUnCancelled\u00bb del pr\u00f3ximo jueves 07 de marzo a las 19:30h.<\/p>\n<p><a href=\"https:\/\/uncancelled.caracterfilms.com\/\" rel=\"nofollow noopener\" target=\"_blank\"> <button>Quiero asistir<\/button> <\/a><\/p>\n<p><iframe title=\"Uncancelled Tr\u00e1iler \/ Estreno 08 de marzo en Cines\" width=\"750\" height=\"422\" src=\"https:\/\/www.youtube.com\/embed\/QZhSnB2yUds?feature=oembed\" frameborder=\"0\" allow=\"accelerometer; autoplay; clipboard-write; encrypted-media; gyroscope; picture-in-picture; web-share\" allowfullscreen><\/iframe><\/p>","protected":false},"excerpt":{"rendered":"<p>El pr\u00f3ximo 08 de marzo se estrena en Cines Lys \u00abUnCancelled\u00bb, pel\u00edcula australiano \u2013 valenciana dirigida por Luke Eve y protagonizada junto a su esposa, la actriz Mar\u00eda Albi\u00f1ana, basada&hellip; <a class=\"more-link\" href=\"https:\/\/cineslys.com\/val\/calendario\/premiere-uncancelled-en-cines-lys\/\">Continue reading <span class=\"screen-reader-text\">Premiere \u00abUnCancelled\u00bb en Cines Lys<\/span><\/a><\/p>","protected":false},"author":1,"featured_media":2836,"template":"","meta":{"_tribe_events_status":"","_tribe_events_status_reason":"","footnotes":""},"tags":[58],"tribe_events_cat":[24,19],"class_list":["post-2835","tribe_events","type-tribe_events","status-publish","has-post-thumbnail","hentry","tag-uncancelled","tribe_events_cat-eventos","tribe_events_cat-visita-de-directores","cat_eventos","cat_visita-de-directores","entry"],"_links":{"self":[{"href":"https:\/\/cineslys.com\/val\/wp-json\/wp\/v2\/tribe_events\/2835","targetHints":{"allow":["GET"]}}],"collection":[{"href":"https:\/\/cineslys.com\/val\/wp-json\/wp\/v2\/tribe_events"}],"about":[{"href":"https:\/\/cineslys.com\/val\/wp-json\/wp\/v2\/types\/tribe_events"}],"author":[{"embeddable":true,"href":"https:\/\/cineslys.com\/val\/wp-json\/wp\/v2\/users\/1"}],"version-history":[{"count":0,"href":"https:\/\/cineslys.com\/val\/wp-json\/wp\/v2\/tribe_events\/2835\/revisions"}],"wp:featuredmedia":[{"embeddable":true,"href":"https:\/\/cineslys.com\/val\/wp-json\/wp\/v2\/media\/2836"}],"wp:attachment":[{"href":"https:\/\/cineslys.com\/val\/wp-json\/wp\/v2\/media?parent=2835"}],"wp:term":[{"taxonomy":"post_tag","embeddable":true,"href":"https:\/\/cineslys.com\/val\/wp-json\/wp\/v2\/tags?post=2835"},{"taxonomy":"tribe_events_cat","embeddable":true,"href":"https:\/\/cineslys.com\/val\/wp-json\/wp\/v2\/tribe_events_cat?post=2835"}],"curies":[{"name":"wp","href":"https:\/\/api.w.org\/{rel}","templated":true}]}}

<p>El próximo 08 de marzo se estrena en Cines Lys «UnCancelled», película australiano – valenciana dirigida por Luke Eve y protagonizada junto a su esposa, la actriz María Albiñana, basada en su propia historia real sobre cómo cancelaron su boda en 2020 por la pandemia. Ahora, tres años después, con un bebé y evidentes diferencias culturales, intentan casarse de nuevo con las espectaculares Fallas de Valencia como escenario protagonista. ¿Quieres saber más? Puedes ver el origen de esta historia en las series: «<a href="https://www.facebook.com/watch/cancelledtheseries/717649222318269/" rel="nofollow noopener" target="_blank">Cancelled</a>» y «<a href="https://www.facebook.com/watch/cancelledtheseries/469618171469997/" rel="nofollow noopener" target="_blank">ReCancelled</a>»</p>
<p><strong>Sinopsis</strong>: La actriz española, María, y el director australiano, Luke, viven juntos en España. María está decidida a casarse. Pero para Luke, la única forma de disfrutar de la boda es aferrarse a sus viejos sueños y rodar una película sobre ello.</p>
<p><strong>¿Quieres asistir al preestreno de la película?</strong> Pincha en el enlace de abajo para poder participar en el sorteo que organizamos junto al equipo de «UnCancelled» del próximo jueves 07 de marzo a las 19:30h.</p>
<p><a href="https://uncancelled.caracterfilms.com/" rel="nofollow noopener" target="_blank"> <button>Quiero asistir</button> </a></p>
<p><iframe title="Uncancelled Tráiler / Estreno 08 de marzo en Cines" width="750" height="422" src="https://www.youtube.com/embed/QZhSnB2yUds?feature=oembed" frameborder="0" allow="accelerometer; autoplay; clipboard-write; encrypted-media; gyroscope; picture-in-picture; web-share" allowfullscreen></iframe></p>

<p>El próximo 08 de marzo se estrena en Cines Lys «UnCancelled», película australiano – valenciana dirigida por Luke Eve y protagonizada junto a su esposa, la actriz María Albiñana, basada&hellip; <a class="more-link" href="https://cineslys.com/val/calendario/premiere-uncancelled-en-cines-lys/">Continue reading <span class="screen-reader-text">Premiere «UnCancelled» en Cines Lys</span></a></p>
