									
{"id":2862,"date":"2024-02-13T12:49:05","date_gmt":"2024-02-13T12:49:05","guid":{"rendered":"https:\/\/cineslys.com\/?post_type=tribe_events&#038;p=2862"},"modified":"2024-02-13T12:49:06","modified_gmt":"2024-02-13T12:49:06","slug":"claudia-pinto-presenta-mientras-seas-tu","status":"publish","type":"tribe_events","link":"https:\/\/cineslys.com\/val\/calendario\/claudia-pinto-presenta-mientras-seas-tu\/","title":{"rendered":"Claudia Pinto presenta \u00abMientras seas t\u00fa\u00bb"},"content":{"rendered":"<p>Claudia Pinto, ganadora del Goya 2024 al \u00abMejor Documental\u00bb, estar\u00e1 presente en el pase del jueves 15 de febrero que organizamos en los Cines Lys a las 20:00h. Tendremos una peque\u00f1a presentaci\u00f3n y posterior coloquio donde podremos conocer un poco m\u00e1s sobre el viaje que sigue recorriendo junto a Carme Elias.<\/p>\n<p>Sinopsis: Tras 50 a\u00f1os en teatro, cine y televisi\u00f3n, Carme Elias es diagnosticada de Alzheimer. Junto a Claudia Pinto, directora y amiga, decide plasmar su \u00faltimo viaje consciente. Los personajes que Carme ha interpretado la acompa\u00f1an en este trance, mientras las fronteras entre ficci\u00f3n y realidad se desvanecen. Mientras seas t\u00fa es un juego de espejos constante, un pacto de amor y amistad.<\/p>\n<p><a href=\"https:\/\/www.reservaentradas.com\/entrada\/valencia\/cineslys\/mientras-seas-tu\/343733\/?step=2\" rel=\"nofollow noopener\" target=\"_blank\"> <button>Comprar entradas<\/button> <\/a><\/p>\n<p><iframe title=\"Mientras seas t\u00fa en Cines Lys con Claudia Pinto\" width=\"750\" height=\"422\" src=\"https:\/\/www.youtube.com\/embed\/rwaa2yXwTmQ?feature=oembed\" frameborder=\"0\" allow=\"accelerometer; autoplay; clipboard-write; encrypted-media; gyroscope; picture-in-picture; web-share\" allowfullscreen><\/iframe><\/p>","protected":false},"excerpt":{"rendered":"<p>Claudia Pinto, ganadora del Goya 2024 al \u00abMejor Documental\u00bb, estar\u00e1 presente en el pase del jueves 15 de febrero que organizamos en los Cines Lys a las 20:00h. Tendremos una&hellip; <a class=\"more-link\" href=\"https:\/\/cineslys.com\/val\/calendario\/claudia-pinto-presenta-mientras-seas-tu\/\">Continue reading <span class=\"screen-reader-text\">Claudia Pinto presenta \u00abMientras seas t\u00fa\u00bb<\/span><\/a><\/p>","protected":false},"author":1,"featured_media":2863,"template":"","meta":{"_tribe_events_status":"","_tribe_events_status_reason":"","footnotes":""},"tags":[59,60],"tribe_events_cat":[19],"class_list":["post-2862","tribe_events","type-tribe_events","status-publish","has-post-thumbnail","hentry","tag-claudia-pinto","tag-mientras-seas-tu","tribe_events_cat-visita-de-directores","cat_visita-de-directores","entry"],"_links":{"self":[{"href":"https:\/\/cineslys.com\/val\/wp-json\/wp\/v2\/tribe_events\/2862","targetHints":{"allow":["GET"]}}],"collection":[{"href":"https:\/\/cineslys.com\/val\/wp-json\/wp\/v2\/tribe_events"}],"about":[{"href":"https:\/\/cineslys.com\/val\/wp-json\/wp\/v2\/types\/tribe_events"}],"author":[{"embeddable":true,"href":"https:\/\/cineslys.com\/val\/wp-json\/wp\/v2\/users\/1"}],"version-history":[{"count":0,"href":"https:\/\/cineslys.com\/val\/wp-json\/wp\/v2\/tribe_events\/2862\/revisions"}],"wp:featuredmedia":[{"embeddable":true,"href":"https:\/\/cineslys.com\/val\/wp-json\/wp\/v2\/media\/2863"}],"wp:attachment":[{"href":"https:\/\/cineslys.com\/val\/wp-json\/wp\/v2\/media?parent=2862"}],"wp:term":[{"taxonomy":"post_tag","embeddable":true,"href":"https:\/\/cineslys.com\/val\/wp-json\/wp\/v2\/tags?post=2862"},{"taxonomy":"tribe_events_cat","embeddable":true,"href":"https:\/\/cineslys.com\/val\/wp-json\/wp\/v2\/tribe_events_cat?post=2862"}],"curies":[{"name":"wp","href":"https:\/\/api.w.org\/{rel}","templated":true}]}}

Claudia Pinto presenta «Mientras seas tú»

<p>Claudia Pinto, ganadora del Goya 2024 al «Mejor Documental», estará presente en el pase del jueves 15 de febrero que organizamos en los Cines Lys a las 20:00h. Tendremos una pequeña presentación y posterior coloquio donde podremos conocer un poco más sobre el viaje que sigue recorriendo junto a Carme Elias.</p>
<p>Sinopsis: Tras 50 años en teatro, cine y televisión, Carme Elias es diagnosticada de Alzheimer. Junto a Claudia Pinto, directora y amiga, decide plasmar su último viaje consciente. Los personajes que Carme ha interpretado la acompañan en este trance, mientras las fronteras entre ficción y realidad se desvanecen. Mientras seas tú es un juego de espejos constante, un pacto de amor y amistad.</p>
<p><a href="https://www.reservaentradas.com/entrada/valencia/cineslys/mientras-seas-tu/343733/?step=2" rel="nofollow noopener" target="_blank"> <button>Comprar entradas</button> </a></p>
<p><iframe title="Mientras seas tú en Cines Lys con Claudia Pinto" width="750" height="422" src="https://www.youtube.com/embed/rwaa2yXwTmQ?feature=oembed" frameborder="0" allow="accelerometer; autoplay; clipboard-write; encrypted-media; gyroscope; picture-in-picture; web-share" allowfullscreen></iframe></p>

<p>Claudia Pinto, ganadora del Goya 2024 al «Mejor Documental», estará presente en el pase del jueves 15 de febrero que organizamos en los Cines Lys a las 20:00h. Tendremos una&hellip; <a class="more-link" href="https://cineslys.com/val/calendario/claudia-pinto-presenta-mientras-seas-tu/">Continue reading <span class="screen-reader-text">Claudia Pinto presenta «Mientras seas tú»</span></a></p>
