									
{"id":3015,"date":"2024-03-01T12:13:50","date_gmt":"2024-03-01T12:13:50","guid":{"rendered":"https:\/\/cineslys.com\/?post_type=tribe_events&#038;p=3015"},"modified":"2024-03-01T12:14:09","modified_gmt":"2024-03-01T12:14:09","slug":"cita-a-ciegas-martes-5-de-marzo","status":"publish","type":"tribe_events","link":"https:\/\/cineslys.com\/val\/calendario\/cita-a-ciegas-martes-5-de-marzo\/","title":{"rendered":"Cita a ciegas: Martes 5 de marzo"},"content":{"rendered":"<p>El pasado martes pudimos ver Five days to dance\u00a0tras 11 a\u00f1os de su estreno. Tuvimos el placer de contar con los directores Jos\u00e9 Andreu, Rafael Mol\u00e9s y los protagonistas Wilfried Van Poppel y Amaya Lubeigt quienes charlaron con el p\u00fablico tras el pase \ud83e\udd70<\/p>\n<p>\u00bfQuer\u00e9is que os volvamos a sorprender?\u00a0Pr\u00f3ximo pase 5 de marzo<\/p>\n<p><a href=\"https:\/\/www.reservaentradas.com\/entrada\/valencia\/cineslys\/cita-a-ciegas-con-el-cine\/344757\/?step=2\" rel=\"nofollow noopener\" target=\"_blank\"> <button>Comprar entradas<\/button> <\/a><\/p>\n<p><iframe title=\"Cita a ciegas con el cine: Five days to dance\" width=\"750\" height=\"422\" src=\"https:\/\/www.youtube.com\/embed\/BuF7hvQl9K8?feature=oembed\" frameborder=\"0\" allow=\"accelerometer; autoplay; clipboard-write; encrypted-media; gyroscope; picture-in-picture; web-share\" allowfullscreen><\/iframe><\/p>","protected":false},"excerpt":{"rendered":"<p>El pasado martes pudimos ver Five days to dance\u00a0tras 11 a\u00f1os de su estreno. Tuvimos el placer de contar con los directores Jos\u00e9 Andreu, Rafael Mol\u00e9s y los protagonistas Wilfried&hellip; <a class=\"more-link\" href=\"https:\/\/cineslys.com\/val\/calendario\/cita-a-ciegas-martes-5-de-marzo\/\">Continue reading <span class=\"screen-reader-text\">Cita a ciegas: Martes 5 de marzo<\/span><\/a><\/p>","protected":false},"author":1,"featured_media":3016,"template":"","meta":{"_tribe_events_status":"","_tribe_events_status_reason":"","footnotes":""},"tags":[],"tribe_events_cat":[16],"class_list":["post-3015","tribe_events","type-tribe_events","status-publish","has-post-thumbnail","hentry","tribe_events_cat-cita-a-ciegas","cat_cita-a-ciegas","entry"],"_links":{"self":[{"href":"https:\/\/cineslys.com\/val\/wp-json\/wp\/v2\/tribe_events\/3015","targetHints":{"allow":["GET"]}}],"collection":[{"href":"https:\/\/cineslys.com\/val\/wp-json\/wp\/v2\/tribe_events"}],"about":[{"href":"https:\/\/cineslys.com\/val\/wp-json\/wp\/v2\/types\/tribe_events"}],"author":[{"embeddable":true,"href":"https:\/\/cineslys.com\/val\/wp-json\/wp\/v2\/users\/1"}],"version-history":[{"count":0,"href":"https:\/\/cineslys.com\/val\/wp-json\/wp\/v2\/tribe_events\/3015\/revisions"}],"wp:featuredmedia":[{"embeddable":true,"href":"https:\/\/cineslys.com\/val\/wp-json\/wp\/v2\/media\/3016"}],"wp:attachment":[{"href":"https:\/\/cineslys.com\/val\/wp-json\/wp\/v2\/media?parent=3015"}],"wp:term":[{"taxonomy":"post_tag","embeddable":true,"href":"https:\/\/cineslys.com\/val\/wp-json\/wp\/v2\/tags?post=3015"},{"taxonomy":"tribe_events_cat","embeddable":true,"href":"https:\/\/cineslys.com\/val\/wp-json\/wp\/v2\/tribe_events_cat?post=3015"}],"curies":[{"name":"wp","href":"https:\/\/api.w.org\/{rel}","templated":true}]}}

<p>El pasado martes pudimos ver Five days to dance tras 11 años de su estreno. Tuvimos el placer de contar con los directores José Andreu, Rafael Molés y los protagonistas Wilfried Van Poppel y Amaya Lubeigt quienes charlaron con el público tras el pase 🥰</p>
<p>¿Queréis que os volvamos a sorprender? Próximo pase 5 de marzo</p>
<p><a href="https://www.reservaentradas.com/entrada/valencia/cineslys/cita-a-ciegas-con-el-cine/344757/?step=2" rel="nofollow noopener" target="_blank"> <button>Comprar entradas</button> </a></p>
<p><iframe title="Cita a ciegas con el cine: Five days to dance" width="750" height="422" src="https://www.youtube.com/embed/BuF7hvQl9K8?feature=oembed" frameborder="0" allow="accelerometer; autoplay; clipboard-write; encrypted-media; gyroscope; picture-in-picture; web-share" allowfullscreen></iframe></p>

<p>El pasado martes pudimos ver Five days to dance tras 11 años de su estreno. Tuvimos el placer de contar con los directores José Andreu, Rafael Molés y los protagonistas Wilfried&hellip; <a class="more-link" href="https://cineslys.com/val/calendario/cita-a-ciegas-martes-5-de-marzo/">Continue reading <span class="screen-reader-text">Cita a ciegas: Martes 5 de marzo</span></a></p>
