									
{"id":3094,"date":"2024-03-09T09:38:43","date_gmt":"2024-03-09T09:38:43","guid":{"rendered":"https:\/\/cineslys.com\/?post_type=tribe_events&#038;p=3094"},"modified":"2024-03-09T09:38:44","modified_gmt":"2024-03-09T09:38:44","slug":"pelicula-coloquio-uncancelled","status":"publish","type":"tribe_events","link":"https:\/\/cineslys.com\/val\/calendario\/pelicula-coloquio-uncancelled\/","title":{"rendered":"Pel\u00edcula + Coloquio: UnCancelled"},"content":{"rendered":"<p>Este s\u00e1bado 09 de marzo a las 19:30h tendremos un pase especial de \u00abUnCancelled\u00bb con la presencia de Mar\u00eda Albi\u00f1ana y Luke Eve quienes presentar\u00e1n y estar\u00e1n en el posterior coloquio que organizaremos al finalizar la pel\u00edcula. <\/p>\n<p>\u00bfQui\u00e9res conocer la historia de esta joven pareja? Triunfaron con una webserie con m\u00e1s de 10 millones de espectadores y ahora dan el salto a la gran pantalla. <\/p>\n<p>Sinopsis: La actriz Mar\u00eda y el cineasta Luke viajaron de Los \u00c1ngeles a Espa\u00f1a en marzo de 2020 para casarse. La pandemia les hizo cancelar la boda y les oblig\u00f3 a encerrarse con la madre de Luke, Karen. Luke lo film\u00f3 todo y lo colg\u00f3 en Internet como una serie. Volvieron a cancelar la boda cuando Mar\u00eda se qued\u00f3 embarazada. Luke tambi\u00e9n lo film\u00f3. Luke piensa que la \u00fanica manera de disfrutar de la boda y aferrarse a sus viejos sue\u00f1os es filmarla. Para Mar\u00eda, harta de que su vida se haga p\u00fablica, es la gota que colma el vaso.<\/p>\n<p><a href=\"https:\/\/www.reservaentradas.com\/entrada\/valencia\/cineslys\/uncancelled\/344487\/?step=2\" rel=\"nofollow noopener\" target=\"_blank\"> <button>Comprar entradas<\/button> <\/a><\/p>\n<p><iframe title=\"Uncancelled Tr\u00e1iler \/ Estreno 08 de marzo en Cines\" width=\"750\" height=\"422\" src=\"https:\/\/www.youtube.com\/embed\/QZhSnB2yUds?feature=oembed\" frameborder=\"0\" allow=\"accelerometer; autoplay; clipboard-write; encrypted-media; gyroscope; picture-in-picture; web-share\" allowfullscreen><\/iframe><\/p>","protected":false},"excerpt":{"rendered":"<p>Este s\u00e1bado 09 de marzo a las 19:30h tendremos un pase especial de \u00abUnCancelled\u00bb con la presencia de Mar\u00eda Albi\u00f1ana y Luke Eve quienes presentar\u00e1n y estar\u00e1n en el posterior&hellip; <a class=\"more-link\" href=\"https:\/\/cineslys.com\/val\/calendario\/pelicula-coloquio-uncancelled\/\">Continue reading <span class=\"screen-reader-text\">Pel\u00edcula + Coloquio: UnCancelled<\/span><\/a><\/p>","protected":false},"author":1,"featured_media":3095,"template":"","meta":{"_tribe_events_status":"","_tribe_events_status_reason":"","footnotes":""},"tags":[58],"tribe_events_cat":[19],"class_list":["post-3094","tribe_events","type-tribe_events","status-publish","has-post-thumbnail","hentry","tag-uncancelled","tribe_events_cat-visita-de-directores","cat_visita-de-directores","entry"],"_links":{"self":[{"href":"https:\/\/cineslys.com\/val\/wp-json\/wp\/v2\/tribe_events\/3094","targetHints":{"allow":["GET"]}}],"collection":[{"href":"https:\/\/cineslys.com\/val\/wp-json\/wp\/v2\/tribe_events"}],"about":[{"href":"https:\/\/cineslys.com\/val\/wp-json\/wp\/v2\/types\/tribe_events"}],"author":[{"embeddable":true,"href":"https:\/\/cineslys.com\/val\/wp-json\/wp\/v2\/users\/1"}],"version-history":[{"count":0,"href":"https:\/\/cineslys.com\/val\/wp-json\/wp\/v2\/tribe_events\/3094\/revisions"}],"wp:featuredmedia":[{"embeddable":true,"href":"https:\/\/cineslys.com\/val\/wp-json\/wp\/v2\/media\/3095"}],"wp:attachment":[{"href":"https:\/\/cineslys.com\/val\/wp-json\/wp\/v2\/media?parent=3094"}],"wp:term":[{"taxonomy":"post_tag","embeddable":true,"href":"https:\/\/cineslys.com\/val\/wp-json\/wp\/v2\/tags?post=3094"},{"taxonomy":"tribe_events_cat","embeddable":true,"href":"https:\/\/cineslys.com\/val\/wp-json\/wp\/v2\/tribe_events_cat?post=3094"}],"curies":[{"name":"wp","href":"https:\/\/api.w.org\/{rel}","templated":true}]}}

Película + Coloquio: UnCancelled

<p>Este sábado 09 de marzo a las 19:30h tendremos un pase especial de «UnCancelled» con la presencia de María Albiñana y Luke Eve quienes presentarán y estarán en el posterior coloquio que organizaremos al finalizar la película. </p>
<p>¿Quiéres conocer la historia de esta joven pareja? Triunfaron con una webserie con más de 10 millones de espectadores y ahora dan el salto a la gran pantalla. </p>
<p>Sinopsis: La actriz María y el cineasta Luke viajaron de Los Ángeles a España en marzo de 2020 para casarse. La pandemia les hizo cancelar la boda y les obligó a encerrarse con la madre de Luke, Karen. Luke lo filmó todo y lo colgó en Internet como una serie. Volvieron a cancelar la boda cuando María se quedó embarazada. Luke también lo filmó. Luke piensa que la única manera de disfrutar de la boda y aferrarse a sus viejos sueños es filmarla. Para María, harta de que su vida se haga pública, es la gota que colma el vaso.</p>
<p><a href="https://www.reservaentradas.com/entrada/valencia/cineslys/uncancelled/344487/?step=2" rel="nofollow noopener" target="_blank"> <button>Comprar entradas</button> </a></p>
<p><iframe title="Uncancelled Tráiler / Estreno 08 de marzo en Cines" width="750" height="422" src="https://www.youtube.com/embed/QZhSnB2yUds?feature=oembed" frameborder="0" allow="accelerometer; autoplay; clipboard-write; encrypted-media; gyroscope; picture-in-picture; web-share" allowfullscreen></iframe></p>

<p>Este sábado 09 de marzo a las 19:30h tendremos un pase especial de «UnCancelled» con la presencia de María Albiñana y Luke Eve quienes presentarán y estarán en el posterior&hellip; <a class="more-link" href="https://cineslys.com/val/calendario/pelicula-coloquio-uncancelled/">Continue reading <span class="screen-reader-text">Película + Coloquio: UnCancelled</span></a></p>
